{"id":184,"date":"2026-02-16T13:58:23","date_gmt":"2026-02-16T18:58:23","guid":{"rendered":"https:\/\/blog.utp.edu.co\/unidad-basicas-aplicadas-cdr\/?page_id=184"},"modified":"2026-02-17T08:38:09","modified_gmt":"2026-02-17T13:38:09","slug":"asignaturas-2","status":"publish","type":"page","link":"https:\/\/blog.utp.edu.co\/unidad-basicas-aplicadas-cdr\/asignaturas-2\/","title":{"rendered":"Asignaturas 2026-1"},"content":{"rendered":"\n<div data-wp-context=\"{ &quot;autoclose&quot;: false, &quot;accordionItems&quot;: [] }\" data-wp-interactive=\"core\/accordion\" role=\"group\" class=\"wp-block-accordion is-layout-flow wp-block-accordion-is-layout-flow\">\n<div data-wp-class--is-open=\"state.isOpen\" data-wp-context=\"{ &quot;id&quot;: &quot;accordion-item-1&quot;, &quot;openByDefault&quot;: false }\" data-wp-init=\"callbacks.initAccordionItems\" data-wp-on-window--hashchange=\"callbacks.hashChange\" class=\"wp-block-accordion-item is-layout-flow wp-block-accordion-item-is-layout-flow\">\n<h3 class=\"wp-block-accordion-heading has-ast-global-color-4-color has-text-color has-background has-link-color wp-elements-28d1d76cb172a1a53ff43c46769a5e40\" style=\"background:linear-gradient(135deg,rgb(6,147,227) 0%,rgb(41,11,68) 100%)\"><button aria-expanded=\"false\" aria-controls=\"accordion-item-1-panel\" data-wp-bind--aria-expanded=\"state.isOpen\" data-wp-on--click=\"actions.toggle\" data-wp-on--keydown=\"actions.handleKeyDown\" id=\"accordion-item-1\" type=\"button\" class=\"wp-block-accordion-heading__toggle\"><span class=\"wp-block-accordion-heading__toggle-title\">Morfolog\u00eda<\/span><span class=\"wp-block-accordion-heading__toggle-icon\" aria-hidden=\"true\">+<\/span><\/button><\/h3>\n\n\n\n<div inert aria-labelledby=\"accordion-item-1\" data-wp-bind--inert=\"!state.isOpen\" id=\"accordion-item-1-panel\" role=\"region\" class=\"wp-block-accordion-panel is-layout-flow wp-block-accordion-panel-is-layout-flow\">\n<figure class=\"wp-block-image size-full\"><img loading=\"lazy\" decoding=\"async\" width=\"521\" height=\"402\" src=\"https:\/\/blog.utp.edu.co\/unidad-basicas-aplicadas-cdr\/files\/2026\/02\/image-1.png\" alt=\"\" class=\"wp-image-188\" srcset=\"https:\/\/blog.utp.edu.co\/unidad-basicas-aplicadas-cdr\/files\/2026\/02\/image-1.png 521w, https:\/\/blog.utp.edu.co\/unidad-basicas-aplicadas-cdr\/files\/2026\/02\/image-1-300x231.png 300w\" sizes=\"auto, (max-width: 521px) 100vw, 521px\" \/><\/figure>\n<\/div>\n<\/div>\n<\/div>\n\n\n\n<div data-wp-context=\"{ &quot;autoclose&quot;: false, &quot;accordionItems&quot;: [] }\" data-wp-interactive=\"core\/accordion\" role=\"group\" class=\"wp-block-accordion is-layout-flow wp-block-accordion-is-layout-flow\">\n<div data-wp-class--is-open=\"state.isOpen\" data-wp-context=\"{ &quot;id&quot;: &quot;accordion-item-2&quot;, &quot;openByDefault&quot;: false }\" data-wp-init=\"callbacks.initAccordionItems\" data-wp-on-window--hashchange=\"callbacks.hashChange\" class=\"wp-block-accordion-item is-layout-flow wp-block-accordion-item-is-layout-flow\">\n<h3 class=\"wp-block-accordion-heading has-ast-global-color-4-color has-text-color has-background has-link-color wp-elements-f0e7d9deff14e23422c8854c95c9ff08\" style=\"background:linear-gradient(135deg,rgb(6,147,227) 0%,rgb(52,12,97) 100%)\"><button aria-expanded=\"false\" aria-controls=\"accordion-item-2-panel\" data-wp-bind--aria-expanded=\"state.isOpen\" data-wp-on--click=\"actions.toggle\" data-wp-on--keydown=\"actions.handleKeyDown\" id=\"accordion-item-2\" type=\"button\" class=\"wp-block-accordion-heading__toggle\"><span class=\"wp-block-accordion-heading__toggle-title\">Fisiolog\u00eda Humana<\/span><span class=\"wp-block-accordion-heading__toggle-icon\" aria-hidden=\"true\">+<\/span><\/button><\/h3>\n\n\n\n<div inert aria-labelledby=\"accordion-item-2\" data-wp-bind--inert=\"!state.isOpen\" id=\"accordion-item-2-panel\" role=\"region\" class=\"wp-block-accordion-panel is-layout-flow wp-block-accordion-panel-is-layout-flow\">\n<figure class=\"wp-block-image size-full\"><img loading=\"lazy\" decoding=\"async\" width=\"520\" height=\"275\" src=\"https:\/\/blog.utp.edu.co\/unidad-basicas-aplicadas-cdr\/files\/2026\/02\/image-2.png\" alt=\"\" class=\"wp-image-191\" srcset=\"https:\/\/blog.utp.edu.co\/unidad-basicas-aplicadas-cdr\/files\/2026\/02\/image-2.png 520w, https:\/\/blog.utp.edu.co\/unidad-basicas-aplicadas-cdr\/files\/2026\/02\/image-2-300x159.png 300w\" sizes=\"auto, (max-width: 520px) 100vw, 520px\" \/><\/figure>\n<\/div>\n<\/div>\n<\/div>\n\n\n\n<div data-wp-context=\"{ &quot;autoclose&quot;: false, &quot;accordionItems&quot;: [] }\" data-wp-interactive=\"core\/accordion\" role=\"group\" class=\"wp-block-accordion is-layout-flow wp-block-accordion-is-layout-flow\">\n<div data-wp-class--is-open=\"state.isOpen\" data-wp-context=\"{ &quot;id&quot;: &quot;accordion-item-3&quot;, &quot;openByDefault&quot;: false }\" data-wp-init=\"callbacks.initAccordionItems\" data-wp-on-window--hashchange=\"callbacks.hashChange\" class=\"wp-block-accordion-item is-layout-flow wp-block-accordion-item-is-layout-flow\">\n<h3 class=\"wp-block-accordion-heading has-ast-global-color-4-color has-text-color has-background has-link-color wp-elements-bc5650f0475af25f9aa52aec0b8c939e\" style=\"background:linear-gradient(135deg,rgb(6,147,227) 0%,rgb(72,3,140) 100%)\"><button aria-expanded=\"false\" aria-controls=\"accordion-item-3-panel\" data-wp-bind--aria-expanded=\"state.isOpen\" data-wp-on--click=\"actions.toggle\" data-wp-on--keydown=\"actions.handleKeyDown\" id=\"accordion-item-3\" type=\"button\" class=\"wp-block-accordion-heading__toggle\"><span class=\"wp-block-accordion-heading__toggle-title\">Fisiolog\u00eda del Ejercicio<\/span><span class=\"wp-block-accordion-heading__toggle-icon\" aria-hidden=\"true\">+<\/span><\/button><\/h3>\n\n\n\n<div inert aria-labelledby=\"accordion-item-3\" data-wp-bind--inert=\"!state.isOpen\" id=\"accordion-item-3-panel\" role=\"region\" class=\"wp-block-accordion-panel is-layout-flow wp-block-accordion-panel-is-layout-flow\">\n<figure class=\"wp-block-image size-full\"><img loading=\"lazy\" decoding=\"async\" width=\"521\" height=\"216\" src=\"https:\/\/blog.utp.edu.co\/unidad-basicas-aplicadas-cdr\/files\/2026\/02\/image-3.png\" alt=\"\" class=\"wp-image-202\" srcset=\"https:\/\/blog.utp.edu.co\/unidad-basicas-aplicadas-cdr\/files\/2026\/02\/image-3.png 521w, https:\/\/blog.utp.edu.co\/unidad-basicas-aplicadas-cdr\/files\/2026\/02\/image-3-300x124.png 300w\" sizes=\"auto, (max-width: 521px) 100vw, 521px\" \/><\/figure>\n<\/div>\n<\/div>\n<\/div>\n\n\n\n<div data-wp-context=\"{ &quot;autoclose&quot;: false, &quot;accordionItems&quot;: [] }\" data-wp-interactive=\"core\/accordion\" role=\"group\" class=\"wp-block-accordion is-layout-flow wp-block-accordion-is-layout-flow\">\n<div data-wp-class--is-open=\"state.isOpen\" data-wp-context=\"{ &quot;id&quot;: &quot;accordion-item-4&quot;, &quot;openByDefault&quot;: false }\" data-wp-init=\"callbacks.initAccordionItems\" data-wp-on-window--hashchange=\"callbacks.hashChange\" class=\"wp-block-accordion-item is-layout-flow wp-block-accordion-item-is-layout-flow\">\n<h3 class=\"wp-block-accordion-heading has-ast-global-color-4-color has-text-color has-background has-link-color wp-elements-7dbfcd02d4c4a106ac3ffde2cf0ae586\" style=\"background:linear-gradient(135deg,rgb(6,147,227) 0%,rgb(76,12,139) 100%)\"><button aria-expanded=\"false\" aria-controls=\"accordion-item-4-panel\" data-wp-bind--aria-expanded=\"state.isOpen\" data-wp-on--click=\"actions.toggle\" data-wp-on--keydown=\"actions.handleKeyDown\" id=\"accordion-item-4\" type=\"button\" class=\"wp-block-accordion-heading__toggle\"><span class=\"wp-block-accordion-heading__toggle-title\">Teor\u00eda y An\u00e1lisis del Movimiento<\/span><span class=\"wp-block-accordion-heading__toggle-icon\" aria-hidden=\"true\">+<\/span><\/button><\/h3>\n\n\n\n<div inert aria-labelledby=\"accordion-item-4\" data-wp-bind--inert=\"!state.isOpen\" id=\"accordion-item-4-panel\" role=\"region\" class=\"wp-block-accordion-panel is-layout-flow wp-block-accordion-panel-is-layout-flow\">\n<figure class=\"wp-block-image size-full\"><img loading=\"lazy\" decoding=\"async\" width=\"481\" height=\"159\" src=\"https:\/\/blog.utp.edu.co\/unidad-basicas-aplicadas-cdr\/files\/2026\/02\/image-4.png\" alt=\"\" class=\"wp-image-203\" srcset=\"https:\/\/blog.utp.edu.co\/unidad-basicas-aplicadas-cdr\/files\/2026\/02\/image-4.png 481w, https:\/\/blog.utp.edu.co\/unidad-basicas-aplicadas-cdr\/files\/2026\/02\/image-4-300x99.png 300w\" sizes=\"auto, (max-width: 481px) 100vw, 481px\" \/><\/figure>\n<\/div>\n<\/div>\n<\/div>\n\n\n\n<div data-wp-context=\"{ &quot;autoclose&quot;: false, &quot;accordionItems&quot;: [] }\" data-wp-interactive=\"core\/accordion\" role=\"group\" class=\"wp-block-accordion is-layout-flow wp-block-accordion-is-layout-flow\">\n<div data-wp-class--is-open=\"state.isOpen\" data-wp-context=\"{ &quot;id&quot;: &quot;accordion-item-5&quot;, &quot;openByDefault&quot;: false }\" data-wp-init=\"callbacks.initAccordionItems\" data-wp-on-window--hashchange=\"callbacks.hashChange\" class=\"wp-block-accordion-item is-layout-flow wp-block-accordion-item-is-layout-flow\">\n<h3 class=\"wp-block-accordion-heading has-ast-global-color-4-color has-text-color has-background has-link-color wp-elements-0a063e0f2c4180061f605751a5cc531c\" style=\"background:linear-gradient(135deg,rgb(6,147,227) 0%,rgb(57,14,97) 100%)\"><button aria-expanded=\"false\" aria-controls=\"accordion-item-5-panel\" data-wp-bind--aria-expanded=\"state.isOpen\" data-wp-on--click=\"actions.toggle\" data-wp-on--keydown=\"actions.handleKeyDown\" id=\"accordion-item-5\" type=\"button\" class=\"wp-block-accordion-heading__toggle\"><span class=\"wp-block-accordion-heading__toggle-title\">Kinesiolog\u00eda<\/span><span class=\"wp-block-accordion-heading__toggle-icon\" aria-hidden=\"true\">+<\/span><\/button><\/h3>\n\n\n\n<div inert aria-labelledby=\"accordion-item-5\" data-wp-bind--inert=\"!state.isOpen\" id=\"accordion-item-5-panel\" role=\"region\" class=\"wp-block-accordion-panel is-layout-flow wp-block-accordion-panel-is-layout-flow\">\n<figure class=\"wp-block-image size-full\"><img loading=\"lazy\" decoding=\"async\" width=\"484\" height=\"151\" src=\"https:\/\/blog.utp.edu.co\/unidad-basicas-aplicadas-cdr\/files\/2026\/02\/image-5.png\" alt=\"\" class=\"wp-image-204\" srcset=\"https:\/\/blog.utp.edu.co\/unidad-basicas-aplicadas-cdr\/files\/2026\/02\/image-5.png 484w, https:\/\/blog.utp.edu.co\/unidad-basicas-aplicadas-cdr\/files\/2026\/02\/image-5-300x94.png 300w\" sizes=\"auto, (max-width: 484px) 100vw, 484px\" \/><\/figure>\n<\/div>\n<\/div>\n<\/div>\n\n\n\n<div data-wp-context=\"{ &quot;autoclose&quot;: false, &quot;accordionItems&quot;: [] }\" data-wp-interactive=\"core\/accordion\" role=\"group\" class=\"wp-block-accordion is-layout-flow wp-block-accordion-is-layout-flow\">\n<div data-wp-class--is-open=\"state.isOpen\" data-wp-context=\"{ &quot;id&quot;: &quot;accordion-item-6&quot;, &quot;openByDefault&quot;: false }\" data-wp-init=\"callbacks.initAccordionItems\" data-wp-on-window--hashchange=\"callbacks.hashChange\" class=\"wp-block-accordion-item is-layout-flow wp-block-accordion-item-is-layout-flow\">\n<h3 class=\"wp-block-accordion-heading has-ast-global-color-4-color has-text-color has-background has-link-color wp-elements-f77beb9e5a42d29365851fbbd7e9e656\" style=\"background:linear-gradient(135deg,rgb(6,147,227) 0%,rgb(22,1,41) 100%)\"><button aria-expanded=\"false\" aria-controls=\"accordion-item-6-panel\" data-wp-bind--aria-expanded=\"state.isOpen\" data-wp-on--click=\"actions.toggle\" data-wp-on--keydown=\"actions.handleKeyDown\" id=\"accordion-item-6\" type=\"button\" class=\"wp-block-accordion-heading__toggle\"><span class=\"wp-block-accordion-heading__toggle-title\">Aprendizaje Motor<\/span><span class=\"wp-block-accordion-heading__toggle-icon\" aria-hidden=\"true\">+<\/span><\/button><\/h3>\n\n\n\n<div inert aria-labelledby=\"accordion-item-6\" data-wp-bind--inert=\"!state.isOpen\" id=\"accordion-item-6-panel\" role=\"region\" class=\"wp-block-accordion-panel is-layout-flow wp-block-accordion-panel-is-layout-flow\">\n<figure class=\"wp-block-image size-full\"><img loading=\"lazy\" decoding=\"async\" width=\"514\" height=\"174\" src=\"https:\/\/blog.utp.edu.co\/unidad-basicas-aplicadas-cdr\/files\/2026\/02\/image-6.png\" alt=\"\" class=\"wp-image-205\" srcset=\"https:\/\/blog.utp.edu.co\/unidad-basicas-aplicadas-cdr\/files\/2026\/02\/image-6.png 514w, https:\/\/blog.utp.edu.co\/unidad-basicas-aplicadas-cdr\/files\/2026\/02\/image-6-300x102.png 300w\" sizes=\"auto, (max-width: 514px) 100vw, 514px\" \/><\/figure>\n<\/div>\n<\/div>\n<\/div>\n\n\n\n<div data-wp-context=\"{ &quot;autoclose&quot;: false, &quot;accordionItems&quot;: [] }\" data-wp-interactive=\"core\/accordion\" role=\"group\" class=\"wp-block-accordion is-layout-flow wp-block-accordion-is-layout-flow\">\n<div data-wp-class--is-open=\"state.isOpen\" data-wp-context=\"{ &quot;id&quot;: &quot;accordion-item-7&quot;, &quot;openByDefault&quot;: false }\" data-wp-init=\"callbacks.initAccordionItems\" data-wp-on-window--hashchange=\"callbacks.hashChange\" class=\"wp-block-accordion-item is-layout-flow wp-block-accordion-item-is-layout-flow\">\n<h3 class=\"wp-block-accordion-heading has-ast-global-color-4-color has-text-color has-background has-link-color wp-elements-a888a331af362ba67bf3ffc77814f4d7\" style=\"background:linear-gradient(135deg,rgb(6,147,227) 0%,rgb(19,11,64) 100%)\"><button aria-expanded=\"false\" aria-controls=\"accordion-item-7-panel\" data-wp-bind--aria-expanded=\"state.isOpen\" data-wp-on--click=\"actions.toggle\" data-wp-on--keydown=\"actions.handleKeyDown\" id=\"accordion-item-7\" type=\"button\" class=\"wp-block-accordion-heading__toggle\"><span class=\"wp-block-accordion-heading__toggle-title\">Nutrici\u00f3n Deportiva<\/span><span class=\"wp-block-accordion-heading__toggle-icon\" aria-hidden=\"true\">+<\/span><\/button><\/h3>\n\n\n\n<div inert aria-labelledby=\"accordion-item-7\" data-wp-bind--inert=\"!state.isOpen\" id=\"accordion-item-7-panel\" role=\"region\" class=\"wp-block-accordion-panel is-layout-flow wp-block-accordion-panel-is-layout-flow\">\n<figure class=\"wp-block-image size-full\"><img loading=\"lazy\" decoding=\"async\" width=\"531\" height=\"162\" src=\"https:\/\/blog.utp.edu.co\/unidad-basicas-aplicadas-cdr\/files\/2026\/02\/image-7.png\" alt=\"\" class=\"wp-image-206\" srcset=\"https:\/\/blog.utp.edu.co\/unidad-basicas-aplicadas-cdr\/files\/2026\/02\/image-7.png 531w, https:\/\/blog.utp.edu.co\/unidad-basicas-aplicadas-cdr\/files\/2026\/02\/image-7-300x92.png 300w\" sizes=\"auto, (max-width: 531px) 100vw, 531px\" \/><\/figure>\n<\/div>\n<\/div>\n<\/div>\n\n\n\n<div data-wp-context=\"{ &quot;autoclose&quot;: false, &quot;accordionItems&quot;: [] }\" data-wp-interactive=\"core\/accordion\" role=\"group\" class=\"wp-block-accordion is-layout-flow wp-block-accordion-is-layout-flow\">\n<div data-wp-class--is-open=\"state.isOpen\" data-wp-context=\"{ &quot;id&quot;: &quot;accordion-item-8&quot;, &quot;openByDefault&quot;: false }\" data-wp-init=\"callbacks.initAccordionItems\" data-wp-on-window--hashchange=\"callbacks.hashChange\" class=\"wp-block-accordion-item is-layout-flow wp-block-accordion-item-is-layout-flow\">\n<h3 class=\"wp-block-accordion-heading has-ast-global-color-4-color has-text-color has-background has-link-color wp-elements-6681c52474471b7a253cc954542f14b8\" style=\"background:linear-gradient(135deg,rgb(6,147,227) 0%,rgb(18,8,76) 100%)\"><button aria-expanded=\"false\" aria-controls=\"accordion-item-8-panel\" data-wp-bind--aria-expanded=\"state.isOpen\" data-wp-on--click=\"actions.toggle\" data-wp-on--keydown=\"actions.handleKeyDown\" id=\"accordion-item-8\" type=\"button\" class=\"wp-block-accordion-heading__toggle\"><span class=\"wp-block-accordion-heading__toggle-title\">Educaci\u00f3n en Salud<\/span><span class=\"wp-block-accordion-heading__toggle-icon\" aria-hidden=\"true\">+<\/span><\/button><\/h3>\n\n\n\n<div inert aria-labelledby=\"accordion-item-8\" data-wp-bind--inert=\"!state.isOpen\" id=\"accordion-item-8-panel\" role=\"region\" class=\"wp-block-accordion-panel is-layout-flow wp-block-accordion-panel-is-layout-flow\">\n<figure class=\"wp-block-image size-full\"><img loading=\"lazy\" decoding=\"async\" width=\"544\" height=\"166\" src=\"https:\/\/blog.utp.edu.co\/unidad-basicas-aplicadas-cdr\/files\/2026\/02\/image-8.png\" alt=\"\" class=\"wp-image-207\" srcset=\"https:\/\/blog.utp.edu.co\/unidad-basicas-aplicadas-cdr\/files\/2026\/02\/image-8.png 544w, https:\/\/blog.utp.edu.co\/unidad-basicas-aplicadas-cdr\/files\/2026\/02\/image-8-300x92.png 300w\" sizes=\"auto, (max-width: 544px) 100vw, 544px\" \/><\/figure>\n<\/div>\n<\/div>\n<\/div>\n\n\n\n<div data-wp-context=\"{ &quot;autoclose&quot;: false, &quot;accordionItems&quot;: [] }\" data-wp-interactive=\"core\/accordion\" role=\"group\" class=\"wp-block-accordion is-layout-flow wp-block-accordion-is-layout-flow\">\n<div data-wp-class--is-open=\"state.isOpen\" data-wp-context=\"{ &quot;id&quot;: &quot;accordion-item-9&quot;, &quot;openByDefault&quot;: false }\" data-wp-init=\"callbacks.initAccordionItems\" data-wp-on-window--hashchange=\"callbacks.hashChange\" class=\"wp-block-accordion-item is-layout-flow wp-block-accordion-item-is-layout-flow\">\n<h3 class=\"wp-block-accordion-heading has-ast-global-color-4-color has-text-color has-background has-link-color wp-elements-bc434ba6ce44910a788170d73635ae7a\" style=\"background:linear-gradient(135deg,rgb(6,147,227) 0%,rgb(25,4,42) 100%)\"><button aria-expanded=\"false\" aria-controls=\"accordion-item-9-panel\" data-wp-bind--aria-expanded=\"state.isOpen\" data-wp-on--click=\"actions.toggle\" data-wp-on--keydown=\"actions.handleKeyDown\" id=\"accordion-item-9\" type=\"button\" class=\"wp-block-accordion-heading__toggle\"><span class=\"wp-block-accordion-heading__toggle-title\">Medicina Deportiva<\/span><span class=\"wp-block-accordion-heading__toggle-icon\" aria-hidden=\"true\">+<\/span><\/button><\/h3>\n\n\n\n<div inert aria-labelledby=\"accordion-item-9\" data-wp-bind--inert=\"!state.isOpen\" id=\"accordion-item-9-panel\" role=\"region\" class=\"wp-block-accordion-panel is-layout-flow wp-block-accordion-panel-is-layout-flow\">\n<figure class=\"wp-block-image size-full\"><img loading=\"lazy\" decoding=\"async\" width=\"590\" height=\"249\" src=\"https:\/\/blog.utp.edu.co\/unidad-basicas-aplicadas-cdr\/files\/2026\/02\/image-9.png\" alt=\"\" class=\"wp-image-208\" srcset=\"https:\/\/blog.utp.edu.co\/unidad-basicas-aplicadas-cdr\/files\/2026\/02\/image-9.png 590w, https:\/\/blog.utp.edu.co\/unidad-basicas-aplicadas-cdr\/files\/2026\/02\/image-9-300x127.png 300w\" sizes=\"auto, (max-width: 590px) 100vw, 590px\" \/><\/figure>\n<\/div>\n<\/div>\n<\/div>\n\n\n\n<div class=\"wp-block-columns is-layout-flex wp-container-core-columns-is-layout-28f84493 wp-block-columns-is-layout-flex\">\n<div class=\"wp-block-column is-layout-flow wp-block-column-is-layout-flow\" style=\"flex-basis:30%\">\n<figure class=\"wp-block-image is-resized\"><img loading=\"lazy\" decoding=\"async\" width=\"277\" height=\"98\" src=\"https:\/\/blog.utp.edu.co\/unidad-basicas-aplicadas-cdr\/files\/2025\/11\/image-3.png\" alt=\"\" class=\"wp-image-98\" style=\"width:277px;height:auto\" \/><\/figure>\n<\/div>\n\n\n\n<div class=\"wp-block-column is-vertically-aligned-top is-layout-flow wp-block-column-is-layout-flow\" style=\"flex-basis:70%\">\n<p class=\"has-text-align-center has-medium-font-size\"><strong>\u00a1S\u00edguenos en nuestras redes para m\u00e1s informaci\u00f3n!<\/strong><\/p>\n\n\n\n<figure class=\"wp-block-image size-full is-resized\"><img loading=\"lazy\" decoding=\"async\" width=\"2560\" height=\"495\" src=\"https:\/\/blog.utp.edu.co\/unidad-basicas-aplicadas-cdr\/files\/2025\/11\/LOGO-UTP-Y-FACULTAD-COLOR-FACULTAD-scaled.png\" alt=\"\" class=\"wp-image-81\" style=\"aspect-ratio:5.172135161606269;width:615px;height:auto\" srcset=\"https:\/\/blog.utp.edu.co\/unidad-basicas-aplicadas-cdr\/files\/2025\/11\/LOGO-UTP-Y-FACULTAD-COLOR-FACULTAD-scaled.png 2560w, https:\/\/blog.utp.edu.co\/unidad-basicas-aplicadas-cdr\/files\/2025\/11\/LOGO-UTP-Y-FACULTAD-COLOR-FACULTAD-300x58.png 300w, https:\/\/blog.utp.edu.co\/unidad-basicas-aplicadas-cdr\/files\/2025\/11\/LOGO-UTP-Y-FACULTAD-COLOR-FACULTAD-1024x198.png 1024w, https:\/\/blog.utp.edu.co\/unidad-basicas-aplicadas-cdr\/files\/2025\/11\/LOGO-UTP-Y-FACULTAD-COLOR-FACULTAD-768x148.png 768w, https:\/\/blog.utp.edu.co\/unidad-basicas-aplicadas-cdr\/files\/2025\/11\/LOGO-UTP-Y-FACULTAD-COLOR-FACULTAD-1536x297.png 1536w, https:\/\/blog.utp.edu.co\/unidad-basicas-aplicadas-cdr\/files\/2025\/11\/LOGO-UTP-Y-FACULTAD-COLOR-FACULTAD-2048x396.png 2048w\" sizes=\"auto, (max-width: 2560px) 100vw, 2560px\" \/><\/figure>\n<\/div>\n<\/div>\n\n\n\n<p><\/p>\n","protected":false},"excerpt":{"rendered":"<p>\u00a1S\u00edguenos en nuestras redes para m\u00e1s informaci\u00f3n!<\/p>\n","protected":false},"author":6509,"featured_media":199,"parent":0,"menu_order":0,"comment_status":"closed","ping_status":"closed","template":"","meta":{"site-sidebar-layout":"default","site-content-layout":"","ast-site-content-layout":"default","site-content-style":"default","site-sidebar-style":"default","ast-global-header-display":"","ast-banner-title-visibility":"","ast-main-header-display":"","ast-hfb-above-header-display":"","ast-hfb-below-header-display":"","ast-hfb-mobile-header-display":"","site-post-title":"","ast-breadcrumbs-content":"","ast-featured-img":"","footer-sml-layout":"","ast-disable-related-posts":"","theme-transparent-header-meta":"","adv-header-id-meta":"","stick-header-meta":"","header-above-stick-meta":"","header-main-stick-meta":"","header-below-stick-meta":"","astra-migrate-meta-layouts":"default","ast-page-background-enabled":"default","ast-page-background-meta":{"desktop":{"background-color":"var(--ast-global-color-5)","background-image":"","background-repeat":"repeat","background-position":"center center","background-size":"auto","background-attachment":"scroll","background-type":"","background-media":"","overlay-type":"","overlay-color":"","overlay-opacity":"","overlay-gradient":""},"tablet":{"background-color":"","background-image":"","background-repeat":"repeat","background-position":"center center","background-size":"auto","background-attachment":"scroll","background-type":"","background-media":"","overlay-type":"","overlay-color":"","overlay-opacity":"","overlay-gradient":""},"mobile":{"background-color":"","background-image":"","background-repeat":"repeat","background-position":"center center","background-size":"auto","background-attachment":"scroll","background-type":"","background-media":"","overlay-type":"","overlay-color":"","overlay-opacity":"","overlay-gradient":""}},"ast-content-background-meta":{"desktop":{"background-color":"var(--ast-global-color-4)","background-image":"","background-repeat":"repeat","background-position":"center center","background-size":"auto","background-attachment":"scroll","background-type":"","background-media":"","overlay-type":"","overlay-color":"","overlay-opacity":"","overlay-gradient":""},"tablet":{"background-color":"var(--ast-global-color-4)","background-image":"","background-repeat":"repeat","background-position":"center center","background-size":"auto","background-attachment":"scroll","background-type":"","background-media":"","overlay-type":"","overlay-color":"","overlay-opacity":"","overlay-gradient":""},"mobile":{"background-color":"var(--ast-global-color-4)","background-image":"","background-repeat":"repeat","background-position":"center center","background-size":"auto","background-attachment":"scroll","background-type":"","background-media":"","overlay-type":"","overlay-color":"","overlay-opacity":"","overlay-gradient":""}},"footnotes":""},"class_list":["post-184","page","type-page","status-publish","has-post-thumbnail","hentry"],"_links":{"self":[{"href":"https:\/\/blog.utp.edu.co\/unidad-basicas-aplicadas-cdr\/wp-json\/wp\/v2\/pages\/184","targetHints":{"allow":["GET"]}}],"collection":[{"href":"https:\/\/blog.utp.edu.co\/unidad-basicas-aplicadas-cdr\/wp-json\/wp\/v2\/pages"}],"about":[{"href":"https:\/\/blog.utp.edu.co\/unidad-basicas-aplicadas-cdr\/wp-json\/wp\/v2\/types\/page"}],"author":[{"embeddable":true,"href":"https:\/\/blog.utp.edu.co\/unidad-basicas-aplicadas-cdr\/wp-json\/wp\/v2\/users\/6509"}],"replies":[{"embeddable":true,"href":"https:\/\/blog.utp.edu.co\/unidad-basicas-aplicadas-cdr\/wp-json\/wp\/v2\/comments?post=184"}],"version-history":[{"count":9,"href":"https:\/\/blog.utp.edu.co\/unidad-basicas-aplicadas-cdr\/wp-json\/wp\/v2\/pages\/184\/revisions"}],"predecessor-version":[{"id":214,"href":"https:\/\/blog.utp.edu.co\/unidad-basicas-aplicadas-cdr\/wp-json\/wp\/v2\/pages\/184\/revisions\/214"}],"wp:featuredmedia":[{"embeddable":true,"href":"https:\/\/blog.utp.edu.co\/unidad-basicas-aplicadas-cdr\/wp-json\/wp\/v2\/media\/199"}],"wp:attachment":[{"href":"https:\/\/blog.utp.edu.co\/unidad-basicas-aplicadas-cdr\/wp-json\/wp\/v2\/media?parent=184"}],"curies":[{"name":"wp","href":"https:\/\/api.w.org\/{rel}","templated":true}]}}