{"id":4361,"date":"2018-12-04T18:47:22","date_gmt":"2018-12-04T18:47:22","guid":{"rendered":"http:\/\/blog.utp.edu.co\/renovacion-curricular\/?page_id=4361"},"modified":"2024-04-09T15:45:32","modified_gmt":"2024-04-09T20:45:32","slug":"taller-de-renovacion-curricular","status":"publish","type":"page","link":"https:\/\/blog.utp.edu.co\/renovacion-curricular\/taller-de-renovacion-curricular\/","title":{"rendered":"Taller de renovaci\u00f3n curricular"},"content":{"rendered":"\n<figure class=\"wp-block-image size-large\"><img loading=\"lazy\" decoding=\"async\" width=\"1024\" height=\"568\" src=\"https:\/\/blog.utp.edu.co\/renovacion-curricular\/files\/2024\/03\/5-1-1024x568.png\" alt=\"\" class=\"wp-image-6293\" srcset=\"https:\/\/blog.utp.edu.co\/renovacion-curricular\/files\/2024\/03\/5-1-1024x568.png 1024w, https:\/\/blog.utp.edu.co\/renovacion-curricular\/files\/2024\/03\/5-1-300x167.png 300w, https:\/\/blog.utp.edu.co\/renovacion-curricular\/files\/2024\/03\/5-1-768x426.png 768w, https:\/\/blog.utp.edu.co\/renovacion-curricular\/files\/2024\/03\/5-1.png 1063w\" sizes=\"auto, (max-width: 1024px) 100vw, 1024px\" \/><\/figure>\n\n\n\n<hr class=\"wp-block-separator has-alpha-channel-opacity\" \/>\n\n\n<p><img loading=\"lazy\" decoding=\"async\" class=\"alignleft wp-image-4341 size-full\" src=\"https:\/\/blog.utp.edu.co\/renovacion-curricular\/files\/2018\/12\/ajuste-200-blog.jpg\" alt=\"\" width=\"1994\" height=\"954\" srcset=\"https:\/\/blog.utp.edu.co\/renovacion-curricular\/files\/2018\/12\/ajuste-200-blog.jpg 1994w, https:\/\/blog.utp.edu.co\/renovacion-curricular\/files\/2018\/12\/ajuste-200-blog-300x144.jpg 300w, https:\/\/blog.utp.edu.co\/renovacion-curricular\/files\/2018\/12\/ajuste-200-blog-768x367.jpg 768w, https:\/\/blog.utp.edu.co\/renovacion-curricular\/files\/2018\/12\/ajuste-200-blog-1024x490.jpg 1024w, https:\/\/blog.utp.edu.co\/renovacion-curricular\/files\/2018\/12\/ajuste-200-blog-624x299.jpg 624w\" sizes=\"auto, (max-width: 1994px) 100vw, 1994px\" \/><\/p>\n<p><strong>TALLER DE PREPARACI\u00d3N PARA LA RENOVACI\u00d3N CURRICULAR<\/strong><\/p>\n<p>La Vicerrector\u00eda Acad\u00e9mica agradece la participaci\u00f3n de la\u00a0 comunidad educativa en el taller de preparaci\u00f3n para la renovaci\u00f3n curricular, desarrollados los d\u00edas 27 y 28 de noviembre de 2018.<\/p>\n<ul>\n<li>Taller . Matrices de coherencia<\/li>\n<li>Presentaci\u00f3n. Talleres 28 de nov<\/li>\n<li>Presentaci\u00f3n Vicerrector Acad\u00e9mico 28 nov<\/li>\n<\/ul>","protected":false},"excerpt":{"rendered":"<p>TALLER DE PREPARACI\u00d3N PARA LA RENOVACI\u00d3N CURRICULAR La Vicerrector\u00eda Acad\u00e9mica agradece la participaci\u00f3n de la\u00a0 comunidad educativa en el taller de preparaci\u00f3n para la renovaci\u00f3n curricular, desarrollados los d\u00edas 27 y 28 de noviembre de 2018. Taller . Matrices de coherencia Presentaci\u00f3n. Talleres 28 de nov Presentaci\u00f3n Vicerrector Acad\u00e9mico 28 [&hellip;]<\/p>\n","protected":false},"author":5601,"featured_media":6294,"parent":0,"menu_order":0,"comment_status":"closed","ping_status":"closed","template":"","meta":{"footnotes":""},"class_list":["post-4361","page","type-page","status-publish","has-post-thumbnail","hentry"],"_links":{"self":[{"href":"https:\/\/blog.utp.edu.co\/renovacion-curricular\/wp-json\/wp\/v2\/pages\/4361","targetHints":{"allow":["GET"]}}],"collection":[{"href":"https:\/\/blog.utp.edu.co\/renovacion-curricular\/wp-json\/wp\/v2\/pages"}],"about":[{"href":"https:\/\/blog.utp.edu.co\/renovacion-curricular\/wp-json\/wp\/v2\/types\/page"}],"author":[{"embeddable":true,"href":"https:\/\/blog.utp.edu.co\/renovacion-curricular\/wp-json\/wp\/v2\/users\/5601"}],"replies":[{"embeddable":true,"href":"https:\/\/blog.utp.edu.co\/renovacion-curricular\/wp-json\/wp\/v2\/comments?post=4361"}],"version-history":[{"count":20,"href":"https:\/\/blog.utp.edu.co\/renovacion-curricular\/wp-json\/wp\/v2\/pages\/4361\/revisions"}],"predecessor-version":[{"id":6596,"href":"https:\/\/blog.utp.edu.co\/renovacion-curricular\/wp-json\/wp\/v2\/pages\/4361\/revisions\/6596"}],"wp:featuredmedia":[{"embeddable":true,"href":"https:\/\/blog.utp.edu.co\/renovacion-curricular\/wp-json\/wp\/v2\/media\/6294"}],"wp:attachment":[{"href":"https:\/\/blog.utp.edu.co\/renovacion-curricular\/wp-json\/wp\/v2\/media?parent=4361"}],"curies":[{"name":"wp","href":"https:\/\/api.w.org\/{rel}","templated":true}]}}