{"id":3871,"date":"2018-10-26T21:38:04","date_gmt":"2018-10-26T21:38:04","guid":{"rendered":"http:\/\/blog.utp.edu.co\/renovacion-curricular\/?page_id=3871"},"modified":"2024-03-21T16:57:18","modified_gmt":"2024-03-21T21:57:18","slug":"construccion-de-lineamientos-para-la-incorporacion-de-la-identidad-institucional-en-la-renovacion-curricular","status":"publish","type":"page","link":"https:\/\/blog.utp.edu.co\/renovacion-curricular\/construccion-de-lineamientos-para-la-incorporacion-de-la-identidad-institucional-en-la-renovacion-curricular\/","title":{"rendered":"Construcci\u00f3n de lineamientos para la incorporaci\u00f3n de la identidad institucional  en la renovaci\u00f3n curricular"},"content":{"rendered":"\n<figure class=\"wp-block-image size-large\"><img loading=\"lazy\" decoding=\"async\" width=\"1024\" height=\"568\" src=\"https:\/\/blog.utp.edu.co\/renovacion-curricular\/files\/2024\/03\/6-1024x568.png\" alt=\"\" class=\"wp-image-6290\" srcset=\"https:\/\/blog.utp.edu.co\/renovacion-curricular\/files\/2024\/03\/6-1024x568.png 1024w, https:\/\/blog.utp.edu.co\/renovacion-curricular\/files\/2024\/03\/6-300x167.png 300w, https:\/\/blog.utp.edu.co\/renovacion-curricular\/files\/2024\/03\/6-768x426.png 768w, https:\/\/blog.utp.edu.co\/renovacion-curricular\/files\/2024\/03\/6.png 1063w\" sizes=\"auto, (max-width: 1024px) 100vw, 1024px\" \/><\/figure>\n\n\n\n<hr class=\"wp-block-separator has-alpha-channel-opacity\" \/>\n\n\n<p style=\"text-align: left\"><em>\u201cEl valor de cualqu<\/em><em>ier curr\u00edculum, de toda propuesta de cambio para la pr\u00e1ctica educativa, se contrasta en la realidad en la que se realiza, en el c\u00f3mo se concrete en situaciones reales. <\/em><\/p>\n<p style=\"text-align: left\"><em>El curr\u00edculo en la acci\u00f3n es la \u00faltima expresi\u00f3n de su valor, pues en definitiva, es en la pr\u00e1ctica donde todo proyecto, toda idea, toda intenci\u00f3n, se hace realidad de una forma u otra; se manifiesta, adquiere significaci\u00f3n y valor\u201d<\/em><\/p>\n<p>El Claustro Universitario <em>\u201cConstrucci\u00f3n de lineamientos para la incorporaci\u00f3n de la identidad institucional en la renovaci\u00f3n curricular institucional\u201d <\/em>tuvo lugar el d\u00eda 29 de agosto de 2018 de 2:00 a 5:00 pm, en el Edificio 1, Bloque A, Auditorio 1A-201 de la Universidad Tecnol\u00f3gica de Pereira.<\/p>\n<\/p>\n<p>Esta jornada cont\u00f3 con la participaci\u00f3n de 18 personas, entre ellos, miembros de la Facultad de Ciencias Ambientales (Decano de la Facultad y docentes), la Vicerrector\u00eda de Responsabilidad Social y Bienestar Universitario, el Departamento de Humanidades y el equipo de renovaci\u00f3n curricular y desarrollo docente de la Vicerrector\u00eda Acad\u00e9mica de la Universidad Tecnol\u00f3gica de Pereira.<\/p>\n<\/p>\n<p>El prop\u00f3sito del claustro estuvo direccionado a construir con los equipos responsables de las distintas dimensiones de la identidad institucional, los lineamientos para su incorporaci\u00f3n en los procesos de renovaci\u00f3n curricular de los programas acad\u00e9micos de la Universidad.<\/p>\n<\/p>\n<p><strong>La Vicerrector\u00eda Acad\u00e9mica agradece a la comunidad universitaria por participar en este espacio de reflexi\u00f3n, el cual contribuye a la construcci\u00f3n colectiva de la Universidad.<\/strong><\/p>","protected":false},"excerpt":{"rendered":"<p>\u201cEl valor de cualquier curr\u00edculum, de toda propuesta de cambio para la pr\u00e1ctica educativa, se contrasta en la realidad en la que se realiza, en el c\u00f3mo se concrete en situaciones reales. El curr\u00edculo en la acci\u00f3n es la \u00faltima expresi\u00f3n de su valor, pues en definitiva, es en la [&hellip;]<\/p>\n","protected":false},"author":5601,"featured_media":6291,"parent":0,"menu_order":0,"comment_status":"closed","ping_status":"closed","template":"","meta":{"footnotes":""},"class_list":["post-3871","page","type-page","status-publish","has-post-thumbnail","hentry"],"_links":{"self":[{"href":"https:\/\/blog.utp.edu.co\/renovacion-curricular\/wp-json\/wp\/v2\/pages\/3871","targetHints":{"allow":["GET"]}}],"collection":[{"href":"https:\/\/blog.utp.edu.co\/renovacion-curricular\/wp-json\/wp\/v2\/pages"}],"about":[{"href":"https:\/\/blog.utp.edu.co\/renovacion-curricular\/wp-json\/wp\/v2\/types\/page"}],"author":[{"embeddable":true,"href":"https:\/\/blog.utp.edu.co\/renovacion-curricular\/wp-json\/wp\/v2\/users\/5601"}],"replies":[{"embeddable":true,"href":"https:\/\/blog.utp.edu.co\/renovacion-curricular\/wp-json\/wp\/v2\/comments?post=3871"}],"version-history":[{"count":11,"href":"https:\/\/blog.utp.edu.co\/renovacion-curricular\/wp-json\/wp\/v2\/pages\/3871\/revisions"}],"predecessor-version":[{"id":6292,"href":"https:\/\/blog.utp.edu.co\/renovacion-curricular\/wp-json\/wp\/v2\/pages\/3871\/revisions\/6292"}],"wp:featuredmedia":[{"embeddable":true,"href":"https:\/\/blog.utp.edu.co\/renovacion-curricular\/wp-json\/wp\/v2\/media\/6291"}],"wp:attachment":[{"href":"https:\/\/blog.utp.edu.co\/renovacion-curricular\/wp-json\/wp\/v2\/media?parent=3871"}],"curies":[{"name":"wp","href":"https:\/\/api.w.org\/{rel}","templated":true}]}}