{"id":577,"date":"2024-10-23T11:43:21","date_gmt":"2024-10-23T16:43:21","guid":{"rendered":"https:\/\/blog.utp.edu.co\/politica-de-gratuidad\/?page_id=577"},"modified":"2025-01-27T11:55:32","modified_gmt":"2025-01-27T16:55:32","slug":"renta-joven","status":"publish","type":"page","link":"https:\/\/blog.utp.edu.co\/politica-de-gratuidad\/renta-joven\/","title":{"rendered":"Conoce el programa Renta Joven"},"content":{"rendered":"\n<div class=\"wp-block-uagb-container uagb-block-adb10710 alignfull uagb-is-root-container\"><div class=\"uagb-container-inner-blocks-wrap\">\n<figure class=\"wp-block-gallery has-nested-images columns-default is-cropped wp-block-gallery-1 is-layout-flex wp-block-gallery-is-layout-flex\">\n<figure class=\"wp-block-image size-large\"><img loading=\"lazy\" decoding=\"async\" width=\"1024\" height=\"364\" data-id=\"643\" src=\"https:\/\/blog.utp.edu.co\/politica-de-gratuidad\/files\/2024\/10\/Captura-de-pantalla-2024-10-23-154746-1-1024x364.png\" alt=\"\" class=\"wp-image-643\" srcset=\"https:\/\/blog.utp.edu.co\/politica-de-gratuidad\/files\/2024\/10\/Captura-de-pantalla-2024-10-23-154746-1-1024x364.png 1024w, https:\/\/blog.utp.edu.co\/politica-de-gratuidad\/files\/2024\/10\/Captura-de-pantalla-2024-10-23-154746-1-300x107.png 300w, https:\/\/blog.utp.edu.co\/politica-de-gratuidad\/files\/2024\/10\/Captura-de-pantalla-2024-10-23-154746-1-768x273.png 768w, https:\/\/blog.utp.edu.co\/politica-de-gratuidad\/files\/2024\/10\/Captura-de-pantalla-2024-10-23-154746-1.png 1115w\" sizes=\"auto, (max-width: 1024px) 100vw, 1024px\" \/><\/figure>\n\n\n\n<figure class=\"wp-block-image size-large\"><img loading=\"lazy\" decoding=\"async\" width=\"1024\" height=\"363\" data-id=\"644\" src=\"https:\/\/blog.utp.edu.co\/politica-de-gratuidad\/files\/2024\/10\/Captura-de-pantalla-2024-10-23-154759-1-1024x363.png\" alt=\"\" class=\"wp-image-644\" srcset=\"https:\/\/blog.utp.edu.co\/politica-de-gratuidad\/files\/2024\/10\/Captura-de-pantalla-2024-10-23-154759-1-1024x363.png 1024w, https:\/\/blog.utp.edu.co\/politica-de-gratuidad\/files\/2024\/10\/Captura-de-pantalla-2024-10-23-154759-1-300x106.png 300w, https:\/\/blog.utp.edu.co\/politica-de-gratuidad\/files\/2024\/10\/Captura-de-pantalla-2024-10-23-154759-1-768x272.png 768w, https:\/\/blog.utp.edu.co\/politica-de-gratuidad\/files\/2024\/10\/Captura-de-pantalla-2024-10-23-154759-1.png 1117w\" sizes=\"auto, (max-width: 1024px) 100vw, 1024px\" \/><\/figure>\n<\/figure>\n<\/div><\/div>\n\n\n\n<div class=\"wp-block-uagb-container uagb-block-6b48f9f4 alignfull uagb-is-root-container\"><div class=\"uagb-container-inner-blocks-wrap\">\n<div class=\"wp-block-uagb-container uagb-block-e3ac13ea\">\n<div class=\"wp-block-uagb-advanced-heading uagb-block-748b0fd3\"><h2 class=\"uagb-heading-text\">\u00bfQu\u00e9 es Renta Joven?<\/h2><\/div>\n\n\n\n<p>El programa&nbsp;<strong>Renta Joven<\/strong>&nbsp;es la evoluci\u00f3n de J\u00f3venes en Acci\u00f3n y surge con el&nbsp;\u00e1nimo&nbsp;de contribuir a la inclusi\u00f3n social y econ\u00f3mica de las juventudes y promover la consolidaci\u00f3n de trayectorias de vida desde la dignidad y la garantiza de derechos. <\/p>\n\n\n\n<p>Este programa fomenta el acceso, permanencia y graduaci\u00f3n de la educaci\u00f3n superior&nbsp;y formaci\u00f3n&nbsp;complementaria mediante la entrega de transferencias monetarias condicionadas&nbsp;y gestiona&nbsp;nuevas oportunidades para la movilidad social a trav\u00e9s del empleo, emprendimiento y educaci\u00f3n posgradual.&nbsp;<\/p>\n<\/div>\n\n\n\n<div class=\"wp-block-uagb-container uagb-block-e3335beb\">\n<div class=\"wp-block-uagb-advanced-heading uagb-block-8e7da509\"><h2 class=\"uagb-heading-text\"><strong>&nbsp;&nbsp;Requisitos para ingresar al programa 2024<\/strong><\/h2><\/div>\n\n\n\n<ul class=\"wp-block-list\">\n<li>&nbsp;Tener entre 14 y 28 a\u00f1os.<\/li>\n\n\n\n<li>&nbsp;Contar con grado de bachiller de media vocacional (11\u00b0)<\/li>\n\n\n\n<li>&nbsp;No contar con t\u00edtulo de formaci\u00f3n profesional universitario<\/li>\n\n\n\n<li>&nbsp;No tener una inscripci\u00f3n activa en el programa J\u00f3venes en Paz <\/li>\n\n\n\n<li>Estar matriculado en una Instituci\u00f3n de Educaci\u00f3n Superior P\u00fablica<\/li>\n\n\n\n<li>Estar incluido en al menos una de las bases de datos utilizadas para la focalizaci\u00f3n poblacional del programa que certifican su situaci\u00f3n de pobreza o vulnerabilidad: Listados censales del ICBF, listados censales ind\u00edgenas y SISBEN IV (A1 a C18 exclusivamente)<\/li>\n<\/ul>\n<\/div>\n\n\n\n<div class=\"wp-block-uagb-container uagb-block-5b7c226c\">\n<div class=\"wp-block-uagb-advanced-heading uagb-block-2d2269f2\"><h2 class=\"uagb-heading-text\">&nbsp;\u00bf<strong>Qu\u00e9 incentivos entrega Renta Joven?<\/strong><\/h2><\/div>\n\n\n\n<p>&nbsp;<strong>Incentivo matr\u00edcula:<\/strong> se entrega una vez finalizado el semestre por valor de $400,000.<\/p>\n\n\n\n<p><strong>Incentivo Permanencia y Excelencia: <\/strong>Se entrega una vez finalizado el semestre vencido y est\u00e1 condicionado por el promedio acumulado de Carrera as\u00ed:<\/p>\n\n\n\n<ul class=\"wp-block-list\">\n<li>Promedio acumulado entre 3,0 y 3,9 reciben $400,000<\/li>\n\n\n\n<li>Promedio igual o superior a 4,0 reciben $600,000<\/li>\n<\/ul>\n<\/div>\n<\/div><\/div>\n\n\n\n<p><\/p>\n\n\n\n<div class=\"wp-block-uagb-container uagb-block-d56a4220 alignfull uagb-is-root-container\"><div class=\"uagb-container-inner-blocks-wrap\">\n<div class=\"wp-block-uagb-container uagb-block-cfbbeb27\">\n<div class=\"wp-block-uagb-advanced-heading uagb-block-88e0cb06\"><h2 class=\"uagb-heading-text\">\u00bfC\u00f3mo funciona Renta Joven?<\/h2><\/div>\n\n\n\n<p>El programa Renta Joven opera a trav\u00e9s de dos componentes:<br><\/p>\n\n\n\n<ol class=\"wp-block-list\">\n<li>Componente de Transferencias Monetarias para la Educaci\u00f3n Superior.<\/li>\n\n\n\n<li>Componente de Promoci\u00f3n Social y Bienestar Integral:<br>\u25cf Compromiso social para la transformaci\u00f3n<br>\u25cf Promoci\u00f3n de derechos y capacidades<br>\u25cf Oportunidades para la movilidad Social<\/li>\n<\/ol>\n<\/div>\n\n\n\n<div class=\"wp-block-uagb-container uagb-block-096d61b3\">\n<div class=\"wp-block-uagb-advanced-heading uagb-block-c3240666\"><h2 class=\"uagb-heading-text\">&nbsp;<strong>\u00bfC\u00f3mo puedo ingresar al programa renta joven?<\/strong><\/h2><\/div>\n\n\n\n<p>El programa se encuentra en un proceso de articulaci\u00f3n con el Ministerio de la Igualdad, el director de prosperidad social Gustavo Bol\u00edvar a trav\u00e9s de canales oficiales garantiz\u00f3 la entrega de los incentivos por los primeros 6 meses del a\u00f1o. Se les recomienda a los j\u00f3venes estar atentos a las diferentes fuentes de informaci\u00f3n por parte de Prosperidad social.<\/p>\n\n\n\n<p><span id=\"docs-internal-guid-5a8d2d18-7fff-929d-d5f1-400e8a24aa27\"><\/span><\/p>\n<\/div>\n\n\n\n<div class=\"wp-block-uagb-container uagb-block-61c1722d\">\n<div class=\"wp-block-uagb-advanced-heading uagb-block-45949148\"><h2 class=\"uagb-heading-text\"><strong>\u00bfSi cancel\u00f3 el semestre pierdo el beneficio?<\/strong><\/h2><\/div>\n\n\n\n<p>Si cancelas o no matriculas un semestre acad\u00e9mico en la universidad, no recibir\u00e1s los incentivos correspondientes del programa Renta Joven de dicho semestre.&nbsp; Si te ausentas m\u00e1s de un semestre debes realizar la novedad de aplazamiento en el portal de Renta Joven en fechas de novedades, que ser\u00e1n publicadas en las redes sociales oficiales de la oficina de Renta Joven UTP.&nbsp;<br><\/p>\n<\/div>\n<\/div><\/div>\n\n\n\n<p><\/p>\n\n\n\n<div class=\"wp-block-uagb-container uagb-block-d84e24a7 alignfull uagb-is-root-container\"><div class=\"uagb-container-inner-blocks-wrap\">\n<div class=\"wp-block-uagb-container uagb-block-19a67e77\">\n<figure class=\"wp-block-image size-full is-resized\"><img loading=\"lazy\" decoding=\"async\" width=\"940\" height=\"788\" src=\"https:\/\/blog.utp.edu.co\/politica-de-gratuidad\/files\/2024\/10\/Aviso-medios-de-comunicacion-Renta-Joven-UTP.png\" alt=\"\" class=\"wp-image-633\" style=\"width:560px;height:auto\" srcset=\"https:\/\/blog.utp.edu.co\/politica-de-gratuidad\/files\/2024\/10\/Aviso-medios-de-comunicacion-Renta-Joven-UTP.png 940w, https:\/\/blog.utp.edu.co\/politica-de-gratuidad\/files\/2024\/10\/Aviso-medios-de-comunicacion-Renta-Joven-UTP-300x251.png 300w, https:\/\/blog.utp.edu.co\/politica-de-gratuidad\/files\/2024\/10\/Aviso-medios-de-comunicacion-Renta-Joven-UTP-768x644.png 768w\" sizes=\"auto, (max-width: 940px) 100vw, 940px\" \/><\/figure>\n<\/div>\n\n\n\n<div class=\"wp-block-uagb-container uagb-block-f7430747\">\n<div class=\"wp-block-uagb-advanced-heading uagb-block-bcad8bae\"><h2 class=\"uagb-heading-text\"><strong>&nbsp;Estados del programa Renta Joven:<\/strong><\/h2><\/div>\n\n\n\n<ol start=\"1\" class=\"wp-block-list\">\n<li>Inscrito<\/li>\n\n\n\n<li>Beneficiario<\/li>\n\n\n\n<li>Suspendido<\/li>\n\n\n\n<li>Cambio Programa<\/li>\n\n\n\n<li>Aplazado<\/li>\n\n\n\n<li>Retiro Voluntario<\/li>\n\n\n\n<li>Retirado&nbsp;finaliz\u00f3&nbsp;intervenci\u00f3n<\/li>\n\n\n\n<li>Fase 2 &#8211; gesti\u00f3n de oportunidades<\/li>\n\n\n\n<li>Retirado tiempo m\u00e1ximo sin verificar<\/li>\n\n\n\n<li>Pre-registro vencido<\/li>\n\n\n\n<li>Registrado<\/li>\n<\/ol>\n<\/div>\n\n\n\n<div class=\"wp-block-uagb-container uagb-block-0cccdba9\">\n<div class=\"wp-block-uagb-advanced-heading uagb-block-95d997bf\"><h2 class=\"uagb-heading-text\"><strong>Cronograma de entrega de incentivos 2025<\/strong><\/h2><\/div>\n\n\n\n<p>Aun no se cuenta con el cronograma anual de 2025.<\/p>\n\n\n\n<p><\/p>\n<\/div>\n<\/div><\/div>\n\n\n\n<p><\/p>\n","protected":false},"excerpt":{"rendered":"<p>\u00bfQu\u00e9 es Renta Joven? El programa&nbsp;Renta Joven&nbsp;es la evoluci\u00f3n de J\u00f3venes en Acci\u00f3n y surge con el&nbsp;\u00e1nimo&nbsp;de contribuir a la inclusi\u00f3n social y econ\u00f3mica de las juventudes y promover la [&hellip;]<\/p>\n","protected":false},"author":6485,"featured_media":0,"parent":0,"menu_order":0,"comment_status":"closed","ping_status":"closed","template":"","meta":{"_uag_custom_page_level_css":"","site-sidebar-layout":"default","site-content-layout":"","ast-site-content-layout":"default","site-content-style":"default","site-sidebar-style":"default","ast-global-header-display":"","ast-banner-title-visibility":"","ast-main-header-display":"","ast-hfb-above-header-display":"","ast-hfb-below-header-display":"","ast-hfb-mobile-header-display":"","site-post-title":"","ast-breadcrumbs-content":"","ast-featured-img":"","footer-sml-layout":"","ast-disable-related-posts":"","theme-transparent-header-meta":"","adv-header-id-meta":"","stick-header-meta":"","header-above-stick-meta":"","header-main-stick-meta":"","header-below-stick-meta":"","astra-migrate-meta-layouts":"default","ast-page-background-enabled":"default","ast-page-background-meta":{"desktop":{"background-color":"var(--ast-global-color-4)","background-image":"","background-repeat":"repeat","background-position":"center center","background-size":"auto","background-attachment":"scroll","background-type":"","background-media":"","overlay-type":"","overlay-color":"","overlay-opacity":"","overlay-gradient":""},"tablet":{"background-color":"","background-image":"","background-repeat":"repeat","background-position":"center center","background-size":"auto","background-attachment":"scroll","background-type":"","background-media":"","overlay-type":"","overlay-color":"","overlay-opacity":"","overlay-gradient":""},"mobile":{"background-color":"","background-image":"","background-repeat":"repeat","background-position":"center center","background-size":"auto","background-attachment":"scroll","background-type":"","background-media":"","overlay-type":"","overlay-color":"","overlay-opacity":"","overlay-gradient":""}},"ast-content-background-meta":{"desktop":{"background-color":"var(--ast-global-color-5)","background-image":"","background-repeat":"repeat","background-position":"center center","background-size":"auto","background-attachment":"scroll","background-type":"","background-media":"","overlay-type":"","overlay-color":"","overlay-opacity":"","overlay-gradient":""},"tablet":{"background-color":"var(--ast-global-color-5)","background-image":"","background-repeat":"repeat","background-position":"center center","background-size":"auto","background-attachment":"scroll","background-type":"","background-media":"","overlay-type":"","overlay-color":"","overlay-opacity":"","overlay-gradient":""},"mobile":{"background-color":"var(--ast-global-color-5)","background-image":"","background-repeat":"repeat","background-position":"center center","background-size":"auto","background-attachment":"scroll","background-type":"","background-media":"","overlay-type":"","overlay-color":"","overlay-opacity":"","overlay-gradient":""}},"footnotes":""},"class_list":["post-577","page","type-page","status-publish","hentry"],"uagb_featured_image_src":{"full":false,"thumbnail":false,"medium":false,"medium_large":false,"large":false,"1536x1536":false,"2048x2048":false},"uagb_author_info":{"display_name":"nathaliahincapie","author_link":"https:\/\/blog.utp.edu.co\/politica-de-gratuidad\/author\/nathaliahincapie\/"},"uagb_comment_info":0,"uagb_excerpt":"\u00bfQu\u00e9 es Renta Joven? El programa&nbsp;Renta Joven&nbsp;es la evoluci\u00f3n de J\u00f3venes en Acci\u00f3n y surge con el&nbsp;\u00e1nimo&nbsp;de contribuir a la inclusi\u00f3n social y econ\u00f3mica de las juventudes y promover la [&hellip;]","_links":{"self":[{"href":"https:\/\/blog.utp.edu.co\/politica-de-gratuidad\/wp-json\/wp\/v2\/pages\/577","targetHints":{"allow":["GET"]}}],"collection":[{"href":"https:\/\/blog.utp.edu.co\/politica-de-gratuidad\/wp-json\/wp\/v2\/pages"}],"about":[{"href":"https:\/\/blog.utp.edu.co\/politica-de-gratuidad\/wp-json\/wp\/v2\/types\/page"}],"author":[{"embeddable":true,"href":"https:\/\/blog.utp.edu.co\/politica-de-gratuidad\/wp-json\/wp\/v2\/users\/6485"}],"replies":[{"embeddable":true,"href":"https:\/\/blog.utp.edu.co\/politica-de-gratuidad\/wp-json\/wp\/v2\/comments?post=577"}],"version-history":[{"count":30,"href":"https:\/\/blog.utp.edu.co\/politica-de-gratuidad\/wp-json\/wp\/v2\/pages\/577\/revisions"}],"predecessor-version":[{"id":691,"href":"https:\/\/blog.utp.edu.co\/politica-de-gratuidad\/wp-json\/wp\/v2\/pages\/577\/revisions\/691"}],"wp:attachment":[{"href":"https:\/\/blog.utp.edu.co\/politica-de-gratuidad\/wp-json\/wp\/v2\/media?parent=577"}],"curies":[{"name":"wp","href":"https:\/\/api.w.org\/{rel}","templated":true}]}}

<div class="wp-block-uagb-container uagb-block-adb10710 alignfull uagb-is-root-container"><div class="uagb-container-inner-blocks-wrap">
<figure class="wp-block-gallery has-nested-images columns-default is-cropped wp-block-gallery-1 is-layout-flex wp-block-gallery-is-layout-flex">
<figure class="wp-block-image size-large"><img loading="lazy" decoding="async" width="1024" height="364" data-id="643" src="https://blog.utp.edu.co/politica-de-gratuidad/files/2024/10/Captura-de-pantalla-2024-10-23-154746-1-1024x364.png" alt="" class="wp-image-643" srcset="https://blog.utp.edu.co/politica-de-gratuidad/files/2024/10/Captura-de-pantalla-2024-10-23-154746-1-1024x364.png 1024w, https://blog.utp.edu.co/politica-de-gratuidad/files/2024/10/Captura-de-pantalla-2024-10-23-154746-1-300x107.png 300w, https://blog.utp.edu.co/politica-de-gratuidad/files/2024/10/Captura-de-pantalla-2024-10-23-154746-1-768x273.png 768w, https://blog.utp.edu.co/politica-de-gratuidad/files/2024/10/Captura-de-pantalla-2024-10-23-154746-1.png 1115w" sizes="auto, (max-width: 1024px) 100vw, 1024px" /></figure>



<figure class="wp-block-image size-large"><img loading="lazy" decoding="async" width="1024" height="363" data-id="644" src="https://blog.utp.edu.co/politica-de-gratuidad/files/2024/10/Captura-de-pantalla-2024-10-23-154759-1-1024x363.png" alt="" class="wp-image-644" srcset="https://blog.utp.edu.co/politica-de-gratuidad/files/2024/10/Captura-de-pantalla-2024-10-23-154759-1-1024x363.png 1024w, https://blog.utp.edu.co/politica-de-gratuidad/files/2024/10/Captura-de-pantalla-2024-10-23-154759-1-300x106.png 300w, https://blog.utp.edu.co/politica-de-gratuidad/files/2024/10/Captura-de-pantalla-2024-10-23-154759-1-768x272.png 768w, https://blog.utp.edu.co/politica-de-gratuidad/files/2024/10/Captura-de-pantalla-2024-10-23-154759-1.png 1117w" sizes="auto, (max-width: 1024px) 100vw, 1024px" /></figure>
</figure>
</div></div>



<div class="wp-block-uagb-container uagb-block-6b48f9f4 alignfull uagb-is-root-container"><div class="uagb-container-inner-blocks-wrap">
<div class="wp-block-uagb-container uagb-block-e3ac13ea">
<div class="wp-block-uagb-advanced-heading uagb-block-748b0fd3"><h2 class="uagb-heading-text">¿Qué es Renta Joven?</h2></div>



<p>El programa&nbsp;<strong>Renta Joven</strong>&nbsp;es la evolución de Jóvenes en Acción y surge con el&nbsp;ánimo&nbsp;de contribuir a la inclusión social y económica de las juventudes y promover la consolidación de trayectorias de vida desde la dignidad y la garantiza de derechos. </p>



<p>Este programa fomenta el acceso, permanencia y graduación de la educación superior&nbsp;y formación&nbsp;complementaria mediante la entrega de transferencias monetarias condicionadas&nbsp;y gestiona&nbsp;nuevas oportunidades para la movilidad social a través del empleo, emprendimiento y educación posgradual.&nbsp;</p>
</div>



<div class="wp-block-uagb-container uagb-block-e3335beb">
<div class="wp-block-uagb-advanced-heading uagb-block-8e7da509"><h2 class="uagb-heading-text"><strong>&nbsp;&nbsp;Requisitos para ingresar al programa 2024</strong></h2></div>



<ul class="wp-block-list">
<li>&nbsp;Tener entre 14 y 28 años.</li>



<li>&nbsp;Contar con grado de bachiller de media vocacional (11°)</li>



<li>&nbsp;No contar con título de formación profesional universitario</li>



<li>&nbsp;No tener una inscripción activa en el programa Jóvenes en Paz </li>



<li>Estar matriculado en una Institución de Educación Superior Pública</li>



<li>Estar incluido en al menos una de las bases de datos utilizadas para la focalización poblacional del programa que certifican su situación de pobreza o vulnerabilidad: Listados censales del ICBF, listados censales indígenas y SISBEN IV (A1 a C18 exclusivamente)</li>
</ul>
</div>



<div class="wp-block-uagb-container uagb-block-5b7c226c">
<div class="wp-block-uagb-advanced-heading uagb-block-2d2269f2"><h2 class="uagb-heading-text">&nbsp;¿<strong>Qué incentivos entrega Renta Joven?</strong></h2></div>



<p>&nbsp;<strong>Incentivo matrícula:</strong> se entrega una vez finalizado el semestre por valor de $400,000.</p>



<p><strong>Incentivo Permanencia y Excelencia: </strong>Se entrega una vez finalizado el semestre vencido y está condicionado por el promedio acumulado de Carrera así:</p>



<ul class="wp-block-list">
<li>Promedio acumulado entre 3,0 y 3,9 reciben $400,000</li>



<li>Promedio igual o superior a 4,0 reciben $600,000</li>
</ul>
</div>
</div></div>



<p></p>



<div class="wp-block-uagb-container uagb-block-d56a4220 alignfull uagb-is-root-container"><div class="uagb-container-inner-blocks-wrap">
<div class="wp-block-uagb-container uagb-block-cfbbeb27">
<div class="wp-block-uagb-advanced-heading uagb-block-88e0cb06"><h2 class="uagb-heading-text">¿Cómo funciona Renta Joven?</h2></div>



<p>El programa Renta Joven opera a través de dos componentes:<br></p>



<ol class="wp-block-list">
<li>Componente de Transferencias Monetarias para la Educación Superior.</li>



<li>Componente de Promoción Social y Bienestar Integral:<br>● Compromiso social para la transformación<br>● Promoción de derechos y capacidades<br>● Oportunidades para la movilidad Social</li>
</ol>
</div>



<div class="wp-block-uagb-container uagb-block-096d61b3">
<div class="wp-block-uagb-advanced-heading uagb-block-c3240666"><h2 class="uagb-heading-text">&nbsp;<strong>¿Cómo puedo ingresar al programa renta joven?</strong></h2></div>



<p>El programa se encuentra en un proceso de articulación con el Ministerio de la Igualdad, el director de prosperidad social Gustavo Bolívar a través de canales oficiales garantizó la entrega de los incentivos por los primeros 6 meses del año. Se les recomienda a los jóvenes estar atentos a las diferentes fuentes de información por parte de Prosperidad social.</p>



<p><span id="docs-internal-guid-5a8d2d18-7fff-929d-d5f1-400e8a24aa27"></span></p>
</div>



<div class="wp-block-uagb-container uagb-block-61c1722d">
<div class="wp-block-uagb-advanced-heading uagb-block-45949148"><h2 class="uagb-heading-text"><strong>¿Si canceló el semestre pierdo el beneficio?</strong></h2></div>



<p>Si cancelas o no matriculas un semestre académico en la universidad, no recibirás los incentivos correspondientes del programa Renta Joven de dicho semestre.&nbsp; Si te ausentas más de un semestre debes realizar la novedad de aplazamiento en el portal de Renta Joven en fechas de novedades, que serán publicadas en las redes sociales oficiales de la oficina de Renta Joven UTP.&nbsp;<br></p>
</div>
</div></div>



<p></p>



<div class="wp-block-uagb-container uagb-block-d84e24a7 alignfull uagb-is-root-container"><div class="uagb-container-inner-blocks-wrap">
<div class="wp-block-uagb-container uagb-block-19a67e77">
<figure class="wp-block-image size-full is-resized"><img loading="lazy" decoding="async" width="940" height="788" src="https://blog.utp.edu.co/politica-de-gratuidad/files/2024/10/Aviso-medios-de-comunicacion-Renta-Joven-UTP.png" alt="" class="wp-image-633" style="width:560px;height:auto" srcset="https://blog.utp.edu.co/politica-de-gratuidad/files/2024/10/Aviso-medios-de-comunicacion-Renta-Joven-UTP.png 940w, https://blog.utp.edu.co/politica-de-gratuidad/files/2024/10/Aviso-medios-de-comunicacion-Renta-Joven-UTP-300x251.png 300w, https://blog.utp.edu.co/politica-de-gratuidad/files/2024/10/Aviso-medios-de-comunicacion-Renta-Joven-UTP-768x644.png 768w" sizes="auto, (max-width: 940px) 100vw, 940px" /></figure>
</div>



<div class="wp-block-uagb-container uagb-block-f7430747">
<div class="wp-block-uagb-advanced-heading uagb-block-bcad8bae"><h2 class="uagb-heading-text"><strong>&nbsp;Estados del programa Renta Joven:</strong></h2></div>



<ol start="1" class="wp-block-list">
<li>Inscrito</li>



<li>Beneficiario</li>



<li>Suspendido</li>



<li>Cambio Programa</li>



<li>Aplazado</li>



<li>Retiro Voluntario</li>



<li>Retirado&nbsp;finalizó&nbsp;intervención</li>



<li>Fase 2 &#8211; gestión de oportunidades</li>



<li>Retirado tiempo máximo sin verificar</li>



<li>Pre-registro vencido</li>



<li>Registrado</li>
</ol>
</div>



<div class="wp-block-uagb-container uagb-block-0cccdba9">
<div class="wp-block-uagb-advanced-heading uagb-block-95d997bf"><h2 class="uagb-heading-text"><strong>Cronograma de entrega de incentivos 2025</strong></h2></div>



<p>Aun no se cuenta con el cronograma anual de 2025.</p>



<p></p>
</div>
</div></div>



<p></p>

<p>¿Qué es Renta Joven? El programa&nbsp;Renta Joven&nbsp;es la evolución de Jóvenes en Acción y surge con el&nbsp;ánimo&nbsp;de contribuir a la inclusión social y económica de las juventudes y promover la [&hellip;]</p>

¿Qué es Renta Joven? El programa&nbsp;Renta Joven&nbsp;es la evolución de Jóvenes en Acción y surge con el&nbsp;ánimo&nbsp;de contribuir a la inclusión social y económica de las juventudes y promover la [&hellip;]
