{"id":1131,"date":"2020-05-30T07:33:19","date_gmt":"2020-05-30T07:33:19","guid":{"rendered":"http:\/\/blog.utp.edu.co\/oficina-de-cultura-y-divulgacion\/?page_id=1131"},"modified":"2020-10-29T20:27:00","modified_gmt":"2020-10-30T01:27:00","slug":"actividades","status":"publish","type":"page","link":"https:\/\/blog.utp.edu.co\/oficina-de-cultura-y-divulgacion\/actividades\/","title":{"rendered":"Actividad Cultural Permanente"},"content":{"rendered":"\n<h3 class=\"wp-block-heading\"><\/h3>\n\n\n\n<p>* Conciertos &#8211; grupos Culturales Representativos de la U.T.P. (Danzas folcl\u00f3ricas, Teatro, Orquesta Universitaria, Tuna Universitaria, Narraci\u00f3n Oral, Orquesta sinf\u00f3nica y Orquesta de Cuerdas.)<\/p>\n\n\n\n<p>* Cafeta Cultural &#8211; Mi\u00e9rcoles cada 15 d\u00edas de 12:00M a 2:00PM (en las cafeter\u00edas de Bellas Artes y Humanidades, Bloque 15, La Julita y Galp\u00f3n)<\/p>\n\n\n\n<p>* Conciertos itinerantes con la Facultad de Bellas Artes y Humanidades&nbsp;<\/p>\n\n\n\n<p>* Jueves de teatro &#8211; El \u00faltmo jueves de cada mes, Auditorio Jorge Roa Mart\u00ednez 6:30pm&nbsp;&nbsp;<\/p>\n\n\n\n<p>* El Tortazo todos los viernes desde las 4:00PM (En la media torta de la Biblioteca)&nbsp;<\/p>\n\n\n\n<p>* Representaci\u00f3n cultural de la U.T.P. con los grupos representativos con en eventos regionales y nacionales de ASCUN cultura (Danzas Folcl\u00f3ricas, Teatro, Narraci\u00f3n Oral Canci\u00f3n y Orquesta Universitaria)<\/p>\n","protected":false},"excerpt":{"rendered":"<p>* Conciertos &#8211; grupos Culturales Representativos de la U.T.P. (Danzas folcl\u00f3ricas, Teatro, Orquesta Universitaria, Tuna Universitaria, Narraci\u00f3n Oral, Orquesta sinf\u00f3nica y Orquesta de Cuerdas.) * Cafeta Cultural &#8211; Mi\u00e9rcoles cada 15 d\u00edas de 12:00M a 2:00PM (en las cafeter\u00edas de Bellas Artes y Humanidades, Bloque 15, La Julita y Galp\u00f3n) * Conciertos itinerantes con la [&hellip;]<\/p>\n","protected":false},"author":6211,"featured_media":0,"parent":0,"menu_order":3,"comment_status":"closed","ping_status":"closed","template":"","meta":{"footnotes":""},"class_list":["post-1131","page","type-page","status-publish","hentry"],"_links":{"self":[{"href":"https:\/\/blog.utp.edu.co\/oficina-de-cultura-y-divulgacion\/wp-json\/wp\/v2\/pages\/1131","targetHints":{"allow":["GET"]}}],"collection":[{"href":"https:\/\/blog.utp.edu.co\/oficina-de-cultura-y-divulgacion\/wp-json\/wp\/v2\/pages"}],"about":[{"href":"https:\/\/blog.utp.edu.co\/oficina-de-cultura-y-divulgacion\/wp-json\/wp\/v2\/types\/page"}],"author":[{"embeddable":true,"href":"https:\/\/blog.utp.edu.co\/oficina-de-cultura-y-divulgacion\/wp-json\/wp\/v2\/users\/6211"}],"replies":[{"embeddable":true,"href":"https:\/\/blog.utp.edu.co\/oficina-de-cultura-y-divulgacion\/wp-json\/wp\/v2\/comments?post=1131"}],"version-history":[{"count":5,"href":"https:\/\/blog.utp.edu.co\/oficina-de-cultura-y-divulgacion\/wp-json\/wp\/v2\/pages\/1131\/revisions"}],"predecessor-version":[{"id":3861,"href":"https:\/\/blog.utp.edu.co\/oficina-de-cultura-y-divulgacion\/wp-json\/wp\/v2\/pages\/1131\/revisions\/3861"}],"wp:attachment":[{"href":"https:\/\/blog.utp.edu.co\/oficina-de-cultura-y-divulgacion\/wp-json\/wp\/v2\/media?parent=1131"}],"curies":[{"name":"wp","href":"https:\/\/api.w.org\/{rel}","templated":true}]}}