{"id":2041,"date":"2017-09-29T14:58:47","date_gmt":"2017-09-29T14:58:47","guid":{"rendered":"http:\/\/blog.utp.edu.co\/observatoriosocial\/?page_id=2041"},"modified":"2024-05-16T16:52:10","modified_gmt":"2024-05-16T21:52:10","slug":"acerca-de","status":"publish","type":"page","link":"https:\/\/blog.utp.edu.co\/observatoriosocial\/acerca-de\/","title":{"rendered":"ACERCA DE"},"content":{"rendered":"\n<hr class=\"wp-block-separator has-alpha-channel-opacity\" \/>\n\n\n\n<div class=\"wp-block-uagb-container uagb-block-02c9d039 alignwide uagb-is-root-container\">\n<div class=\"wp-block-uagb-container uagb-block-1eea56cd alignfull uagb-is-root-container\"><div class=\"uagb-container-inner-blocks-wrap\">\n<div class=\"wp-block-uagb-container uagb-block-aac91df7\">\n<div class=\"wp-block-uagb-image uagb-block-a14e8b0e wp-block-uagb-image--layout-default wp-block-uagb-image--effect-zoomin wp-block-uagb-image--align-none\"><figure class=\"wp-block-uagb-image__figure\"><img decoding=\"async\" src=\"https:\/\/blog.utp.edu.co\/observatoriosocial\/files\/2024\/05\/bloque_13-edited-1-300x200.jpg\" alt=\"\" width=\"308\" height=\"205\" title=\"\" loading=\"lazy\" role=\"presentation\" \/><\/figure><\/div>\n<\/div>\n\n\n\n<div class=\"wp-block-uagb-container uagb-block-73c46fdb\">\n<p class=\"has-text-align-center has-black-color has-text-color has-link-color has-medium-font-size wp-elements-78c0db99f01bd62e8a0212a200020da4\" style=\"margin-top:var(--wp--preset--spacing--50);margin-right:0;margin-bottom:var(--wp--preset--spacing--50);margin-left:0\">El <strong>Observatorio Social<\/strong> desarrolla labores de monitoreo, seguimiento, evaluaci\u00f3n, investigaci\u00f3n&nbsp; y sistematizaci\u00f3n de pol\u00edticas, estrategias, programas, proyectos internos, externos y grupos poblacionales de inter\u00e9s, que conlleve a dar explicaci\u00f3n, comprensi\u00f3n y visibilizaci\u00f3n de las problem\u00e1ticas sociales a trav\u00e9s de instrumentos y herramientas que permitan la construcci\u00f3n de insumos pertinentes para la toma de decisiones, la focalizaci\u00f3n e implementaci\u00f3n de estrategias.<\/p>\n<\/div>\n<\/div><\/div>\n\n\n\n<div class=\"wp-block-uagb-container uagb-block-009a876a\">\n<hr class=\"wp-block-separator has-text-color has-luminous-vivid-amber-color has-alpha-channel-opacity has-luminous-vivid-amber-background-color has-background is-style-dots\" style=\"margin-top:var(--wp--preset--spacing--50);margin-bottom:var(--wp--preset--spacing--50)\" \/>\n\n\n\n<h2 class=\"wp-block-heading has-text-align-center has-text-color has-link-color has-x-large-font-size wp-elements-301dcdb4567e0692228d34a341716eee\" style=\"color:#e9791a;font-style:normal;font-weight:400\"><strong>NUESTRA MISION<\/strong><\/h2>\n\n\n\n<p class=\"has-text-align-center has-medium-font-size\" style=\"padding-top:0;padding-right:var(--wp--preset--spacing--80);padding-bottom:0;padding-left:var(--wp--preset--spacing--80)\">Desarrollar investigaci\u00f3n, an\u00e1lisis y evaluaci\u00f3n de las condiciones socio-econ\u00f3micas, acad\u00e9micas, psicol\u00f3gicas, ambientales, de salud y culturales de la comunidad universitaria, con el fin de dar explicaci\u00f3n, comprensi\u00f3n y visibilizaci\u00f3n de las diferentes problem\u00e1ticas, brindando informaci\u00f3n suficiente y confiable para la toma de decisiones y la interpretaci\u00f3n de la realidad.<\/p>\n<\/div>\n\n\n\n<div class=\"wp-block-uagb-container uagb-block-22f4dd5c\">\n<hr class=\"wp-block-separator has-text-color has-alpha-channel-opacity has-background is-style-dots\" style=\"margin-top:var(--wp--preset--spacing--50);margin-bottom:var(--wp--preset--spacing--50);background-color:#ff9a3e;color:#ff9a3e\" \/>\n\n\n\n<h2 class=\"wp-block-heading has-text-align-center has-text-color has-link-color has-x-large-font-size wp-elements-f33207fa94939879b7af7c2c15d5ea3f\" style=\"color:#e9791a\"><strong>ACTIVIDADES PRINCIPALES<\/strong><\/h2>\n\n\n\n<div class=\"wp-block-uagb-icon-list uagb-block-e8604b7c\"><div class=\"uagb-icon-list__wrap\">\n<div class=\"wp-block-uagb-icon-list-child uagb-block-58a77deb\"><span class=\"uagb-icon-list__source-wrap\"><img decoding=\"async\" class=\"uagb-icon-list__source-image\" src=\"http:\/\/blog.utp.edu.co\/observatoriosocial\/files\/2024\/05\/libro-abierto.png\" width=\"41\" height=\"41\" loading=\"lazy\" alt=\"\" \/><\/span><span class=\"uagb-icon-list__label\">Desarrollar estudios enfocados en identificar y cuantificar las principales problem\u00e1ticas sociales de la comunidad universitaria<\/span><\/div>\n\n\n\n<div class=\"wp-block-uagb-icon-list-child uagb-block-9634cd24\"><span class=\"uagb-icon-list__source-wrap\"><img decoding=\"async\" class=\"uagb-icon-list__source-image\" src=\"http:\/\/blog.utp.edu.co\/observatoriosocial\/files\/2024\/05\/estudiar.png\" width=\"41\" height=\"41\" loading=\"lazy\" alt=\"\" \/><\/span><span class=\"uagb-icon-list__label\">Desarrollar herramientas basadas en an\u00e1lisis de datos que permitan evaluar y cuantificar el impacto social de las estrategias de la VRSYBU<\/span><\/div>\n\n\n\n<div class=\"wp-block-uagb-icon-list-child uagb-block-72fc0580\"><span class=\"uagb-icon-list__source-wrap\"><img decoding=\"async\" class=\"uagb-icon-list__source-image\" src=\"http:\/\/blog.utp.edu.co\/observatoriosocial\/files\/2024\/05\/bases-de-datos.png\" width=\"41\" height=\"41\" loading=\"lazy\" alt=\"\" \/><\/span><span class=\"uagb-icon-list__label\">Consolidar y analizar la deserci\u00f3n universitaria y su relaci\u00f3n con el contexto social.<\/span><\/div>\n\n\n\n<div class=\"wp-block-uagb-icon-list-child uagb-block-b036d1e7\"><span class=\"uagb-icon-list__source-wrap\"><img decoding=\"async\" class=\"uagb-icon-list__source-image\" src=\"http:\/\/blog.utp.edu.co\/observatoriosocial\/files\/2024\/05\/grafico-de-torta-1.png\" width=\"41\" height=\"41\" loading=\"lazy\" alt=\"\" \/><\/span><span class=\"uagb-icon-list__label\">Consolidaci\u00f3n, seguimiento y an\u00e1lisis estad\u00edstico de los apoyos socioecon\u00f3micos y su impacto en la poblaci\u00f3n estudiantil<\/span><\/div>\n\n\n\n<div class=\"wp-block-uagb-icon-list-child uagb-block-aa2fe15e\"><span class=\"uagb-icon-list__source-wrap\"><img decoding=\"async\" class=\"uagb-icon-list__source-image\" src=\"http:\/\/blog.utp.edu.co\/observatoriosocial\/files\/2024\/05\/grafico.png\" width=\"41\" height=\"41\" loading=\"lazy\" alt=\"\" \/><\/span><span class=\"uagb-icon-list__label\">Articulaci\u00f3n y seguimiento del PDI y del Plan de Gobierno<\/span><\/div>\n\n\n\n<div class=\"wp-block-uagb-icon-list-child uagb-block-4daf74ef\"><span class=\"uagb-icon-list__source-wrap\"><img decoding=\"async\" class=\"uagb-icon-list__source-image\" src=\"http:\/\/blog.utp.edu.co\/observatoriosocial\/files\/2024\/05\/television.png\" width=\"41\" height=\"41\" loading=\"lazy\" alt=\"\" \/><\/span><span class=\"uagb-icon-list__label\">Suministrar informaci\u00f3n estad\u00edstica a grupos de inter\u00e9s para la toma de decisiones.<\/span><\/div>\n<\/div><\/div>\n\n\n\n<div class=\"wp-block-uagb-container uagb-block-922c583a\">\n<hr class=\"wp-block-separator has-text-color has-alpha-channel-opacity has-background is-style-dots\" style=\"margin-top:var(--wp--preset--spacing--50);margin-bottom:var(--wp--preset--spacing--50);background-color:#ff9a3e;color:#ff9a3e\" \/>\n\n\n\n<h2 class=\"wp-block-heading has-text-align-center has-text-color has-link-color has-x-large-font-size wp-elements-14f92234620462041fc68d91a0386e98\" style=\"color:#e9791a\"><strong>TEMATICAS DE INVESTIGACION<\/strong><\/h2>\n\n\n\n<div class=\"wp-block-uagb-icon-list uagb-block-bcc355d0\"><div class=\"uagb-icon-list__wrap\">\n<div class=\"wp-block-uagb-icon-list-child uagb-block-9dc57d28\"><span class=\"uagb-icon-list__source-wrap\"><img decoding=\"async\" class=\"uagb-icon-list__source-image\" src=\"http:\/\/blog.utp.edu.co\/observatoriosocial\/files\/2024\/05\/avance-rapido.png\" width=\"20\" height=\"20\" loading=\"lazy\" alt=\"\" \/><\/span><span class=\"uagb-icon-list__label\">Innovaci\u00f3n y gestion social <\/span><\/div>\n\n\n\n<div class=\"wp-block-uagb-icon-list-child uagb-block-ac8796b5\"><span class=\"uagb-icon-list__source-wrap\"><img decoding=\"async\" class=\"uagb-icon-list__source-image\" src=\"http:\/\/blog.utp.edu.co\/observatoriosocial\/files\/2024\/05\/avance-rapido.png\" width=\"20\" height=\"20\" loading=\"lazy\" alt=\"\" \/><\/span><span class=\"uagb-icon-list__label\">Inclusi\u00f3n social con enfoque diferecnial<\/span><\/div>\n\n\n\n<div class=\"wp-block-uagb-icon-list-child uagb-block-e9d61031\"><span class=\"uagb-icon-list__source-wrap\"><img decoding=\"async\" class=\"uagb-icon-list__source-image\" src=\"http:\/\/blog.utp.edu.co\/observatoriosocial\/files\/2024\/05\/avance-rapido.png\" width=\"20\" height=\"20\" loading=\"lazy\" alt=\"\" \/><\/span><span class=\"uagb-icon-list__label\">Calidad de vida en contextos universitarios<\/span><\/div>\n\n\n\n<div class=\"wp-block-uagb-icon-list-child uagb-block-3ca4c4ff\"><span class=\"uagb-icon-list__source-wrap\"><img decoding=\"async\" class=\"uagb-icon-list__source-image\" src=\"http:\/\/blog.utp.edu.co\/observatoriosocial\/files\/2024\/05\/avance-rapido.png\" width=\"20\" height=\"20\" loading=\"lazy\" alt=\"\" \/><\/span><span class=\"uagb-icon-list__label\">Impacto de los programas de acompa\u00f1amiento integral<\/span><\/div>\n\n\n\n<div class=\"wp-block-uagb-icon-list-child uagb-block-2a67b12f\"><span class=\"uagb-icon-list__source-wrap\"><img decoding=\"async\" class=\"uagb-icon-list__source-image\" src=\"http:\/\/blog.utp.edu.co\/observatoriosocial\/files\/2024\/05\/avance-rapido.png\" width=\"20\" height=\"20\" loading=\"lazy\" alt=\"\" \/><\/span><span class=\"uagb-icon-list__label\">Desercion universitaria y su relacion con el contexto social<\/span><\/div>\n\n\n\n<div class=\"wp-block-uagb-icon-list-child uagb-block-ec316307\"><span class=\"uagb-icon-list__source-wrap\"><img decoding=\"async\" class=\"uagb-icon-list__source-image\" src=\"http:\/\/blog.utp.edu.co\/observatoriosocial\/files\/2024\/05\/avance-rapido.png\" width=\"20\" height=\"20\" loading=\"lazy\" alt=\"\" \/><\/span><span class=\"uagb-icon-list__label\">Monitoreo de impacto de apoyos socio econ\u00f3micos<\/span><\/div>\n\n\n\n<div class=\"wp-block-uagb-icon-list-child uagb-block-9823d695\"><span class=\"uagb-icon-list__source-wrap\"><img decoding=\"async\" class=\"uagb-icon-list__source-image\" src=\"http:\/\/blog.utp.edu.co\/observatoriosocial\/files\/2024\/05\/avance-rapido.png\" width=\"20\" height=\"20\" loading=\"lazy\" alt=\"\" \/><\/span><span class=\"uagb-icon-list__label\">Perfil y caracterizaci\u00f3n de los estudiantes<\/span><\/div>\n\n\n\n<div class=\"wp-block-uagb-icon-list-child uagb-block-3ea2d2b2\"><span class=\"uagb-icon-list__source-wrap\"><img decoding=\"async\" class=\"uagb-icon-list__source-image\" src=\"http:\/\/blog.utp.edu.co\/observatoriosocial\/files\/2024\/05\/avance-rapido.png\" width=\"20\" height=\"20\" loading=\"lazy\" alt=\"\" \/><\/span><span class=\"uagb-icon-list__label\">Modos, condiciones y estilos de vida saludables de la poblaci\u00f3n universitaria<\/span><\/div>\n\n\n\n<div class=\"wp-block-uagb-icon-list-child uagb-block-9bc46b91\"><span class=\"uagb-icon-list__source-wrap\"><img decoding=\"async\" class=\"uagb-icon-list__source-image\" src=\"http:\/\/blog.utp.edu.co\/observatoriosocial\/files\/2024\/05\/avance-rapido.png\" width=\"20\" height=\"20\" loading=\"lazy\" alt=\"\" \/><\/span><span class=\"uagb-icon-list__label\">Pr\u00e1cticas relacionadas con el acceso a la educaci\u00f3n superior (orientaci\u00f3n vocacional, intervenciones acad\u00e9micas)<\/span><\/div>\n\n\n\n<div class=\"wp-block-uagb-icon-list-child uagb-block-3136b6d1\"><span class=\"uagb-icon-list__source-wrap\"><img decoding=\"async\" class=\"uagb-icon-list__source-image\" src=\"http:\/\/blog.utp.edu.co\/observatoriosocial\/files\/2024\/05\/avance-rapido.png\" width=\"20\" height=\"20\" loading=\"lazy\" alt=\"\" \/><\/span><span class=\"uagb-icon-list__label\">Evaluaci\u00f3n de factores de riesgos familiar, econ\u00f3mico, biopsicosocial y acad\u00e9mico de la comunidad universitaria<\/span><\/div>\n\n\n\n<div class=\"wp-block-uagb-icon-list-child uagb-block-f03b743b\"><span class=\"uagb-icon-list__source-wrap\"><img decoding=\"async\" class=\"uagb-icon-list__source-image\" src=\"http:\/\/blog.utp.edu.co\/observatoriosocial\/files\/2024\/05\/avance-rapido.png\" width=\"20\" height=\"20\" loading=\"lazy\" alt=\"\" \/><\/span><span class=\"uagb-icon-list__label\">Prevalencia e incidencia del consumo de sustancias psicoactivas en la poblaci\u00f3n estudiantil universitaria<\/span><\/div>\n<\/div><\/div>\n<\/div>\n\n\n\n<div class=\"wp-block-uagb-container uagb-block-c9402b8c\">\n<hr class=\"wp-block-separator has-text-color has-alpha-channel-opacity has-background is-style-dots\" style=\"margin-top:var(--wp--preset--spacing--50);margin-bottom:var(--wp--preset--spacing--50);background-color:#ff9a3e;color:#ff9a3e\" \/>\n\n\n\n<h2 class=\"wp-block-heading has-text-align-center has-text-color has-link-color has-x-large-font-size wp-elements-3d70dd4b0069256d7bd76ef3d1043431\" style=\"color:#e9791a\"><strong>\u00bfQUIENES SOMOS?<\/strong><\/h2>\n\n\n\n<div class=\"wp-block-group is-nowrap is-layout-flex wp-container-core-group-is-layout-6c531013 wp-block-group-is-layout-flex\">\n<h4 class=\"wp-block-heading\"><strong>Genaro Daza Santacoloma<a href=\"http:\/\/blog.utp.edu.co\/observatoriosocial\/files\/2022\/04\/genaro-1.png\"><img loading=\"lazy\" decoding=\"async\" src=\"http:\/\/blog.utp.edu.co\/observatoriosocial\/files\/2022\/04\/genaro-1.png\" alt=\"\" width=\"204\" height=\"213\"><\/a><\/strong><\/h4>\n\n\n\n<ul class=\"wp-block-list\">\n<li>\n<ul class=\"wp-block-list\">\n<li>\n<ul class=\"wp-block-list\">\n<li>Doctorado en Ingenier\u00eda &#8211; L\u00ednea Autom\u00e1tica<\/li>\n\n\n\n<li>Mag\u00edster en Ingenier\u00eda Automatizaci\u00f3n Industrial<\/li>\n\n\n\n<li>Ingeniero Electr\u00f3nico<\/li>\n\n\n\n<li>L\u00edder del proceso<\/li>\n\n\n\n<li>Correo: observatoriosocial@utp.edu.co<\/li>\n\n\n\n<li>Tel\u00e9fono: (6) 313 74 56<\/li>\n<\/ul>\n<\/li>\n<\/ul>\n<\/li>\n<\/ul>\n<\/div>\n\n\n\n<div class=\"wp-block-group is-nowrap is-layout-flex wp-container-core-group-is-layout-6c531013 wp-block-group-is-layout-flex\">\n<ul class=\"wp-block-list\">\n<li>\n<ul class=\"wp-block-list\">\n<li>\n<ul class=\"wp-block-list\">\n<li>Ingeniera Industrial<\/li>\n\n\n\n<li>Esp. Administraci\u00f3n Financiera<\/li>\n\n\n\n<li>Profesional de Apoyo<\/li>\n\n\n\n<li>Correo: observatoriosocial@utp.edu.co<\/li>\n\n\n\n<li>Tel\u00e9fono:&nbsp;(6) 313 74 56<\/li>\n<\/ul>\n<\/li>\n<\/ul>\n<\/li>\n<\/ul>\n\n\n\n<div class=\"wp-block-uagb-container uagb-block-429f6fd4\"><\/div>\n\n\n\n<h4 class=\"wp-block-heading\"><strong><b>Ang\u00e9lica<\/b><strong>\u00a0L\u00f3pez G\u00f3mez<\/strong><\/strong><img loading=\"lazy\" decoding=\"async\" width=\"563\" height=\"598\" class=\"wp-image-34351\" style=\"width: 150px\" src=\"http:\/\/blog.utp.edu.co\/observatoriosocial\/files\/2022\/04\/Angelica.png\" alt=\"\" srcset=\"https:\/\/blog.utp.edu.co\/observatoriosocial\/files\/2022\/04\/Angelica.png 563w, https:\/\/blog.utp.edu.co\/observatoriosocial\/files\/2022\/04\/Angelica-282x300.png 282w\" sizes=\"auto, (max-width: 563px) 100vw, 563px\" \/><\/h4>\n<\/div>\n<\/div>\n\n\n\n<div class=\"wp-block-group is-nowrap is-layout-flex wp-container-core-group-is-layout-6c531013 wp-block-group-is-layout-flex\">\n<ul class=\"wp-block-list\">\n<li>\n<ul class=\"wp-block-list\">\n<li>Ingeniera Industrial<\/li>\n\n\n\n<li>M. Sc. Administraci\u00f3n Econ\u00f3mica y Financiera<\/li>\n\n\n\n<li>Profesional de Apoyo<\/li>\n\n\n\n<li>Correo: jhiguera@utp.edu.co<\/li>\n\n\n\n<li>Tel\u00e9fono:&nbsp;(6) 313 74 56<\/li>\n<\/ul>\n<\/li>\n<\/ul>\n\n\n\n<div class=\"wp-block-uagb-container uagb-block-cd9ba7f7\"><\/div>\n\n\n\n<h4 class=\"wp-block-heading\"><a href=\"http:\/\/blog.utp.edu.co\/observatoriosocial\/files\/2022\/04\/jeimy.png\"><img loading=\"lazy\" decoding=\"async\" src=\"http:\/\/blog.utp.edu.co\/observatoriosocial\/files\/2022\/04\/jeimy.png\" alt=\"\" width=\"195\" height=\"200\"><\/a><b>Jeimy Higuera Molina<\/b><\/h4>\n<\/div>\n\n\n\n<div class=\"wp-block-group is-nowrap is-layout-flex wp-container-core-group-is-layout-6c531013 wp-block-group-is-layout-flex\">\n<h4 class=\"wp-block-heading\"><a href=\"http:\/\/blog.utp.edu.co\/observatoriosocial\/files\/2022\/04\/Santiago.png\"><img loading=\"lazy\" decoding=\"async\" src=\"http:\/\/blog.utp.edu.co\/observatoriosocial\/files\/2022\/04\/Santiago.png\" alt=\"\" width=\"184\" height=\"193\"><\/a><\/h4>\n\n\n\n<h4 class=\"wp-block-heading\"><strong>Santiago Mar\u00edn Mej\u00eda<\/strong><\/h4>\n\n\n\n<ul class=\"wp-block-list\">\n<li>\n<ul class=\"wp-block-list\">\n<li>\n<ul class=\"wp-block-list\">\n<li>Ingeniero Industrial<\/li>\n\n\n\n<li>M. Sc. Ingenier\u00eda Sistemas y Computaci\u00f3n<\/li>\n\n\n\n<li>Profesional de Apoyo<\/li>\n\n\n\n<li>Correo: observatoriosocial@utp.edu.co<\/li>\n\n\n\n<li>Tel\u00e9fono:&nbsp;(6) 313 74 56<\/li>\n<\/ul>\n<\/li>\n<\/ul>\n<\/li>\n<\/ul>\n<\/div>\n<\/div>\n<\/div>\n","protected":false},"excerpt":{"rendered":"<p>El Observatorio Social desarrolla labores de monitoreo, seguimiento, evaluaci\u00f3n, investigaci\u00f3n&nbsp; y sistematizaci\u00f3n de pol\u00edticas, estrategias, programas, proyectos internos, externos y grupos poblacionales de inter\u00e9s, que conlleve a dar explicaci\u00f3n, comprensi\u00f3n y visibilizaci\u00f3n de las problem\u00e1ticas sociales a trav\u00e9s de instrumentos y herramientas que permitan la construcci\u00f3n de insumos pertinentes para la toma de decisiones, la [&hellip;]<\/p>\n","protected":false},"author":57,"featured_media":4771,"parent":0,"menu_order":0,"comment_status":"closed","ping_status":"closed","template":"","meta":{"_uag_custom_page_level_css":"","site-sidebar-layout":"default","site-content-layout":"","ast-site-content-layout":"default","site-content-style":"default","site-sidebar-style":"default","ast-global-header-display":"","ast-banner-title-visibility":"","ast-main-header-display":"","ast-hfb-above-header-display":"","ast-hfb-below-header-display":"","ast-hfb-mobile-header-display":"","site-post-title":"","ast-breadcrumbs-content":"","ast-featured-img":"","footer-sml-layout":"","ast-disable-related-posts":"","theme-transparent-header-meta":"","adv-header-id-meta":"","stick-header-meta":"","header-above-stick-meta":"","header-main-stick-meta":"","header-below-stick-meta":"","astra-migrate-meta-layouts":"set","ast-page-background-enabled":"default","ast-page-background-meta":{"desktop":{"background-color":"var(--ast-global-color-4)","background-image":"","background-repeat":"repeat","background-position":"center center","background-size":"auto","background-attachment":"scroll","background-type":"","background-media":"","overlay-type":"","overlay-color":"","overlay-opacity":"","overlay-gradient":""},"tablet":{"background-color":"","background-image":"","background-repeat":"repeat","background-position":"center center","background-size":"auto","background-attachment":"scroll","background-type":"","background-media":"","overlay-type":"","overlay-color":"","overlay-opacity":"","overlay-gradient":""},"mobile":{"background-color":"","background-image":"","background-repeat":"repeat","background-position":"center center","background-size":"auto","background-attachment":"scroll","background-type":"","background-media":"","overlay-type":"","overlay-color":"","overlay-opacity":"","overlay-gradient":""}},"ast-content-background-meta":{"desktop":{"background-color":"var(--ast-global-color-5)","background-image":"","background-repeat":"repeat","background-position":"center center","background-size":"auto","background-attachment":"scroll","background-type":"","background-media":"","overlay-type":"","overlay-color":"","overlay-opacity":"","overlay-gradient":""},"tablet":{"background-color":"var(--ast-global-color-5)","background-image":"","background-repeat":"repeat","background-position":"center center","background-size":"auto","background-attachment":"scroll","background-type":"","background-media":"","overlay-type":"","overlay-color":"","overlay-opacity":"","overlay-gradient":""},"mobile":{"background-color":"var(--ast-global-color-5)","background-image":"","background-repeat":"repeat","background-position":"center center","background-size":"auto","background-attachment":"scroll","background-type":"","background-media":"","overlay-type":"","overlay-color":"","overlay-opacity":"","overlay-gradient":""}},"footnotes":""},"class_list":["post-2041","page","type-page","status-publish","has-post-thumbnail","hentry"],"uagb_featured_image_src":{"full":["https:\/\/blog.utp.edu.co\/observatoriosocial\/files\/2018\/03\/imagen-destacada.png",1195,23,false],"thumbnail":["https:\/\/blog.utp.edu.co\/observatoriosocial\/files\/2018\/03\/imagen-destacada-150x23.png",145,22,true],"medium":["https:\/\/blog.utp.edu.co\/observatoriosocial\/files\/2018\/03\/imagen-destacada-300x6.png",300,6,true],"medium_large":["https:\/\/blog.utp.edu.co\/observatoriosocial\/files\/2018\/03\/imagen-destacada-768x15.png",768,15,true],"large":["https:\/\/blog.utp.edu.co\/observatoriosocial\/files\/2018\/03\/imagen-destacada-1024x20.png",785,15,true],"1536x1536":["https:\/\/blog.utp.edu.co\/observatoriosocial\/files\/2018\/03\/imagen-destacada.png",1195,23,false],"2048x2048":["https:\/\/blog.utp.edu.co\/observatoriosocial\/files\/2018\/03\/imagen-destacada.png",1195,23,false]},"uagb_author_info":{"display_name":"observatoriosocial","author_link":"https:\/\/blog.utp.edu.co\/observatoriosocial\/author\/observatoriosocial\/"},"uagb_comment_info":0,"uagb_excerpt":"El Observatorio Social desarrolla labores de monitoreo, seguimiento, evaluaci\u00f3n, investigaci\u00f3n&nbsp; y sistematizaci\u00f3n de pol\u00edticas, estrategias, programas, proyectos internos, externos y grupos poblacionales de inter\u00e9s, que conlleve a dar explicaci\u00f3n, comprensi\u00f3n y visibilizaci\u00f3n de las problem\u00e1ticas sociales a trav\u00e9s de instrumentos y herramientas que permitan la construcci\u00f3n de insumos pertinentes para la toma de decisiones, la&hellip;","_links":{"self":[{"href":"https:\/\/blog.utp.edu.co\/observatoriosocial\/wp-json\/wp\/v2\/pages\/2041","targetHints":{"allow":["GET"]}}],"collection":[{"href":"https:\/\/blog.utp.edu.co\/observatoriosocial\/wp-json\/wp\/v2\/pages"}],"about":[{"href":"https:\/\/blog.utp.edu.co\/observatoriosocial\/wp-json\/wp\/v2\/types\/page"}],"author":[{"embeddable":true,"href":"https:\/\/blog.utp.edu.co\/observatoriosocial\/wp-json\/wp\/v2\/users\/57"}],"replies":[{"embeddable":true,"href":"https:\/\/blog.utp.edu.co\/observatoriosocial\/wp-json\/wp\/v2\/comments?post=2041"}],"version-history":[{"count":114,"href":"https:\/\/blog.utp.edu.co\/observatoriosocial\/wp-json\/wp\/v2\/pages\/2041\/revisions"}],"predecessor-version":[{"id":36299,"href":"https:\/\/blog.utp.edu.co\/observatoriosocial\/wp-json\/wp\/v2\/pages\/2041\/revisions\/36299"}],"wp:featuredmedia":[{"embeddable":true,"href":"https:\/\/blog.utp.edu.co\/observatoriosocial\/wp-json\/wp\/v2\/media\/4771"}],"wp:attachment":[{"href":"https:\/\/blog.utp.edu.co\/observatoriosocial\/wp-json\/wp\/v2\/media?parent=2041"}],"curies":[{"name":"wp","href":"https:\/\/api.w.org\/{rel}","templated":true}]}}