{"id":15371,"date":"2019-07-22T19:39:21","date_gmt":"2019-07-22T19:39:21","guid":{"rendered":"http:\/\/blog.utp.edu.co\/observatoriosocial\/?page_id=15371"},"modified":"2024-06-04T15:16:41","modified_gmt":"2024-06-04T20:16:41","slug":"horizonte","status":"publish","type":"page","link":"https:\/\/blog.utp.edu.co\/observatoriosocial\/horizonte\/","title":{"rendered":"HORIZONTE"},"content":{"rendered":"\n<p class=\"has-text-align-center\"><span style=\"color: #003366\"><strong>PROCESOS FORMATIVOS EN RESPONSABILIDAD SOCIAL<\/strong><\/span><\/p>\n\n\n\n<figure class=\"wp-block-table\"><table style=\"border-style:none;border-width:0px\"><tbody><tr><td class=\"has-text-align-center\" data-align=\"center\"><figure><a href=\"http:\/\/blog.utp.edu.co\/observatoriosocial\/files\/2019\/04\/PROPUESTA.png\"><img loading=\"lazy\" decoding=\"async\" width=\"1573\" height=\"792\" class=\"aligncenter size-full wp-image-13041\" src=\"http:\/\/blog.utp.edu.co\/observatoriosocial\/files\/2019\/04\/PROPUESTA.png\" alt=\"\" srcset=\"https:\/\/blog.utp.edu.co\/observatoriosocial\/files\/2019\/04\/PROPUESTA.png 1573w, https:\/\/blog.utp.edu.co\/observatoriosocial\/files\/2019\/04\/PROPUESTA-300x151.png 300w, https:\/\/blog.utp.edu.co\/observatoriosocial\/files\/2019\/04\/PROPUESTA-768x387.png 768w, https:\/\/blog.utp.edu.co\/observatoriosocial\/files\/2019\/04\/PROPUESTA-1024x516.png 1024w\" sizes=\"auto, (max-width: 1573px) 100vw, 1573px\" \/><\/a><\/figure><\/td><td class=\"has-text-align-center\" data-align=\"center\"><figure><a href=\"http:\/\/blog.utp.edu.co\/observatoriosocial\/files\/2019\/04\/Horizonte.png\"><img loading=\"lazy\" decoding=\"async\" width=\"962\" height=\"702\" class=\"aligncenter size-full wp-image-10221\" src=\"http:\/\/blog.utp.edu.co\/observatoriosocial\/files\/2019\/04\/Horizonte.png\" alt=\"\" srcset=\"https:\/\/blog.utp.edu.co\/observatoriosocial\/files\/2019\/04\/Horizonte.png 962w, https:\/\/blog.utp.edu.co\/observatoriosocial\/files\/2019\/04\/Horizonte-300x219.png 300w, https:\/\/blog.utp.edu.co\/observatoriosocial\/files\/2019\/04\/Horizonte-768x560.png 768w\" sizes=\"auto, (max-width: 962px) 100vw, 962px\" \/><\/a><\/figure><\/td><\/tr><\/tbody><\/table><\/figure>\n\n\n\n<p class=\"has-text-align-center\"><span style=\"color: #003366\"><strong>GEORREFERENCIACI\u00d3N<\/strong><\/span><\/p>\n\n\n\n<figure class=\"wp-block-table\"><table style=\"border-style:none;border-width:0px\"><tbody><tr><td class=\"has-text-align-center\" data-align=\"center\"><br><p><b><i>R\u00c9PLICA DEL PROGRAMA DE ACOMPA\u00d1AMIENTO EDUCATIVO PAE\u00a0<\/i><\/b><b><i>A\u00d1O 2004<\/i><\/b><\/p><br><figure><a href=\"http:\/\/blog.utp.edu.co\/observatoriosocial\/files\/2019\/04\/PAE.jpg\"><img loading=\"lazy\" decoding=\"async\" width=\"354\" height=\"484\" class=\"aligncenter size-full wp-image-13071\" src=\"http:\/\/blog.utp.edu.co\/observatoriosocial\/files\/2019\/04\/PAE.jpg\" alt=\"\" srcset=\"https:\/\/blog.utp.edu.co\/observatoriosocial\/files\/2019\/04\/PAE.jpg 354w, https:\/\/blog.utp.edu.co\/observatoriosocial\/files\/2019\/04\/PAE-219x300.jpg 219w\" sizes=\"auto, (max-width: 354px) 100vw, 354px\" \/><\/a><\/figure><br><\/td><td class=\"has-text-align-center\" data-align=\"center\"><br><p><a href=\"https:\/\/www.google.com\/maps\/d\/u\/0\/viewer?mid=128Ezm3ZPL2byWQL2DeGC27OlLu_h-1aI\">clic: Georreferenciaci\u00f3n<\/a><\/p><br><figure><img loading=\"lazy\" decoding=\"async\" width=\"1016\" height=\"762\" class=\"aligncenter size-full wp-image-13721\" src=\"http:\/\/blog.utp.edu.co\/observatoriosocial\/files\/2019\/04\/PAE2.png\" alt=\"\" srcset=\"https:\/\/blog.utp.edu.co\/observatoriosocial\/files\/2019\/04\/PAE2.png 1016w, https:\/\/blog.utp.edu.co\/observatoriosocial\/files\/2019\/04\/PAE2-300x225.png 300w, https:\/\/blog.utp.edu.co\/observatoriosocial\/files\/2019\/04\/PAE2-768x576.png 768w, https:\/\/blog.utp.edu.co\/observatoriosocial\/files\/2019\/04\/PAE2-400x300.png 400w\" sizes=\"auto, (max-width: 1016px) 100vw, 1016px\" \/><\/figure><p><a href=\"https:\/\/www.google.com\/maps\/d\/u\/0\/viewer?mid=128Ezm3ZPL2byWQL2DeGC27OlLu_h-1aI\"><br><\/a><\/p><br><\/td><\/tr><tr><td class=\"has-text-align-center\" data-align=\"center\"><br><p><strong>GU\u00cdA PARA LA ATENCI\u00d3N EDUCATIVA EN EL AULA DESDE LA DIVERSIDAD. RISARALDA 2011<\/strong><\/p><br><figure><a href=\"http:\/\/blog.utp.edu.co\/observatoriosocial\/files\/2019\/04\/DIVERSIDAD.jpg\"><img loading=\"lazy\" decoding=\"async\" width=\"2856\" height=\"3496\" class=\"aligncenter size-full wp-image-13731\" src=\"http:\/\/blog.utp.edu.co\/observatoriosocial\/files\/2019\/04\/DIVERSIDAD.jpg\" alt=\"\" style=\"width: 250px\" srcset=\"https:\/\/blog.utp.edu.co\/observatoriosocial\/files\/2019\/04\/DIVERSIDAD.jpg 2856w, https:\/\/blog.utp.edu.co\/observatoriosocial\/files\/2019\/04\/DIVERSIDAD-245x300.jpg 245w, https:\/\/blog.utp.edu.co\/observatoriosocial\/files\/2019\/04\/DIVERSIDAD-768x940.jpg 768w, https:\/\/blog.utp.edu.co\/observatoriosocial\/files\/2019\/04\/DIVERSIDAD-837x1024.jpg 837w\" sizes=\"auto, (max-width: 2856px) 100vw, 2856px\" \/><\/a><\/figure><br><\/td><td class=\"has-text-align-center\" data-align=\"center\"><br><p><a href=\"https:\/\/www.google.com\/maps\/d\/u\/0\/viewer?mid=1_Bk-VcXTQbsp6TFnzyPnSW0rB4OltmxD&amp;ll=5.115623312996703%2C-75.79346299999997&amp;z=10\">Clic:Georreferenciaci\u00f3n<\/a><\/p><br><figure><a href=\"https:\/\/www.google.com\/maps\/d\/u\/0\/viewer?mid=1_Bk-VcXTQbsp6TFnzyPnSW0rB4OltmxD&amp;ll=5.115623312996703%2C-75.79346299999997&amp;z=10\"><img loading=\"lazy\" decoding=\"async\" width=\"940\" height=\"447\" class=\"aligncenter size-full wp-image-13741\" src=\"http:\/\/blog.utp.edu.co\/observatoriosocial\/files\/2019\/04\/DIVERSIDAD1.png\" alt=\"\" srcset=\"https:\/\/blog.utp.edu.co\/observatoriosocial\/files\/2019\/04\/DIVERSIDAD1.png 940w, https:\/\/blog.utp.edu.co\/observatoriosocial\/files\/2019\/04\/DIVERSIDAD1-300x143.png 300w, https:\/\/blog.utp.edu.co\/observatoriosocial\/files\/2019\/04\/DIVERSIDAD1-768x365.png 768w\" sizes=\"auto, (max-width: 940px) 100vw, 940px\" \/><\/a><\/figure><br><\/td><\/tr><tr><td class=\"has-text-align-center\" data-align=\"center\"><br><p><b>DIPLOMADO EN GESTI\u00d3N SOCIAL RESPONSABLE<br>BAJO LOS PRINCIPIOS DEL PACTO GLOBAL, 2012<\/b><\/p><br><figure><a href=\"http:\/\/blog.utp.edu.co\/observatoriosocial\/files\/2019\/04\/DIPLOMADO.jpg\"><img loading=\"lazy\" decoding=\"async\" width=\"2744\" height=\"3640\" class=\"aligncenter size-full wp-image-13751\" src=\"http:\/\/blog.utp.edu.co\/observatoriosocial\/files\/2019\/04\/DIPLOMADO.jpg\" alt=\"\" style=\"width: 250px\" srcset=\"https:\/\/blog.utp.edu.co\/observatoriosocial\/files\/2019\/04\/DIPLOMADO.jpg 2744w, https:\/\/blog.utp.edu.co\/observatoriosocial\/files\/2019\/04\/DIPLOMADO-226x300.jpg 226w, https:\/\/blog.utp.edu.co\/observatoriosocial\/files\/2019\/04\/DIPLOMADO-768x1019.jpg 768w, https:\/\/blog.utp.edu.co\/observatoriosocial\/files\/2019\/04\/DIPLOMADO-772x1024.jpg 772w\" sizes=\"auto, (max-width: 2744px) 100vw, 2744px\" \/><\/a><\/figure><br><\/td><td class=\"has-text-align-center\" data-align=\"center\"><br><p><a href=\"https:\/\/www.google.com\/maps\/d\/u\/0\/viewer?mid=1hxzRul45ixm-ZtSbpJQUS4DFaCncZiD8&amp;ll=5.115623312996703%2C-75.79346299999997&amp;z=10\">Clic: Georreferenciaci\u00f3n<\/a><\/p><br><figure><a href=\"https:\/\/www.google.com\/maps\/d\/u\/0\/viewer?mid=1hxzRul45ixm-ZtSbpJQUS4DFaCncZiD8&amp;ll=5.115623312996703%2C-75.79346299999997&amp;z=10\"><img loading=\"lazy\" decoding=\"async\" width=\"878\" height=\"499\" class=\"aligncenter size-full wp-image-13761\" src=\"http:\/\/blog.utp.edu.co\/observatoriosocial\/files\/2019\/04\/DIPLOMADO1.png\" alt=\"\" srcset=\"https:\/\/blog.utp.edu.co\/observatoriosocial\/files\/2019\/04\/DIPLOMADO1.png 878w, https:\/\/blog.utp.edu.co\/observatoriosocial\/files\/2019\/04\/DIPLOMADO1-300x171.png 300w, https:\/\/blog.utp.edu.co\/observatoriosocial\/files\/2019\/04\/DIPLOMADO1-768x436.png 768w\" sizes=\"auto, (max-width: 878px) 100vw, 878px\" \/><\/a><\/figure><br><\/td><\/tr><tr><td class=\"has-text-align-center\" data-align=\"center\">\n<p><b>IMPLEMENTACI\u00d3N DE UN LABORATORIO DE DESARROLLO SOSTENIBLE E INNOVACI\u00d3N SOCIAL 2018<\/b><\/p><b>\n<\/b><figure><a href=\"http:\/\/blog.utp.edu.co\/observatoriosocial\/files\/2019\/04\/AGUASUTP.png\"><img decoding=\"async\" class=\"aligncenter size-full wp-image-13771\" src=\"http:\/\/blog.utp.edu.co\/observatoriosocial\/files\/2019\/04\/AGUASUTP.png\" alt=\"\" width=\"250\" srcset=\"https:\/\/blog.utp.edu.co\/observatoriosocial\/files\/2019\/04\/AGUASUTP.png 380w, https:\/\/blog.utp.edu.co\/observatoriosocial\/files\/2019\/04\/AGUASUTP-134x300.png 134w\" sizes=\"(max-width: 380px) 100vw, 380px\" \/><\/a><\/figure><p><b><\/b><\/p>\n<\/td><td class=\"has-text-align-center\" data-align=\"center\"><a href=\"https:\/\/drive.google.com\/open?id=1BuuqkyFm_MNI8pbszs5Ts3RBMf5lZetq&amp;usp=sharing\">Clic: Georreferenciaci\u00f3n<\/a><figure><a href=\"http:\/\/blog.utp.edu.co\/observatoriosocial\/files\/2019\/04\/AGUASUTP1.png\"><img loading=\"lazy\" decoding=\"async\" width=\"875\" height=\"669\" class=\"aligncenter size-full wp-image-13781\" src=\"http:\/\/blog.utp.edu.co\/observatoriosocial\/files\/2019\/04\/AGUASUTP1.png\" alt=\"\" srcset=\"https:\/\/blog.utp.edu.co\/observatoriosocial\/files\/2019\/04\/AGUASUTP1.png 875w, https:\/\/blog.utp.edu.co\/observatoriosocial\/files\/2019\/04\/AGUASUTP1-300x229.png 300w, https:\/\/blog.utp.edu.co\/observatoriosocial\/files\/2019\/04\/AGUASUTP1-768x587.png 768w\" sizes=\"auto, (max-width: 875px) 100vw, 875px\" \/><\/a><\/figure><\/td><\/tr><tr><td class=\"has-text-align-center\" data-align=\"center\"><strong>DES(MONTAJES)<\/strong> Acontecimientos del espacio para resignificar el campus universitario. La Universidad entiende que su espacio, inmanentemente p\u00fablico, es resultado de la manera como nos conducimos, a trav\u00e9s de acciones vivas y relacionales. Al orientarse de maneras distintas en el campus, cada generaci\u00f3n, grupo, comunidad, ha participado en su resignificaci\u00f3n.<\/td><td class=\"has-text-align-center\" data-align=\"center\">Clic: <a href=\"https:\/\/blog.utp.edu.co\/estrategia-de-resignificacion-del-campus\/\">https:\/\/blog.utp.edu.co\/estrategia-de-resignificacion-del-campus\/<\/a><br><img loading=\"lazy\" decoding=\"async\" width=\"966\" height=\"196\" class=\"wp-image-36325\" style=\"width: 963px\" src=\"http:\/\/blog.utp.edu.co\/observatoriosocial\/files\/2024\/06\/desmontajes.png\" alt=\"\" srcset=\"https:\/\/blog.utp.edu.co\/observatoriosocial\/files\/2024\/06\/desmontajes.png 966w, https:\/\/blog.utp.edu.co\/observatoriosocial\/files\/2024\/06\/desmontajes-300x61.png 300w, https:\/\/blog.utp.edu.co\/observatoriosocial\/files\/2024\/06\/desmontajes-785x159.png 785w, https:\/\/blog.utp.edu.co\/observatoriosocial\/files\/2024\/06\/desmontajes-768x156.png 768w\" sizes=\"auto, (max-width: 966px) 100vw, 966px\" \/><\/td><\/tr><tr><td class=\"has-text-align-center\" data-align=\"center\"><strong>LABORATORIO DE INNOVACI\u00d3N SOCIAL A\u00d1O 2022 RESIGNIFICANDO EL VALOR DEL AGUA<\/strong> \u201cEl Saneamiento H\u00eddrico, un vector de econom\u00eda circular y desarrollo sostenible\u201d.<\/td><td class=\"has-text-align-center\" data-align=\"center\"><img loading=\"lazy\" decoding=\"async\" width=\"546\" height=\"223\" class=\"wp-image-36326\" style=\"width: 600px\" src=\"http:\/\/blog.utp.edu.co\/observatoriosocial\/files\/2024\/06\/lab.png\" alt=\"\" srcset=\"https:\/\/blog.utp.edu.co\/observatoriosocial\/files\/2024\/06\/lab.png 546w, https:\/\/blog.utp.edu.co\/observatoriosocial\/files\/2024\/06\/lab-300x123.png 300w\" sizes=\"auto, (max-width: 546px) 100vw, 546px\" \/><img loading=\"lazy\" decoding=\"async\" width=\"579\" height=\"280\" class=\"wp-image-36327\" style=\"width: 500px\" src=\"http:\/\/blog.utp.edu.co\/observatoriosocial\/files\/2024\/06\/lab2.png\" alt=\"\" srcset=\"https:\/\/blog.utp.edu.co\/observatoriosocial\/files\/2024\/06\/lab2.png 579w, https:\/\/blog.utp.edu.co\/observatoriosocial\/files\/2024\/06\/lab2-300x145.png 300w\" sizes=\"auto, (max-width: 579px) 100vw, 579px\" \/><\/td><\/tr><tr><td class=\"has-text-align-center\" data-align=\"center\"><strong>LABORATORIO DE INNOVACI\u00d3N SOCIAL A\u00d1O 2023 &#8211; RESIGNIFICANDO EL VALOR DEL AGUA<\/strong> \u201cConservar los bosques para la seguridad de h\u00eddrica de la cuenca del R\u00edo Ot\u00fan\u201d.<\/td><td class=\"has-text-align-center\" data-align=\"center\"><img loading=\"lazy\" decoding=\"async\" width=\"425\" height=\"329\" class=\"wp-image-36328\" style=\"width: 500px\" src=\"http:\/\/blog.utp.edu.co\/observatoriosocial\/files\/2024\/06\/lab2023.jpg\" alt=\"\" srcset=\"https:\/\/blog.utp.edu.co\/observatoriosocial\/files\/2024\/06\/lab2023.jpg 425w, https:\/\/blog.utp.edu.co\/observatoriosocial\/files\/2024\/06\/lab2023-300x232.jpg 300w\" sizes=\"auto, (max-width: 425px) 100vw, 425px\" \/><\/td><\/tr><\/tbody><\/table><\/figure>\n","protected":false},"excerpt":{"rendered":"<p>PROCESOS FORMATIVOS EN RESPONSABILIDAD SOCIAL GEORREFERENCIACI\u00d3N R\u00c9PLICA DEL PROGRAMA DE ACOMPA\u00d1AMIENTO EDUCATIVO PAE\u00a0A\u00d1O 2004 clic: Georreferenciaci\u00f3n GU\u00cdA PARA LA ATENCI\u00d3N EDUCATIVA EN EL AULA DESDE LA DIVERSIDAD. RISARALDA 2011 Clic:Georreferenciaci\u00f3n DIPLOMADO EN GESTI\u00d3N SOCIAL RESPONSABLEBAJO LOS PRINCIPIOS DEL PACTO GLOBAL, 2012 Clic: Georreferenciaci\u00f3n IMPLEMENTACI\u00d3N DE UN LABORATORIO DE DESARROLLO SOSTENIBLE E INNOVACI\u00d3N SOCIAL 2018 Clic: [&hellip;]<\/p>\n","protected":false},"author":57,"featured_media":0,"parent":0,"menu_order":0,"comment_status":"closed","ping_status":"closed","template":"","meta":{"_uag_custom_page_level_css":"","site-sidebar-layout":"default","site-content-layout":"","ast-site-content-layout":"default","site-content-style":"default","site-sidebar-style":"default","ast-global-header-display":"","ast-banner-title-visibility":"","ast-main-header-display":"","ast-hfb-above-header-display":"","ast-hfb-below-header-display":"","ast-hfb-mobile-header-display":"","site-post-title":"","ast-breadcrumbs-content":"","ast-featured-img":"","footer-sml-layout":"","ast-disable-related-posts":"","theme-transparent-header-meta":"","adv-header-id-meta":"","stick-header-meta":"","header-above-stick-meta":"","header-main-stick-meta":"","header-below-stick-meta":"","astra-migrate-meta-layouts":"set","ast-page-background-enabled":"default","ast-page-background-meta":{"desktop":{"background-color":"var(--ast-global-color-4)","background-image":"","background-repeat":"repeat","background-position":"center center","background-size":"auto","background-attachment":"scroll","background-type":"","background-media":"","overlay-type":"","overlay-color":"","overlay-opacity":"","overlay-gradient":""},"tablet":{"background-color":"","background-image":"","background-repeat":"repeat","background-position":"center center","background-size":"auto","background-attachment":"scroll","background-type":"","background-media":"","overlay-type":"","overlay-color":"","overlay-opacity":"","overlay-gradient":""},"mobile":{"background-color":"","background-image":"","background-repeat":"repeat","background-position":"center center","background-size":"auto","background-attachment":"scroll","background-type":"","background-media":"","overlay-type":"","overlay-color":"","overlay-opacity":"","overlay-gradient":""}},"ast-content-background-meta":{"desktop":{"background-color":"var(--ast-global-color-5)","background-image":"","background-repeat":"repeat","background-position":"center center","background-size":"auto","background-attachment":"scroll","background-type":"","background-media":"","overlay-type":"","overlay-color":"","overlay-opacity":"","overlay-gradient":""},"tablet":{"background-color":"var(--ast-global-color-5)","background-image":"","background-repeat":"repeat","background-position":"center center","background-size":"auto","background-attachment":"scroll","background-type":"","background-media":"","overlay-type":"","overlay-color":"","overlay-opacity":"","overlay-gradient":""},"mobile":{"background-color":"var(--ast-global-color-5)","background-image":"","background-repeat":"repeat","background-position":"center center","background-size":"auto","background-attachment":"scroll","background-type":"","background-media":"","overlay-type":"","overlay-color":"","overlay-opacity":"","overlay-gradient":""}},"footnotes":""},"class_list":["post-15371","page","type-page","status-publish","hentry"],"uagb_featured_image_src":{"full":false,"thumbnail":false,"medium":false,"medium_large":false,"large":false,"1536x1536":false,"2048x2048":false},"uagb_author_info":{"display_name":"observatoriosocial","author_link":"https:\/\/blog.utp.edu.co\/observatoriosocial\/author\/observatoriosocial\/"},"uagb_comment_info":0,"uagb_excerpt":"PROCESOS FORMATIVOS EN RESPONSABILIDAD SOCIAL GEORREFERENCIACI\u00d3N R\u00c9PLICA DEL PROGRAMA DE ACOMPA\u00d1AMIENTO EDUCATIVO PAE\u00a0A\u00d1O 2004 clic: Georreferenciaci\u00f3n GU\u00cdA PARA LA ATENCI\u00d3N EDUCATIVA EN EL AULA DESDE LA DIVERSIDAD. RISARALDA 2011 Clic:Georreferenciaci\u00f3n DIPLOMADO EN GESTI\u00d3N SOCIAL RESPONSABLEBAJO LOS PRINCIPIOS DEL PACTO GLOBAL, 2012 Clic: Georreferenciaci\u00f3n IMPLEMENTACI\u00d3N DE UN LABORATORIO DE DESARROLLO SOSTENIBLE E INNOVACI\u00d3N SOCIAL 2018 Clic:&hellip;","_links":{"self":[{"href":"https:\/\/blog.utp.edu.co\/observatoriosocial\/wp-json\/wp\/v2\/pages\/15371","targetHints":{"allow":["GET"]}}],"collection":[{"href":"https:\/\/blog.utp.edu.co\/observatoriosocial\/wp-json\/wp\/v2\/pages"}],"about":[{"href":"https:\/\/blog.utp.edu.co\/observatoriosocial\/wp-json\/wp\/v2\/types\/page"}],"author":[{"embeddable":true,"href":"https:\/\/blog.utp.edu.co\/observatoriosocial\/wp-json\/wp\/v2\/users\/57"}],"replies":[{"embeddable":true,"href":"https:\/\/blog.utp.edu.co\/observatoriosocial\/wp-json\/wp\/v2\/comments?post=15371"}],"version-history":[{"count":11,"href":"https:\/\/blog.utp.edu.co\/observatoriosocial\/wp-json\/wp\/v2\/pages\/15371\/revisions"}],"predecessor-version":[{"id":36330,"href":"https:\/\/blog.utp.edu.co\/observatoriosocial\/wp-json\/wp\/v2\/pages\/15371\/revisions\/36330"}],"wp:attachment":[{"href":"https:\/\/blog.utp.edu.co\/observatoriosocial\/wp-json\/wp\/v2\/media?parent=15371"}],"curies":[{"name":"wp","href":"https:\/\/api.w.org\/{rel}","templated":true}]}}