{"id":470,"date":"2024-08-12T14:08:17","date_gmt":"2024-08-12T14:08:17","guid":{"rendered":"https:\/\/blog.utp.edu.co\/labsimulacionclinica\/?page_id=470"},"modified":"2024-08-12T14:08:18","modified_gmt":"2024-08-12T14:08:18","slug":"servicios","status":"publish","type":"page","link":"https:\/\/blog.utp.edu.co\/labsimulacionclinica\/servicios\/","title":{"rendered":"Servicios"},"content":{"rendered":"\n<p>Contenido de la p\u00e1gina&#8230;<\/p>\n\n\n\n<h2 class=\"wp-block-heading has-accent-color has-black-background-color has-text-color has-background has-link-color wp-elements-005eac4ce7d3d1a1346cb44f8625e8d5\">T\u00edtulo 1<\/h2>\n\n\n\n<p>Contenido del t\u00edtulo 1<\/p>\n\n\n\n<h2 class=\"wp-block-heading\">T\u00edtulo 2<\/h2>\n\n\n\n<p>Contenido del t\u00edtulo 2<\/p>\n\n\n\n<div class=\"wp-block-columns are-vertically-aligned-center is-layout-flex wp-container-core-columns-is-layout-28f84493 wp-block-columns-is-layout-flex\">\n<div class=\"wp-block-column is-vertically-aligned-center is-layout-flow wp-block-column-is-layout-flow\" style=\"flex-basis:33.33%\">\n<figure class=\"wp-block-image size-full\"><a href=\"http:\/\/blog.utp.edu.co\/labsimulacionclinica\/files\/2013\/03\/cropped-get-maniqui-medico.jpg\"><img loading=\"lazy\" decoding=\"async\" width=\"624\" height=\"288\" src=\"http:\/\/blog.utp.edu.co\/labsimulacionclinica\/files\/2013\/03\/cropped-get-maniqui-medico.jpg\" alt=\"\" class=\"wp-image-7\" srcset=\"https:\/\/blog.utp.edu.co\/labsimulacionclinica\/files\/2013\/03\/cropped-get-maniqui-medico.jpg 624w, https:\/\/blog.utp.edu.co\/labsimulacionclinica\/files\/2013\/03\/cropped-get-maniqui-medico-300x138.jpg 300w\" sizes=\"auto, (max-width: 624px) 100vw, 624px\" \/><\/a><\/figure>\n<\/div>\n\n\n\n<div class=\"wp-block-column is-vertically-aligned-center is-layout-flow wp-block-column-is-layout-flow\" style=\"flex-basis:66.66%\">\n<h2 class=\"wp-block-heading\">T\u00edtulo 1<\/h2>\n\n\n\n<p>Contenido del t\u00edtulo 1<\/p>\n<\/div>\n<\/div>\n\n\n\n<div class=\"wp-block-columns are-vertically-aligned-center is-layout-flex wp-container-core-columns-is-layout-28f84493 wp-block-columns-is-layout-flex\">\n<div class=\"wp-block-column is-vertically-aligned-center is-layout-flow wp-block-column-is-layout-flow\" style=\"flex-basis:66.66%\">\n<h2 class=\"wp-block-heading\">T\u00edtulo 2<\/h2>\n\n\n\n<p>Contenido del t\u00edtulo 2<\/p>\n<\/div>\n\n\n\n<div class=\"wp-block-column is-vertically-aligned-center is-layout-flow wp-block-column-is-layout-flow\" style=\"flex-basis:33.33%\">\n<figure class=\"wp-block-image size-full\"><a href=\"http:\/\/blog.utp.edu.co\/labsimulacionclinica\/files\/2013\/03\/portafolio-2.jpg\"><img loading=\"lazy\" decoding=\"async\" width=\"574\" height=\"761\" src=\"http:\/\/blog.utp.edu.co\/labsimulacionclinica\/files\/2013\/03\/portafolio-2.jpg\" alt=\"\" class=\"wp-image-35\" srcset=\"https:\/\/blog.utp.edu.co\/labsimulacionclinica\/files\/2013\/03\/portafolio-2.jpg 574w, https:\/\/blog.utp.edu.co\/labsimulacionclinica\/files\/2013\/03\/portafolio-2-226x300.jpg 226w\" sizes=\"auto, (max-width: 574px) 100vw, 574px\" \/><\/a><\/figure>\n<\/div>\n<\/div>\n\n\n\n<div data-wp-interactive=\"core\/file\" class=\"wp-block-file\"><object data-wp-bind--hidden=\"!state.hasPdfPreview\" hidden class=\"wp-block-file__embed\" data=\"https:\/\/blog.utp.edu.co\/labsimulacionclinica\/files\/2024\/08\/AA1-EV01.pdf\" type=\"application\/pdf\" style=\"width:100%;height:1243px\" aria-label=\"Incrustado de AA1-EV01.\"><\/object><a id=\"wp-block-file--media-01c8a73e-427f-4ff9-854c-df60f35f77fa\" href=\"https:\/\/blog.utp.edu.co\/labsimulacionclinica\/files\/2024\/08\/AA1-EV01.pdf\">AA1-EV01<\/a><a href=\"https:\/\/blog.utp.edu.co\/labsimulacionclinica\/files\/2024\/08\/AA1-EV01.pdf\" class=\"wp-block-file__button wp-element-button\" download aria-describedby=\"wp-block-file--media-01c8a73e-427f-4ff9-854c-df60f35f77fa\">Descarga<\/a><\/div>\n\n\n\n<figure class=\"wp-block-embed is-type-video is-provider-youtube wp-block-embed-youtube wp-embed-aspect-16-9 wp-has-aspect-ratio\"><div class=\"wp-block-embed__wrapper\">\n<iframe loading=\"lazy\" title=\"Metodologias Agiles: Kanban y comparativa con XP y Scrum\" width=\"750\" height=\"422\" src=\"https:\/\/www.youtube.com\/embed\/TX4yjjH4Eho?feature=oembed\" frameborder=\"0\" allow=\"accelerometer; autoplay; clipboard-write; encrypted-media; gyroscope; picture-in-picture; web-share\" referrerpolicy=\"strict-origin-when-cross-origin\" allowfullscreen><\/iframe>\n<\/div><\/figure>\n","protected":false},"excerpt":{"rendered":"<p>Contenido de la p\u00e1gina&#8230; T\u00edtulo 1 Contenido del t\u00edtulo 1 T\u00edtulo 2 Contenido del t\u00edtulo 2 T\u00edtulo 1 Contenido del t\u00edtulo 1 T\u00edtulo 2 Contenido del t\u00edtulo 2<\/p>\n","protected":false},"author":3281,"featured_media":0,"parent":0,"menu_order":0,"comment_status":"closed","ping_status":"closed","template":"","meta":{"footnotes":""},"class_list":["post-470","page","type-page","status-publish","hentry"],"_links":{"self":[{"href":"https:\/\/blog.utp.edu.co\/labsimulacionclinica\/wp-json\/wp\/v2\/pages\/470","targetHints":{"allow":["GET"]}}],"collection":[{"href":"https:\/\/blog.utp.edu.co\/labsimulacionclinica\/wp-json\/wp\/v2\/pages"}],"about":[{"href":"https:\/\/blog.utp.edu.co\/labsimulacionclinica\/wp-json\/wp\/v2\/types\/page"}],"author":[{"embeddable":true,"href":"https:\/\/blog.utp.edu.co\/labsimulacionclinica\/wp-json\/wp\/v2\/users\/3281"}],"replies":[{"embeddable":true,"href":"https:\/\/blog.utp.edu.co\/labsimulacionclinica\/wp-json\/wp\/v2\/comments?post=470"}],"version-history":[{"count":1,"href":"https:\/\/blog.utp.edu.co\/labsimulacionclinica\/wp-json\/wp\/v2\/pages\/470\/revisions"}],"predecessor-version":[{"id":472,"href":"https:\/\/blog.utp.edu.co\/labsimulacionclinica\/wp-json\/wp\/v2\/pages\/470\/revisions\/472"}],"wp:attachment":[{"href":"https:\/\/blog.utp.edu.co\/labsimulacionclinica\/wp-json\/wp\/v2\/media?parent=470"}],"curies":[{"name":"wp","href":"https:\/\/api.w.org\/{rel}","templated":true}]}}