{"id":21,"date":"2013-03-14T15:03:04","date_gmt":"2013-03-14T15:03:04","guid":{"rendered":"http:\/\/blog.utp.edu.co\/labsimulacionclinica\/?page_id=21"},"modified":"2013-03-18T14:46:11","modified_gmt":"2013-03-18T14:46:11","slug":"rccp-avanzada","status":"publish","type":"page","link":"https:\/\/blog.utp.edu.co\/labsimulacionclinica\/rccp-avanzada\/","title":{"rendered":"RCCP Avanzada"},"content":{"rendered":"<p>Para garantizar el \u00e9xito en las maniobras de Reanimaci\u00f3n Cardiopulmonar Avanzada, es indispensable adquirir los conocimientos y habilidades que permitan utilizar adecuadamente todos los recursos disponibles para recuperar y mantener las funciones de los \u00f3rganos vitales.<br \/>\nDebido a la falta de campa\u00f1as educativas y preventivas, la enfermedad cardiovascular es la segunda causa de morbi-mortalidad en el pa\u00eds, y su espectro de manifestaciones incluye entre otras: la angina, el infarto agudo del miocardio, la insuficiencia cardiaca y la muerte s\u00fabita<\/p>\n<p>&nbsp;<\/p>\n<p><strong>OBJETIVOS\u00a0<\/strong><b>ESPEC\u00cdFICOS<\/b><br \/>\n* Realizar correctamente la maniobra de permeabilizaci\u00f3n de la V\u00eda A\u00e9rea.<br \/>\n* Realizar correctamente una ventilaci\u00f3n efectiva.<br \/>\n* Realizar una compresi\u00f3n tor\u00e1cica empleando la t\u00e9cnica correcta.<br \/>\n* Utilizar Correctamente el Desfibrilador Externo Autom\u00e1tico (DEA) en los casos indicados.<br \/>\n* Utilizar el equipo de reanimaci\u00f3n avanzada: Desfibrilador convencional, marcapasos trans-cut\u00e1neo.<br \/>\n* Identificar y tratar los diferentes tipos de paro cardiaco seg\u00fan las recomendaciones internacionales (gu\u00edas 2010).<br \/>\n* Realizar un manejo avanzado de la v\u00eda a\u00e9rea.<br \/>\n* Proporcionar cuidados pos- paro<br \/>\n* Reconocer y tratar las taquiarritmias de complejo estrecho.<br \/>\n* Reconocer y tratar las taquiarritmias de complejo ancho.<br \/>\n* Reconocer y tratar las bradiarritmias.<br \/>\n* Utilizar los medicamentos adecuados para la implementaci\u00f3n de la RCCP avanzada.<\/p>\n<p>&nbsp;<\/p>\n<p><strong>DIRIGIDO A:<\/strong><br \/>\nProfesionales en el \u00c1rea de la Salud, M\u00e9dico y Enfermero Profesional<\/p>\n<p>&nbsp;<\/p>\n<p><strong>DURACI\u00d3N DEL CURSO:<\/strong><br \/>\nEl entrenamiento Reanimaci\u00f3n Cardiopulmonar Avanzada (Soporte Vital Avanzado) tiene una duraci\u00f3n de 16 Horas<\/p>\n<p>&nbsp;<\/p>\n<p><strong>CERTIFICACI\u00d3N:<\/strong><\/p>\n<p>El curso de Reanimaci\u00f3n Avanzado tiene la certificaci\u00f3n de la Universidad Tecnol\u00f3gica de Pereira por 40 horas<br \/>\nLa certificaci\u00f3n emitida tiene vigencia de 2 a\u00f1os.<em id=\"__mceDel\"><\/em><\/p>\n<p>&nbsp;<\/p>\n","protected":false},"excerpt":{"rendered":"<p>Para garantizar el \u00e9xito en las maniobras de Reanimaci\u00f3n Cardiopulmonar Avanzada, es indispensable adquirir los conocimientos y habilidades que permitan utilizar adecuadamente todos los recursos disponibles para recuperar y mantener las funciones de los \u00f3rganos vitales. Debido a la falta de campa\u00f1as educativas y preventivas, la enfermedad cardiovascular es la [&hellip;]<\/p>\n","protected":false},"author":975,"featured_media":0,"parent":0,"menu_order":0,"comment_status":"open","ping_status":"open","template":"","meta":{"footnotes":""},"class_list":["post-21","page","type-page","status-publish","hentry"],"_links":{"self":[{"href":"https:\/\/blog.utp.edu.co\/labsimulacionclinica\/wp-json\/wp\/v2\/pages\/21","targetHints":{"allow":["GET"]}}],"collection":[{"href":"https:\/\/blog.utp.edu.co\/labsimulacionclinica\/wp-json\/wp\/v2\/pages"}],"about":[{"href":"https:\/\/blog.utp.edu.co\/labsimulacionclinica\/wp-json\/wp\/v2\/types\/page"}],"author":[{"embeddable":true,"href":"https:\/\/blog.utp.edu.co\/labsimulacionclinica\/wp-json\/wp\/v2\/users\/975"}],"replies":[{"embeddable":true,"href":"https:\/\/blog.utp.edu.co\/labsimulacionclinica\/wp-json\/wp\/v2\/comments?post=21"}],"version-history":[{"count":5,"href":"https:\/\/blog.utp.edu.co\/labsimulacionclinica\/wp-json\/wp\/v2\/pages\/21\/revisions"}],"predecessor-version":[{"id":75,"href":"https:\/\/blog.utp.edu.co\/labsimulacionclinica\/wp-json\/wp\/v2\/pages\/21\/revisions\/75"}],"wp:attachment":[{"href":"https:\/\/blog.utp.edu.co\/labsimulacionclinica\/wp-json\/wp\/v2\/media?parent=21"}],"curies":[{"name":"wp","href":"https:\/\/api.w.org\/{rel}","templated":true}]}}