{"id":2,"date":"2011-03-07T23:52:36","date_gmt":"2011-03-07T23:52:36","guid":{"rendered":"http:\/\/blog.utp.edu.co\/laboratorioredes\/?page_id=2"},"modified":"2011-03-12T15:53:26","modified_gmt":"2011-03-12T15:53:26","slug":"laboratorio","status":"publish","type":"page","link":"https:\/\/blog.utp.edu.co\/laboratorioredes\/laboratorio\/","title":{"rendered":"Pre-Laboratorio"},"content":{"rendered":"<p><strong>Pre-Laboratorio de redes de datos<\/strong><\/p>\n<p>Si el disco duro virtual que descargo se ve como un archivo comprimido, debe\u00a0descomprimirlo\u00a0antes de seguir con las instrucciones<\/p>\n<p>Despu\u00e9s de descargar el disco duro virtual con el Linux instalado procedemos a\u00a0 configurar el Virtualbox<\/p>\n<p>El Virtualbox es una apliacacion que nos permite utilizar otros sistemas operativos dentro de un sistema operativo anfitrion, en este caso nuestros sistema operativo\u00a0 anfitrion sera Windows y el sistema operativo huesped es Linux Ubuntu, buscamos el acceso directo al Virtualbox y lo ejecutamos y debemos ver algo parecido a esta ventana, obviamente sin las maquinas virtuales que en ellas aparecen.<\/p>\n<p><a href=\"http:\/\/blog.utp.edu.co\/laboratorioredes\/files\/2011\/03\/vb11.png\"><img loading=\"lazy\" decoding=\"async\" class=\"alignleft size-full wp-image-7\" src=\"http:\/\/blog.utp.edu.co\/laboratorioredes\/files\/2011\/03\/vb11.png\" alt=\"\" width=\"770\" height=\"550\" srcset=\"https:\/\/blog.utp.edu.co\/laboratorioredes\/files\/2011\/03\/vb11.png 770w, https:\/\/blog.utp.edu.co\/laboratorioredes\/files\/2011\/03\/vb11-300x214.png 300w\" sizes=\"auto, (max-width: 770px) 100vw, 770px\" \/><\/a><\/p>\n<p>.<\/p>\n<p>Ahora hacemos click en el icono de <em>nueva <\/em><em><a href=\"http:\/\/blog.utp.edu.co\/laboratorioredes\/files\/2011\/03\/nueva.png\"><img loading=\"lazy\" decoding=\"async\" class=\"alignnone size-full wp-image-34\" src=\"http:\/\/blog.utp.edu.co\/laboratorioredes\/files\/2011\/03\/nueva.png\" alt=\"\" width=\"57\" height=\"63\" \/><\/a><\/em> y empezamos la\u00a0configuraci\u00f3n\u00a0para la\u00a0instalaci\u00f3n\u00a0de nuestra maquina virtual.<\/p>\n<div id=\"attachment_15\" style=\"width: 668px\" class=\"wp-caption alignnone\"><a href=\"http:\/\/blog.utp.edu.co\/laboratorioredes\/files\/2011\/03\/vb2.png\"><img loading=\"lazy\" decoding=\"async\" aria-describedby=\"caption-attachment-15\" class=\"size-full wp-image-15 \" src=\"http:\/\/blog.utp.edu.co\/laboratorioredes\/files\/2011\/03\/vb2.png\" alt=\"\" width=\"658\" height=\"416\" srcset=\"https:\/\/blog.utp.edu.co\/laboratorioredes\/files\/2011\/03\/vb2.png 658w, https:\/\/blog.utp.edu.co\/laboratorioredes\/files\/2011\/03\/vb2-300x189.png 300w\" sizes=\"auto, (max-width: 658px) 100vw, 658px\" \/><\/a><p id=\"caption-attachment-15\" class=\"wp-caption-text\">Aqu\u00ed empezamos el proceso preparatorio para ejecutar una maquina virtual, como el sistema operativo ya esta instalado lo \u00fanico que tenemos que hacer es crear la configuraci\u00f3n para que ese disco virtual que descargamos con anterioridad sea usado <\/p><\/div>\n<p>Ahora nombramos la maquina virtual, en el campo nombre escribimos <em>linux laboratorio ubuntu<\/em>, esto para que\u00a0autom\u00e1ticamente\u00a0nos tome el sistema operativo y el sabor de este, si se dan cuenta las opciones de tipo de sistema operativo y versi\u00f3n cambiaran al momento de poner este nombre, si por alg\u00fan motivo quiere poner un nombre diferente debe seleccionar el sistema operativo y\u00a0versi\u00f3n\u00a0correspondiente<\/p>\n<p><a href=\"http:\/\/blog.utp.edu.co\/laboratorioredes\/files\/2011\/03\/vb3.png\"><img loading=\"lazy\" decoding=\"async\" class=\"alignleft size-full wp-image-14\" src=\"http:\/\/blog.utp.edu.co\/laboratorioredes\/files\/2011\/03\/vb3.png\" alt=\"\" width=\"658\" height=\"416\" srcset=\"https:\/\/blog.utp.edu.co\/laboratorioredes\/files\/2011\/03\/vb3.png 658w, https:\/\/blog.utp.edu.co\/laboratorioredes\/files\/2011\/03\/vb3-300x189.png 300w\" sizes=\"auto, (max-width: 658px) 100vw, 658px\" \/><\/a><\/p>\n<p>En la siguiente ventana se selecciona la cantidad de memoria principal se va a dar a la maquina virtual, esta\u00a0configuraci\u00f3n\u00a0se dejara por defecto, espero que para este momento no se hayan puesto a chatear con la novi@ en el messenger.<\/p>\n<p><a href=\"http:\/\/blog.utp.edu.co\/laboratorioredes\/files\/2011\/03\/vb4.png\"><img loading=\"lazy\" decoding=\"async\" class=\"alignleft size-full wp-image-21\" src=\"http:\/\/blog.utp.edu.co\/laboratorioredes\/files\/2011\/03\/vb4.png\" alt=\"\" width=\"658\" height=\"416\" srcset=\"https:\/\/blog.utp.edu.co\/laboratorioredes\/files\/2011\/03\/vb4.png 658w, https:\/\/blog.utp.edu.co\/laboratorioredes\/files\/2011\/03\/vb4-300x189.png 300w\" sizes=\"auto, (max-width: 658px) 100vw, 658px\" \/><\/a>.<\/p>\n<p>Ahora lo que debemos hacer es seleccionar el disco duro que descargamos con anterioridad, as\u00ed que seleccionamos la opciones <em>Usar un disco duro existente<\/em>, como vemos en la imagen ya hay un disco duro seleccionado, pero para nuestro caso este no debe aparecer\u00a0all\u00ed,\u00a0as\u00ed\u00a0que seleccionamos el icono a la derecha para buscar y agregar nuestro disco duro virtual<\/p>\n<p><a href=\"http:\/\/blog.utp.edu.co\/laboratorioredes\/files\/2011\/03\/vb5.png\"><img loading=\"lazy\" decoding=\"async\" class=\"alignleft size-full wp-image-12\" src=\"http:\/\/blog.utp.edu.co\/laboratorioredes\/files\/2011\/03\/vb5.png\" alt=\"\" width=\"658\" height=\"416\" srcset=\"https:\/\/blog.utp.edu.co\/laboratorioredes\/files\/2011\/03\/vb5.png 658w, https:\/\/blog.utp.edu.co\/laboratorioredes\/files\/2011\/03\/vb5-300x189.png 300w\" sizes=\"auto, (max-width: 658px) 100vw, 658px\" \/><\/a><\/p>\n<p>En esta ventana podemos ver los discos duros virtuales que hemos agregado con anterioridad, yo tengo unos cuantos, usted seguramente no tiene nada en este listado, entonces hacemos clik en <em>Agregar<\/em><br \/>\n<a href=\"http:\/\/blog.utp.edu.co\/laboratorioredes\/files\/2011\/03\/vb6.png\"><img loading=\"lazy\" decoding=\"async\" class=\"alignleft size-full wp-image-11\" src=\"http:\/\/blog.utp.edu.co\/laboratorioredes\/files\/2011\/03\/vb6.png\" alt=\"\" width=\"620\" height=\"460\" srcset=\"https:\/\/blog.utp.edu.co\/laboratorioredes\/files\/2011\/03\/vb6.png 620w, https:\/\/blog.utp.edu.co\/laboratorioredes\/files\/2011\/03\/vb6-300x222.png 300w\" sizes=\"auto, (max-width: 620px) 100vw, 620px\" \/><\/a><\/p>\n<p>Y buscamos el lugar en el cual debemos tener nuestro DDV (Disco Duro Virtual \u00a0:-), si me hicieron caso debe estar en una USB, lo seleccionamos y abrimos<\/p>\n<p><a href=\"http:\/\/blog.utp.edu.co\/laboratorioredes\/files\/2011\/03\/vb7.png\"><img loading=\"lazy\" decoding=\"async\" class=\"alignleft size-full wp-image-10\" src=\"http:\/\/blog.utp.edu.co\/laboratorioredes\/files\/2011\/03\/vb7.png\" alt=\"\" width=\"614\" height=\"409\" srcset=\"https:\/\/blog.utp.edu.co\/laboratorioredes\/files\/2011\/03\/vb7.png 614w, https:\/\/blog.utp.edu.co\/laboratorioredes\/files\/2011\/03\/vb7-300x199.png 300w\" sizes=\"auto, (max-width: 614px) 100vw, 614px\" \/><\/a><\/p>\n<p>De esta manera debemos ver el nombre de nuestro DDV en el listado y\u00a0aceptar\u00a0los cambios<\/p>\n<p><a href=\"http:\/\/blog.utp.edu.co\/laboratorioredes\/files\/2011\/03\/vb8.png\"><img loading=\"lazy\" decoding=\"async\" class=\"alignleft size-full wp-image-9\" src=\"http:\/\/blog.utp.edu.co\/laboratorioredes\/files\/2011\/03\/vb8.png\" alt=\"\" width=\"658\" height=\"416\" srcset=\"https:\/\/blog.utp.edu.co\/laboratorioredes\/files\/2011\/03\/vb8.png 658w, https:\/\/blog.utp.edu.co\/laboratorioredes\/files\/2011\/03\/vb8-300x189.png 300w\" sizes=\"auto, (max-width: 658px) 100vw, 658px\" \/><\/a><\/p>\n<p>Finalmente\u00a0aparecer\u00e1\u00a0un resumen de los\u00a0par\u00e1metros que acabamos de configurar en los pasos anteriores<\/p>\n<p><a href=\"http:\/\/blog.utp.edu.co\/laboratorioredes\/files\/2011\/03\/vb92.png\"><img loading=\"lazy\" decoding=\"async\" class=\"alignnone size-full wp-image-23\" src=\"http:\/\/blog.utp.edu.co\/laboratorioredes\/files\/2011\/03\/vb92.png\" alt=\"\" width=\"658\" height=\"416\" srcset=\"https:\/\/blog.utp.edu.co\/laboratorioredes\/files\/2011\/03\/vb92.png 658w, https:\/\/blog.utp.edu.co\/laboratorioredes\/files\/2011\/03\/vb92-300x189.png 300w\" sizes=\"auto, (max-width: 658px) 100vw, 658px\" \/><\/a><\/p>\n<p>Y ya podremos ver nuestra maquina virtual en el listado. \u00a0Normalmente por configuraci\u00f3n la maquina virtual hace un NAT interno, para evitar esto y hacer que nuestro MV toma un direccionamiento IP de la sala cambiamos la\u00a0configuraci\u00f3n\u00a0del esta de la siguiente manera.<\/p>\n<p>Hacemos click en el\u00a0bot\u00f3n\u00a0<em>Configuraci\u00f3n <a href=\"http:\/\/blog.utp.edu.co\/laboratorioredes\/files\/2011\/03\/configuracion.png\"><img loading=\"lazy\" decoding=\"async\" class=\"alignnone size-full wp-image-33\" src=\"http:\/\/blog.utp.edu.co\/laboratorioredes\/files\/2011\/03\/configuracion.png\" alt=\"\" width=\"101\" height=\"66\" \/><\/a><\/em> y en la\u00a0opci\u00f3n\u00a0<em>Red<\/em> cambiamos NAT por <em>Adaptador Puente<\/em> y aceptamos los cambios.<\/p>\n<p><a href=\"http:\/\/blog.utp.edu.co\/laboratorioredes\/files\/2011\/03\/vb10.png\"><img loading=\"lazy\" decoding=\"async\" class=\"alignnone size-full wp-image-24\" src=\"http:\/\/blog.utp.edu.co\/laboratorioredes\/files\/2011\/03\/vb10.png\" alt=\"\" width=\"700\" height=\"446\" srcset=\"https:\/\/blog.utp.edu.co\/laboratorioredes\/files\/2011\/03\/vb10.png 700w, https:\/\/blog.utp.edu.co\/laboratorioredes\/files\/2011\/03\/vb10-300x191.png 300w\" sizes=\"auto, (max-width: 700px) 100vw, 700px\" \/><\/a><\/p>\n<p>Ahora que hemos terminado de configurar nuestra MV iniciamos la maquina con el bot\u00f3n <em>iniciar <a href=\"http:\/\/blog.utp.edu.co\/laboratorioredes\/files\/2011\/03\/iniciar.png\"><img loading=\"lazy\" decoding=\"async\" class=\"alignnone size-full wp-image-32\" src=\"http:\/\/blog.utp.edu.co\/laboratorioredes\/files\/2011\/03\/iniciar.png\" alt=\"\" width=\"66\" height=\"63\" \/><\/a><\/em><\/p>\n<p>Si todo marcha bien debe aparecer una pantalla en donde se debe escoger el usuario con el cual vamos a ingresar al sistema, para nuestro caso es el usuario estudiante y la contrase\u00f1a es utp<\/p>\n<p><a href=\"http:\/\/blog.utp.edu.co\/laboratorioredes\/files\/2011\/03\/linux1.png\"><img loading=\"lazy\" decoding=\"async\" class=\"alignnone size-full wp-image-38\" src=\"http:\/\/blog.utp.edu.co\/laboratorioredes\/files\/2011\/03\/linux1.png\" alt=\"\" width=\"801\" height=\"600\" srcset=\"https:\/\/blog.utp.edu.co\/laboratorioredes\/files\/2011\/03\/linux1.png 801w, https:\/\/blog.utp.edu.co\/laboratorioredes\/files\/2011\/03\/linux1-300x224.png 300w\" sizes=\"auto, (max-width: 801px) 100vw, 801px\" \/><\/a><\/p>\n<p><a href=\"http:\/\/blog.utp.edu.co\/laboratorioredes\/files\/2011\/03\/linux2.png\"><img loading=\"lazy\" decoding=\"async\" class=\"alignnone size-full wp-image-37\" src=\"http:\/\/blog.utp.edu.co\/laboratorioredes\/files\/2011\/03\/linux2.png\" alt=\"\" width=\"800\" height=\"598\" srcset=\"https:\/\/blog.utp.edu.co\/laboratorioredes\/files\/2011\/03\/linux2.png 800w, https:\/\/blog.utp.edu.co\/laboratorioredes\/files\/2011\/03\/linux2-300x224.png 300w\" sizes=\"auto, (max-width: 800px) 100vw, 800px\" \/><\/a><\/p>\n<p>Al ingresar al sistema quedamos en el escritorio, en la cual podemos notar la barra de tareas esta en la parte superior, as\u00ed como los\u00a0men\u00fas\u00a0para el ingreso a <em>Aplicaciones Lugares y Sistema, <\/em>y dos accesos director uno para una <em>terminal o consola<\/em> <a href=\"http:\/\/blog.utp.edu.co\/laboratorioredes\/files\/2011\/03\/terminal.png\"><img loading=\"lazy\" decoding=\"async\" class=\"alignnone size-full wp-image-36\" src=\"http:\/\/blog.utp.edu.co\/laboratorioredes\/files\/2011\/03\/terminal.png\" alt=\"\" width=\"38\" height=\"28\" \/><\/a> y otra para un editor de texto llamado <em>gedit.<a href=\"http:\/\/blog.utp.edu.co\/laboratorioredes\/files\/2011\/03\/editor.png\"><img loading=\"lazy\" decoding=\"async\" class=\"alignnone size-full wp-image-35\" src=\"http:\/\/blog.utp.edu.co\/laboratorioredes\/files\/2011\/03\/editor.png\" alt=\"\" width=\"34\" height=\"27\" \/><\/a><\/em><\/p>\n<p><a href=\"http:\/\/blog.utp.edu.co\/laboratorioredes\/files\/2011\/03\/linux3.png\"><img loading=\"lazy\" decoding=\"async\" class=\"alignnone size-full wp-image-39\" src=\"http:\/\/blog.utp.edu.co\/laboratorioredes\/files\/2011\/03\/linux3.png\" alt=\"\" width=\"801\" height=\"600\" srcset=\"https:\/\/blog.utp.edu.co\/laboratorioredes\/files\/2011\/03\/linux3.png 801w, https:\/\/blog.utp.edu.co\/laboratorioredes\/files\/2011\/03\/linux3-300x224.png 300w\" sizes=\"auto, (max-width: 801px) 100vw, 801px\" \/><\/a><\/p>\n<p>En la consola es la aplicaciones que se utiliza para realizar las labores de\u00a0administraci\u00f3n\u00a0a trav\u00e9s de linea de comandos, aunque les parezca\u00a0incre\u00edble esta era la manera que se hacia la administraci\u00f3n tanto en sitio como remotamente. Aqu\u00ed veremos algunos comandos\u00a0b\u00e1sicos\u00a0de administraci\u00f3n para realizar algunas tareas.<\/p>\n<p><em><br \/>\n<\/em><\/p>\n<p><em><br \/>\n<\/em><\/p>\n","protected":false},"excerpt":{"rendered":"<p>Pre-Laboratorio de redes de datos Si el disco duro virtual que descargo se ve como un archivo comprimido, debe\u00a0descomprimirlo\u00a0antes de seguir con las instrucciones Despu\u00e9s de descargar el disco duro virtual con el Linux instalado procedemos a\u00a0 configurar el Virtualbox &hellip; <a href=\"https:\/\/blog.utp.edu.co\/laboratorioredes\/laboratorio\/\">Sigue leyendo <span class=\"meta-nav\">&rarr;<\/span><\/a><\/p>\n","protected":false},"author":253,"featured_media":6,"parent":0,"menu_order":0,"comment_status":"open","ping_status":"open","template":"","meta":{"footnotes":""},"class_list":["post-2","page","type-page","status-publish","has-post-thumbnail","hentry"],"_links":{"self":[{"href":"https:\/\/blog.utp.edu.co\/laboratorioredes\/wp-json\/wp\/v2\/pages\/2","targetHints":{"allow":["GET"]}}],"collection":[{"href":"https:\/\/blog.utp.edu.co\/laboratorioredes\/wp-json\/wp\/v2\/pages"}],"about":[{"href":"https:\/\/blog.utp.edu.co\/laboratorioredes\/wp-json\/wp\/v2\/types\/page"}],"author":[{"embeddable":true,"href":"https:\/\/blog.utp.edu.co\/laboratorioredes\/wp-json\/wp\/v2\/users\/253"}],"replies":[{"embeddable":true,"href":"https:\/\/blog.utp.edu.co\/laboratorioredes\/wp-json\/wp\/v2\/comments?post=2"}],"version-history":[{"count":13,"href":"https:\/\/blog.utp.edu.co\/laboratorioredes\/wp-json\/wp\/v2\/pages\/2\/revisions"}],"predecessor-version":[{"id":4,"href":"https:\/\/blog.utp.edu.co\/laboratorioredes\/wp-json\/wp\/v2\/pages\/2\/revisions\/4"}],"wp:featuredmedia":[{"embeddable":true,"href":"https:\/\/blog.utp.edu.co\/laboratorioredes\/wp-json\/wp\/v2\/media\/6"}],"wp:attachment":[{"href":"https:\/\/blog.utp.edu.co\/laboratorioredes\/wp-json\/wp\/v2\/media?parent=2"}],"curies":[{"name":"wp","href":"https:\/\/api.w.org\/{rel}","templated":true}]}}