{"id":51,"date":"2024-03-20T00:08:22","date_gmt":"2024-03-20T05:08:22","guid":{"rendered":"https:\/\/blog.utp.edu.co\/juanestebanrodriguezvillada\/?page_id=51"},"modified":"2024-05-19T12:14:11","modified_gmt":"2024-05-19T17:14:11","slug":"sobre-mi","status":"publish","type":"page","link":"https:\/\/blog.utp.edu.co\/juanestebanrodriguezvillada\/sobre-mi\/","title":{"rendered":"Sobre m\u00ed"},"content":{"rendered":"\n<div class=\"wp-block-group alignfull has-background is-layout-flow wp-block-group-is-layout-flow\" style=\"background-color:#e6f7ff;padding-top:6vw;padding-right:6vw;padding-bottom:6vw;padding-left:6vw\">\n<div class=\"wp-block-group is-vertical is-nowrap is-layout-flex wp-container-core-group-is-layout-36fd9ea3 wp-block-group-is-layout-flex\" style=\"padding-right:0;padding-left:0\">\n<p class=\"has-text-color\" style=\"color:#000000;font-size:75px;font-style:normal;font-weight:700;letter-spacing:0px;line-height:0.9;text-decoration:none;text-transform:none\">Acerca de m\u00ed.<\/p>\n<\/div>\n\n\n\n<div class=\"wp-block-group alignwide is-vertical is-nowrap is-layout-flex wp-container-core-group-is-layout-7946b6b8 wp-block-group-is-layout-flex\" style=\"padding-top:0;padding-right:0;padding-bottom:0;padding-left:0\">\n<div class=\"wp-block-columns alignwide is-layout-flex wp-container-core-columns-is-layout-21b20327 wp-block-columns-is-layout-flex\">\n<div class=\"wp-block-column is-layout-flow wp-block-column-is-layout-flow\" style=\"flex-basis:33.38%\">\n<hr class=\"wp-block-separator has-alpha-channel-opacity\" \/>\n\n\n\n<p>\u00a1Hola! Soy <em><strong>Juan Esteban Rodr\u00edguez Villada<\/strong><\/em>, un apasionado de la naturaleza y la tecnolog\u00eda. Desde muy joven, he sentido una profunda conexi\u00f3n con el entorno natural, desde los r\u00edos, bosques y p\u00e1ramos hasta la fauna y la flora que habitan en ellos. Este amor por el planeta ha sido una fuente constante de inspiraci\u00f3n en mi vida y en mi carrera profesional.<\/p>\n\n\n\n<p>Mi camino en el mundo de la <strong><em>Tecnolog\u00eda El\u00e9ctrica<\/em><\/strong> comenz\u00f3 con un inter\u00e9s en la automatizaci\u00f3n y el control de procesos. Durante un a\u00f1o, tuve el privilegio de desempe\u00f1arme como monitor del laboratorio de automatizaci\u00f3n en Tecnolog\u00eda El\u00e9ctrica, donde pude profundizar mi conocimiento en este fascinante campo. Aqu\u00ed, aprend\u00ed m\u00e1s sobre los diferentes lenguajes y aut\u00f3matas industriales, SIEMENS, Unitronics, Schneider Electric, en sus diferentes gamas, as\u00ed como, sistemas hidr\u00e1ulicos y neum\u00e1ticos, igualmente control en lazo abierto y cerrado en diferentes sistemas, tambi\u00e9n algo sobre diagramas P&amp;ID.<\/p>\n<\/div>\n\n\n\n<div class=\"wp-block-column is-layout-flow wp-block-column-is-layout-flow\" style=\"flex-basis:33%\">\n<div style=\"height:2vw\" aria-hidden=\"true\" class=\"wp-block-spacer\"><\/div>\n\n\n\n<figure class=\"wp-block-image size-large is-resized\"><img loading=\"lazy\" decoding=\"async\" width=\"846\" height=\"1504\" src=\"https:\/\/blog.utp.edu.co\/juanestebanrodriguezvillada\/files\/2024\/05\/IMG_20220730_165344-edited.jpg\" alt=\"\" class=\"wp-image-117\" style=\"width:346px;height:auto\" srcset=\"https:\/\/blog.utp.edu.co\/juanestebanrodriguezvillada\/files\/2024\/05\/IMG_20220730_165344-edited.jpg 846w, https:\/\/blog.utp.edu.co\/juanestebanrodriguezvillada\/files\/2024\/05\/IMG_20220730_165344-edited-169x300.jpg 169w, https:\/\/blog.utp.edu.co\/juanestebanrodriguezvillada\/files\/2024\/05\/IMG_20220730_165344-edited-576x1024.jpg 576w, https:\/\/blog.utp.edu.co\/juanestebanrodriguezvillada\/files\/2024\/05\/IMG_20220730_165344-edited-768x1365.jpg 768w\" sizes=\"auto, (max-width: 846px) 100vw, 846px\" \/><\/figure>\n<\/div>\n\n\n\n<div class=\"wp-block-column is-layout-flow wp-block-column-is-layout-flow\" style=\"flex-basis:33.62%\">\n<figure class=\"wp-block-image size-large is-resized\"><img loading=\"lazy\" decoding=\"async\" width=\"1013\" height=\"1800\" src=\"https:\/\/blog.utp.edu.co\/juanestebanrodriguezvillada\/files\/2024\/05\/palo-edited.jpg\" alt=\"\" class=\"wp-image-121\" style=\"width:353px;height:auto\" srcset=\"https:\/\/blog.utp.edu.co\/juanestebanrodriguezvillada\/files\/2024\/05\/palo-edited.jpg 1013w, https:\/\/blog.utp.edu.co\/juanestebanrodriguezvillada\/files\/2024\/05\/palo-edited-169x300.jpg 169w, https:\/\/blog.utp.edu.co\/juanestebanrodriguezvillada\/files\/2024\/05\/palo-edited-576x1024.jpg 576w, https:\/\/blog.utp.edu.co\/juanestebanrodriguezvillada\/files\/2024\/05\/palo-edited-768x1365.jpg 768w, https:\/\/blog.utp.edu.co\/juanestebanrodriguezvillada\/files\/2024\/05\/palo-edited-864x1536.jpg 864w\" sizes=\"auto, (max-width: 1013px) 100vw, 1013px\" \/><\/figure>\n<\/div>\n<\/div>\n\n\n\n<p>Adem\u00e1s, en mi crecimiento en <strong><em>Ingenier\u00eda El\u00e9ctrica<\/em><\/strong> he logrado fortalecer mis habilidades en programaci\u00f3n, especialmente en lenguajes como Python, MATLAB y Julia, aplicado resoluci\u00f3n de problemas en sistemas de potencia, como despacho, planeaci\u00f3n de transmisi\u00f3n, control y optimizaci\u00f3n. lo que me ha permitido tener una visi\u00f3n m\u00e1s clara de las aplicaciones y el poder de la programaci\u00f3n en la Ingenier\u00eda y sus diversos campos en especial en los de la Ingenier\u00eda El\u00e9ctrica.<\/p>\n\n\n\n<div class=\"wp-block-columns alignwide is-layout-flex wp-container-core-columns-is-layout-c24efe4f wp-block-columns-is-layout-flex\">\n<div class=\"wp-block-column is-layout-flow wp-block-column-is-layout-flow\" style=\"flex-basis:69%\">\n<figure class=\"wp-block-image size-full\"><img loading=\"lazy\" decoding=\"async\" width=\"2560\" height=\"1439\" src=\"https:\/\/blog.utp.edu.co\/juanestebanrodriguezvillada\/files\/2024\/05\/GranjaSolarJuanesPEi-edited-scaled.jpg\" alt=\"\" class=\"wp-image-114\" srcset=\"https:\/\/blog.utp.edu.co\/juanestebanrodriguezvillada\/files\/2024\/05\/GranjaSolarJuanesPEi-edited-scaled.jpg 2560w, https:\/\/blog.utp.edu.co\/juanestebanrodriguezvillada\/files\/2024\/05\/GranjaSolarJuanesPEi-edited-300x169.jpg 300w, https:\/\/blog.utp.edu.co\/juanestebanrodriguezvillada\/files\/2024\/05\/GranjaSolarJuanesPEi-edited-1024x576.jpg 1024w, https:\/\/blog.utp.edu.co\/juanestebanrodriguezvillada\/files\/2024\/05\/GranjaSolarJuanesPEi-edited-768x432.jpg 768w, https:\/\/blog.utp.edu.co\/juanestebanrodriguezvillada\/files\/2024\/05\/GranjaSolarJuanesPEi-edited-1536x864.jpg 1536w, https:\/\/blog.utp.edu.co\/juanestebanrodriguezvillada\/files\/2024\/05\/GranjaSolarJuanesPEi-edited-2048x1152.jpg 2048w\" sizes=\"auto, (max-width: 2560px) 100vw, 2560px\" \/><\/figure>\n<\/div>\n\n\n\n<div class=\"wp-block-column is-vertically-aligned-center is-layout-flow wp-block-column-is-layout-flow\" style=\"flex-basis:33%\">\n<p>Mi pasi\u00f3n por la tecnolog\u00eda me trajo hace tiempo al emocionante mundo de la computaci\u00f3n embebida. He desarrollado habilidades y diversos proyectos en la programaci\u00f3n de dispositivos como RPiPico(RP2040), ESP32 o Arduino y aplicaciones m\u00e1s complejas con Raspberry Pi 3b+ y RPi 4, explorando la instrumentaci\u00f3n y el control en diferentes contextos. Estas experiencias me ha permitido comprender la importancia y la integraci\u00f3n de tecnolog\u00edas para el desarrollo sostenible, aline\u00e1ndome con los Objetivos de Desarrollo Sostenible (ODS) y los acuerdos internacionales sobre cambio clim\u00e1tico.<\/p>\n<\/div>\n<\/div>\n<\/div>\n\n\n\n<p>Actualmente, estoy enfocado en ampliar mis conocimientos en din\u00e1mica y control de sistemas el\u00e9ctricos, as\u00ed como en el modelamiento matem\u00e1tico y la optimizaci\u00f3n de procesos. Mi objetivo es contribuir al avance de la tecnolog\u00eda en armon\u00eda con el medio ambiente, especialmente en el campo de las energ\u00edas renovables y la eficiencia energ\u00e9tica.<\/p>\n\n\n\n<p>Estoy emocionado por seguir explorando nuevas oportunidades y desaf\u00edos en el fascinante mundo de la Ingenier\u00eda el\u00e9ctrica y la tecnolog\u00eda, siempre con el compromiso de crear un futuro m\u00e1s sostenible y resiliente para las generaciones venideras.<\/p>\n\n\n\n<p>\u00a1Gracias por visitar mi web!<\/p>\n<\/div>\n","protected":false},"excerpt":{"rendered":"<p>Acerca de m\u00ed. \u00a1Hola! Soy Juan Esteban Rodr\u00edguez Villada, un apasionado de la naturaleza y la tecnolog\u00eda. Desde muy joven, [&hellip;]<\/p>\n","protected":false},"author":6484,"featured_media":0,"parent":0,"menu_order":0,"comment_status":"closed","ping_status":"closed","template":"","meta":{"site-sidebar-layout":"default","site-content-layout":"","ast-site-content-layout":"default","site-content-style":"default","site-sidebar-style":"default","ast-global-header-display":"","ast-banner-title-visibility":"","ast-main-header-display":"","ast-hfb-above-header-display":"","ast-hfb-below-header-display":"","ast-hfb-mobile-header-display":"","site-post-title":"disabled","ast-breadcrumbs-content":"","ast-featured-img":"","footer-sml-layout":"","ast-disable-related-posts":"","theme-transparent-header-meta":"","adv-header-id-meta":"","stick-header-meta":"","header-above-stick-meta":"","header-main-stick-meta":"","header-below-stick-meta":"","astra-migrate-meta-layouts":"default","ast-page-background-enabled":"default","ast-page-background-meta":{"desktop":{"background-color":"var(--ast-global-color-4)","background-image":"","background-repeat":"repeat","background-position":"center center","background-size":"auto","background-attachment":"scroll","background-type":"","background-media":"","overlay-type":"","overlay-color":"","overlay-opacity":"","overlay-gradient":""},"tablet":{"background-color":"","background-image":"","background-repeat":"repeat","background-position":"center center","background-size":"auto","background-attachment":"scroll","background-type":"","background-media":"","overlay-type":"","overlay-color":"","overlay-opacity":"","overlay-gradient":""},"mobile":{"background-color":"","background-image":"","background-repeat":"repeat","background-position":"center center","background-size":"auto","background-attachment":"scroll","background-type":"","background-media":"","overlay-type":"","overlay-color":"","overlay-opacity":"","overlay-gradient":""}},"ast-content-background-meta":{"desktop":{"background-color":"var(--ast-global-color-5)","background-image":"","background-repeat":"repeat","background-position":"center center","background-size":"auto","background-attachment":"scroll","background-type":"","background-media":"","overlay-type":"","overlay-color":"","overlay-opacity":"","overlay-gradient":""},"tablet":{"background-color":"var(--ast-global-color-5)","background-image":"","background-repeat":"repeat","background-position":"center center","background-size":"auto","background-attachment":"scroll","background-type":"","background-media":"","overlay-type":"","overlay-color":"","overlay-opacity":"","overlay-gradient":""},"mobile":{"background-color":"var(--ast-global-color-5)","background-image":"","background-repeat":"repeat","background-position":"center center","background-size":"auto","background-attachment":"scroll","background-type":"","background-media":"","overlay-type":"","overlay-color":"","overlay-opacity":"","overlay-gradient":""}},"footnotes":""},"class_list":["post-51","page","type-page","status-publish","hentry"],"_links":{"self":[{"href":"https:\/\/blog.utp.edu.co\/juanestebanrodriguezvillada\/wp-json\/wp\/v2\/pages\/51","targetHints":{"allow":["GET"]}}],"collection":[{"href":"https:\/\/blog.utp.edu.co\/juanestebanrodriguezvillada\/wp-json\/wp\/v2\/pages"}],"about":[{"href":"https:\/\/blog.utp.edu.co\/juanestebanrodriguezvillada\/wp-json\/wp\/v2\/types\/page"}],"author":[{"embeddable":true,"href":"https:\/\/blog.utp.edu.co\/juanestebanrodriguezvillada\/wp-json\/wp\/v2\/users\/6484"}],"replies":[{"embeddable":true,"href":"https:\/\/blog.utp.edu.co\/juanestebanrodriguezvillada\/wp-json\/wp\/v2\/comments?post=51"}],"version-history":[{"count":12,"href":"https:\/\/blog.utp.edu.co\/juanestebanrodriguezvillada\/wp-json\/wp\/v2\/pages\/51\/revisions"}],"predecessor-version":[{"id":123,"href":"https:\/\/blog.utp.edu.co\/juanestebanrodriguezvillada\/wp-json\/wp\/v2\/pages\/51\/revisions\/123"}],"wp:attachment":[{"href":"https:\/\/blog.utp.edu.co\/juanestebanrodriguezvillada\/wp-json\/wp\/v2\/media?parent=51"}],"curies":[{"name":"wp","href":"https:\/\/api.w.org\/{rel}","templated":true}]}}