{"id":41,"date":"2011-03-02T21:52:24","date_gmt":"2011-03-02T21:52:24","guid":{"rendered":"http:\/\/blog.utp.edu.co\/jnsanchez\/"},"modified":"2024-10-08T15:22:28","modified_gmt":"2024-10-08T20:22:28","slug":"programacion-te-243","status":"publish","type":"page","link":"https:\/\/blog.utp.edu.co\/jnsanchez\/programacion-te-243\/","title":{"rendered":"Programaci\u00f3n TE 243"},"content":{"rendered":"<p>Esta p\u00e1gina contiene tutoriales de introducci\u00f3n a lenguajes de programaci\u00f3n en\u00a0 Dev-C++, Matlab y Python. Tambi\u00e9n contiene el ejecutables de\u00a0 Dev-C++, talleres y tareas para los estudiantes del Programa de Tecnolog\u00eda El\u00e9ctrica de la U.T.P.<\/p>\n<p>El computador y sus partes:<\/p>\n<p><a href=\"http:\/\/blog.utp.edu.co\/jnsanchez\/files\/2011\/03\/computadorpartes2.jpg\"><img loading=\"lazy\" decoding=\"async\" class=\"aligncenter size-medium wp-image-433\" src=\"http:\/\/blog.utp.edu.co\/jnsanchez\/files\/2011\/03\/computadorpartes2-201x300.jpg\" alt=\"computadorpartes\" width=\"201\" height=\"300\" srcset=\"https:\/\/blog.utp.edu.co\/jnsanchez\/files\/2011\/03\/computadorpartes2-201x300.jpg 201w, https:\/\/blog.utp.edu.co\/jnsanchez\/files\/2011\/03\/computadorpartes2.jpg 481w\" sizes=\"auto, (max-width: 201px) 100vw, 201px\" \/><\/a><\/p>\n<p style=\"text-align: center\"><span style=\"color: #000000\"><span style=\"text-decoration: underline\"><span style=\"color: #ff0000\">PARTES DE UN COMPUTADOR Y SISTEMAS DE COMPUTO<\/span><\/span><\/span><\/p>\n<p><a href=\"https:\/\/drive.google.com\/file\/d\/1hwpKXDktbqVdnZKkvIv-6htuaRFqG7oX\/view?usp=sharing\">Programacion_TE243<\/a><\/p>\n<p><a href=\"https:\/\/drive.google.com\/file\/d\/1BUh0cidfxmRNijxQ5GEe7ciXWNWoj6rf\/view?usp=sharing\">REALIZAR EL SIGUIENTE CRUCIGRAMA<\/a><\/p>\n<p style=\"text-align: center\"><span style=\"color: #000000\"><span style=\"text-decoration: underline\"><span style=\"color: #ff0000\">INTRODUCCI\u00d3N A LENGUAJE C =&gt; Dev C++ <\/span><\/span><\/span><\/p>\n<p><span style=\"color: #000000\">Tutoriales de Devian C++:<\/span><\/p>\n<p><a href=\"http:\/\/blog.utp.edu.co\/jnsanchez\/files\/2011\/03\/Palabras-reservadas-librerias-datos-etc.pdf\">Palabras reservadas, \u00a0librer\u00edas datos etc<\/a><\/p>\n<p><span style=\"color: #000000\"><a href=\"http:\/\/blog.utp.edu.co\/jnsanchez\/files\/2011\/03\/Introduccion-al-lenguaje-c.pdf\">Introduccion al lenguaje C<\/a>\u00a0\u00a0<a href=\"http:\/\/blog.utp.edu.co\/jnsanchez\/files\/2011\/03\/Tutorial-Ansi-C.pdf\">Tutorial Ansi C <\/a><\/span><\/p>\n<p><span style=\"color: #000000\"><a href=\"http:\/\/blog.utp.edu.co\/jnsanchez\/files\/2011\/03\/CRefCard.v2.22.pdf\">CRefCard.v2.2 <\/a><a href=\"http:\/\/blog.utp.edu.co\/jnsanchez\/files\/2011\/03\/CRefCard1.pdf\">CRefCard<\/a><a href=\"http:\/\/blog.utp.edu.co\/jnsanchez\/files\/2011\/03\/Tutorial-Ansi-C.pdf\"><br \/>\n<\/a><\/span><\/p>\n<p><span style=\"color: #000000\">Descargar el programa\u00a0Dev C++: \u00a0<\/span><\/p>\n<p><span style=\"color: #000000\"><a href=\"https:\/\/dev-c.softonic.com\/\">Dev-<strong>C++<\/strong> &#8211; Descargar<\/a><\/span><\/p>\n<p><a href=\"http:\/\/blog.utp.edu.co\/jnsanchez\/files\/2018\/04\/programacion-Devian-C.pdf\">Programacion Devian C++<\/a><\/p>\n<p><span style=\"color: #000000\"><strong>TALLERES EN DEVIAN C++<\/strong><\/span><\/p>\n<p><a href=\"https:\/\/drive.google.com\/file\/d\/1ftso_vor3jWoW9o7Id0r5YDhPWAOsYlb\/view?usp=sharing\">TALLER 1 SECUENCIALES<\/a><\/p>\n<p><a href=\"https:\/\/drive.google.com\/file\/d\/1ZLMhParpgN5ohJcISNfOpR2lLdpsbcmB\/view?usp=sharing\">TALLER 2 SECUENCIALES<\/a><\/p>\n<p><a href=\"https:\/\/drive.google.com\/file\/d\/113PazAfqMnBAiA5VTod88EJe1llffDO-\/view?usp=sharing\">TALLER 3 DECISION Y TALLER 4 SEGUN CASOS<\/a><\/p>\n<p><a href=\"https:\/\/drive.google.com\/file\/d\/1OcTfT0fnAyvE4jDCZcc8M8ryRlAyPAdG\/view?usp=sharing\">TALLER 5 SENTENCIAS REPETITIVAS<\/a><\/p>\n<p><a href=\"http:\/\/blog.utp.edu.co\/jnsanchez\/files\/2018\/04\/MENU-FUNCIONES-INTRODUCCI\u00d3N.pdf\">MENU FUNCIONES INTRODUCCI\u00d3N<\/a><\/p>\n<p><a href=\"http:\/\/blog.utp.edu.co\/jnsanchez\/files\/2018\/04\/TRABAJO-FINAL-DE-C-MENU-FUNCIONES-2018-1.pdf\">TRABAJO FINAL DE C- MENU FUNCIONES-2018-1<\/a><\/p>\n<p>CALIFICACI\u00d3N:<\/p>\n<ol style=\"list-style-type: lower-alpha\">\n<li>\u00a015% EX\u00c1MEN<\/li>\n<li>\u00a015% CINCO TALLERES<\/li>\n<li>\u00a010% MEN\u00da FUNCIONES<\/li>\n<\/ol>\n<p style=\"text-align: center\"><strong><span style=\"color: #000000\"><span style=\"text-decoration: underline\"><span style=\"color: #ff0000\">PROYECTOS ARDUINO UNO<\/span><\/span><\/span><\/strong><\/p>\n<p><a href=\"http:\/\/blog.utp.edu.co\/jnsanchez\/files\/2018\/04\/Disparo-y-monitoreo-con-TRIAC-SCR-y-RELE.pdf\">Disparo y monitoreo con TRIAC SCR y RELE<\/a><\/p>\n<p>CALIFICACI\u00d3N:<\/p>\n<p>20% PROYECTOS ARDUINO UNO<\/p>\n<p style=\"text-align: center\"><span style=\"color: #000000\"><span style=\"text-decoration: underline\"><span style=\"color: #ff6600\">INTRODUCCI\u00d3N A LENGUAJE MATLAB<\/span><\/span><\/span><\/p>\n<p><span style=\"color: #000000\"><a href=\"https:\/\/drive.google.com\/file\/d\/149puP5D-xc8p3BhUKuNLknCwguJhbAY2\/view?usp=sharing\">MATLAB-intro-clase-0\u00a0<\/a>\u00a0 \u00a0 <\/span><\/p>\n<p><a href=\"https:\/\/drive.google.com\/file\/d\/1xh1za2ubcE9Cb-4OPU5UA8fCJanrUcPi\/view?usp=sharing\">Estructuras-de-programaci\u00f3n<\/a><\/p>\n<p><strong>TALLERES EN MATLAB<\/strong><\/p>\n<p><a href=\"https:\/\/drive.google.com\/file\/d\/1CPSBnvaPx8qyWOD-ix2fXOMn5RnwdvX2\/view?usp=sharing\">MATLAB-Intro-clase-1a<\/a><\/p>\n<p><a href=\"https:\/\/drive.google.com\/file\/d\/1Q0K-r0jLP7OJXLpi2NOurVlYO26OHYxC\/view?usp=sharing\">Taller de secuenciales-1b<\/a><\/p>\n<p><a href=\"https:\/\/drive.google.com\/file\/d\/1fFaYSzuG1YjXg9NTI8XL11tmBL1RgGn3\/view?usp=sharing\">MATLAB-Intro-clase-2<\/a><\/p>\n<p><a href=\"https:\/\/drive.google.com\/file\/d\/13EGCrFWRpzkTUCKBuyZNCjp225Y4bi88\/view?usp=sharing\">MATLAB-Intro-clase-3<\/a><\/p>\n<p><a href=\"https:\/\/drive.google.com\/file\/d\/1L7e-LJmZNaW_UE-1-hCSf--a4csxdvwN\/view?usp=sharing\">MATLAB-Intro-clase-4<\/a><\/p>\n<p>CALIFICACI\u00d3N:<\/p>\n<ol style=\"list-style-type: lower-alpha\">\n<li>20%\u00a0 CINCO TALLERES<\/li>\n<li>30% EXAMEN<\/li>\n<\/ol>\n<p>freemat es GNU y recibe casi todo el c\u00f3digo de matlab, descargar:<\/p>\n<p>http:\/\/freemat.sourceforge.net\/download.html<\/p>\n<p>Scilab tambien es GNU, descargar:<\/p>\n<p>https:\/\/www.scilab.org\/en\/download\/6.0.1<\/p>\n<p style=\"text-align: center\"><span style=\"color: #000000\"><span style=\"text-decoration: underline\"><span style=\"color: #ff6600\">INTRODUCCI\u00d3N A LENGUAJE PYTHON<\/span><\/span><\/span><\/p>\n<p><a href=\"https:\/\/drive.google.com\/file\/d\/1ckePnS_aEe2p4YtxJTuqOVZiQDQ4Qxe_\/view?usp=sharing\">PYTHON-Tema-Presentaci\u00f3n<\/a><\/p>\n<p><strong>TALLERES EN PYTHON<\/strong><\/p>\n<p><a href=\"https:\/\/drive.google.com\/file\/d\/14Leohsl_vpyiVuegbtFVOb2965CV-aII\/view?usp=sharing\">PYTHON-Tema-1-Secuenciales<\/a><\/p>\n<p><a href=\"https:\/\/drive.google.com\/file\/d\/1eS1MuuSxdgGDgzRptE6hg7T8j8metKEe\/view?usp=sharing\">PYTHON-Tema-2-a-Estructuras Decisi\u00f3n<\/a><\/p>\n<p><a href=\"https:\/\/drive.google.com\/file\/d\/1lJ-C1ntc4Xu1jWAL48smUfkzkhLLnaUF\/view?usp=sharing\">PYTHON-Tema-2-b-Estructuras Men\u00fa<\/a><\/p>\n<p><a href=\"https:\/\/drive.google.com\/file\/d\/1bsosK7F9Ge96wydha4noNzOjncAKG3ao\/view?usp=sharing\">PYTHON-tema-3-Estructuras Repetitivas<\/a><\/p>\n<p>PYTHON-tema-5-Gr\u00e1ficos en 2D<\/p>\n<p>CALIFICACI\u00d3N:<\/p>\n<ol style=\"list-style-type: lower-alpha\">\n<li>20%\u00a0 CUATRO TALLERES<\/li>\n<li>30% EXAMEN<\/li>\n<\/ol>\n","protected":false},"excerpt":{"rendered":"<p>Esta p\u00e1gina contiene tutoriales de introducci\u00f3n a lenguajes de programaci\u00f3n en\u00a0 Dev-C++, Matlab y Python. Tambi\u00e9n contiene el ejecutables de\u00a0 Dev-C++, talleres y tareas para los estudiantes del Programa de Tecnolog\u00eda El\u00e9ctrica de la U.T.P. El computador y sus partes: &hellip; <a href=\"https:\/\/blog.utp.edu.co\/jnsanchez\/programacion-te-243\/\">Sigue leyendo <span class=\"meta-nav\">&rarr;<\/span><\/a><\/p>\n","protected":false},"author":163,"featured_media":401,"parent":0,"menu_order":0,"comment_status":"open","ping_status":"open","template":"","meta":{"footnotes":""},"class_list":["post-41","page","type-page","status-publish","has-post-thumbnail","hentry"],"_links":{"self":[{"href":"https:\/\/blog.utp.edu.co\/jnsanchez\/wp-json\/wp\/v2\/pages\/41","targetHints":{"allow":["GET"]}}],"collection":[{"href":"https:\/\/blog.utp.edu.co\/jnsanchez\/wp-json\/wp\/v2\/pages"}],"about":[{"href":"https:\/\/blog.utp.edu.co\/jnsanchez\/wp-json\/wp\/v2\/types\/page"}],"author":[{"embeddable":true,"href":"https:\/\/blog.utp.edu.co\/jnsanchez\/wp-json\/wp\/v2\/users\/163"}],"replies":[{"embeddable":true,"href":"https:\/\/blog.utp.edu.co\/jnsanchez\/wp-json\/wp\/v2\/comments?post=41"}],"version-history":[{"count":234,"href":"https:\/\/blog.utp.edu.co\/jnsanchez\/wp-json\/wp\/v2\/pages\/41\/revisions"}],"predecessor-version":[{"id":4372,"href":"https:\/\/blog.utp.edu.co\/jnsanchez\/wp-json\/wp\/v2\/pages\/41\/revisions\/4372"}],"wp:featuredmedia":[{"embeddable":true,"href":"https:\/\/blog.utp.edu.co\/jnsanchez\/wp-json\/wp\/v2\/media\/401"}],"wp:attachment":[{"href":"https:\/\/blog.utp.edu.co\/jnsanchez\/wp-json\/wp\/v2\/media?parent=41"}],"curies":[{"name":"wp","href":"https:\/\/api.w.org\/{rel}","templated":true}]}}