{"id":2891,"date":"2022-12-09T19:46:17","date_gmt":"2022-12-09T19:46:17","guid":{"rendered":"https:\/\/blog.utp.edu.co\/estrategia-de-resignificacion-del-campus\/?page_id=2891"},"modified":"2022-12-16T15:23:04","modified_gmt":"2022-12-16T15:23:04","slug":"tercer-circulo-escucha-planetario","status":"publish","type":"page","link":"https:\/\/blog.utp.edu.co\/estrategia-de-resignificacion-del-campus\/mapeo-colectivo__trashed\/tercer-circulo-escucha-planetario\/","title":{"rendered":"Tercer Circulo de Escucha: Planetario"},"content":{"rendered":"\n<p><\/p>\n\n\n\n<h1 class=\"wp-block-heading\"><strong>Tercer Circulo de Escucha: Planetario<\/strong><\/h1>\n\n\n\n<blockquote class=\"wp-block-quote is-layout-flow wp-block-quote-is-layout-flow\">\n<p><em>Hist\u00f3ricamente los mapas han sido representaciones ideol\u00f3gicas confeccionadas por quienes ostentan el poder; concebidos como instrumentos de dominaci\u00f3n para la apropiaci\u00f3n utilitaria de los territorios y el delineamiento de fronteras divisorias. La primera etapa de este proceso, propone el \u201cmapeo\u201d como una acci\u00f3n colectiva&nbsp;en manos de\u2026,&nbsp;a trav\u00e9s del caminar de los pies de\u2026,&nbsp;a o\u00eddos de\u2026,&nbsp;por el relato contado de&nbsp;quienes cotidianamente habitan las condiciones ambientales, culturales y socio\u2212econ\u00f3micas espec\u00edficas de este territorio que es la Universidad Tecnol\u00f3gica de Pereira.&nbsp;La construcci\u00f3n de un nuevo relato que gu\u00ede el recorrido a trav\u00e9s de este campo abierto de sentidos, ya no desde la perspectiva del \u201cpoder\u201d o los discursos oficiales, sino desde las experiencias, las memorias, las preguntas y los saberes m\u00faltiples&nbsp;reales&nbsp;de sus habitantes.<\/em><\/p>\n<\/blockquote>\n\n\n\n<h3 class=\"wp-block-heading\">\u00bfQu\u00e9 hacemos en la universidad?, \u00bfQu\u00e9 es lo que m\u00e1s disfrutamos de ella?, \u00bfHay&nbsp;alg\u00fan espacio aqu\u00ed de no confianza?, \u00bfQu\u00e9 se guardar\u00e1 en nuestra memoria?, \u00bfQu\u00e9 nos asusta?, \u00bfPor qu\u00e9 el galp\u00f3n?, \u00bfQu\u00e9 el parche de las palmitas?\u2026 como preguntas que servir\u00e1n de excusa para una conversaci\u00f3n motivada en el deseo amoroso de conocer y dar cabida a las experiencias singulares de otras personas, acompa\u00f1ando con solidaridad las soledades de nuestras diferencias leg\u00edtimas.<\/h3>\n\n\n\n<h3 class=\"wp-block-heading\"><strong>Conversaciones que tienen como prop\u00f3sito hacernos amigos y que ser\u00e1n luego retomadas por fragmentos en la construcci\u00f3n de un gui\u00f3n sonoro que orientar\u00e1 un recorrido geopo\u00e9tico por el campus<\/strong>&nbsp;a trav\u00e9s de las m\u00faltiples voces que lo habitan de distintas maneras.&nbsp;&nbsp;<\/h3>\n\n\n\n<figure class=\"wp-block-gallery has-nested-images columns-default is-cropped wp-block-gallery-1 is-layout-flex wp-block-gallery-is-layout-flex\">\n<figure class=\"wp-block-image size-large\"><img loading=\"lazy\" decoding=\"async\" width=\"768\" height=\"1024\" data-id=\"1441\" src=\"https:\/\/blog.utp.edu.co\/estrategia-de-resignificacion-del-campus\/files\/2022\/11\/IMG_9075-768x1024.jpg\" alt=\"\" class=\"wp-image-1441\" srcset=\"https:\/\/blog.utp.edu.co\/estrategia-de-resignificacion-del-campus\/files\/2022\/11\/IMG_9075-768x1024.jpg 768w, https:\/\/blog.utp.edu.co\/estrategia-de-resignificacion-del-campus\/files\/2022\/11\/IMG_9075-225x300.jpg 225w, https:\/\/blog.utp.edu.co\/estrategia-de-resignificacion-del-campus\/files\/2022\/11\/IMG_9075-1152x1536.jpg 1152w, https:\/\/blog.utp.edu.co\/estrategia-de-resignificacion-del-campus\/files\/2022\/11\/IMG_9075-rotated.jpg 1512w\" sizes=\"auto, (max-width: 768px) 100vw, 768px\" \/><\/figure>\n\n\n\n<figure class=\"wp-block-image size-large\"><img loading=\"lazy\" decoding=\"async\" width=\"1024\" height=\"768\" data-id=\"1451\" src=\"https:\/\/blog.utp.edu.co\/estrategia-de-resignificacion-del-campus\/files\/2022\/11\/IMG_9055-1024x768.jpg\" alt=\"\" class=\"wp-image-1451\" srcset=\"https:\/\/blog.utp.edu.co\/estrategia-de-resignificacion-del-campus\/files\/2022\/11\/IMG_9055-1024x768.jpg 1024w, https:\/\/blog.utp.edu.co\/estrategia-de-resignificacion-del-campus\/files\/2022\/11\/IMG_9055-300x225.jpg 300w, https:\/\/blog.utp.edu.co\/estrategia-de-resignificacion-del-campus\/files\/2022\/11\/IMG_9055-768x576.jpg 768w, https:\/\/blog.utp.edu.co\/estrategia-de-resignificacion-del-campus\/files\/2022\/11\/IMG_9055-1536x1152.jpg 1536w, https:\/\/blog.utp.edu.co\/estrategia-de-resignificacion-del-campus\/files\/2022\/11\/IMG_9055.jpg 2016w\" sizes=\"auto, (max-width: 1024px) 100vw, 1024px\" \/><\/figure>\n\n\n\n<figure class=\"wp-block-image size-large\"><img loading=\"lazy\" decoding=\"async\" width=\"768\" height=\"1024\" data-id=\"1481\" src=\"https:\/\/blog.utp.edu.co\/estrategia-de-resignificacion-del-campus\/files\/2022\/11\/IMG_9054-768x1024.jpg\" alt=\"\" class=\"wp-image-1481\" srcset=\"https:\/\/blog.utp.edu.co\/estrategia-de-resignificacion-del-campus\/files\/2022\/11\/IMG_9054-768x1024.jpg 768w, https:\/\/blog.utp.edu.co\/estrategia-de-resignificacion-del-campus\/files\/2022\/11\/IMG_9054-225x300.jpg 225w, https:\/\/blog.utp.edu.co\/estrategia-de-resignificacion-del-campus\/files\/2022\/11\/IMG_9054-1152x1536.jpg 1152w, https:\/\/blog.utp.edu.co\/estrategia-de-resignificacion-del-campus\/files\/2022\/11\/IMG_9054-rotated.jpg 1512w\" sizes=\"auto, (max-width: 768px) 100vw, 768px\" \/><\/figure>\n\n\n\n<figure class=\"wp-block-image size-large\"><img loading=\"lazy\" decoding=\"async\" width=\"1024\" height=\"768\" data-id=\"1461\" src=\"https:\/\/blog.utp.edu.co\/estrategia-de-resignificacion-del-campus\/files\/2022\/11\/IMG_9050-1024x768.jpg\" alt=\"\" class=\"wp-image-1461\" srcset=\"https:\/\/blog.utp.edu.co\/estrategia-de-resignificacion-del-campus\/files\/2022\/11\/IMG_9050-1024x768.jpg 1024w, https:\/\/blog.utp.edu.co\/estrategia-de-resignificacion-del-campus\/files\/2022\/11\/IMG_9050-300x225.jpg 300w, https:\/\/blog.utp.edu.co\/estrategia-de-resignificacion-del-campus\/files\/2022\/11\/IMG_9050-768x576.jpg 768w, https:\/\/blog.utp.edu.co\/estrategia-de-resignificacion-del-campus\/files\/2022\/11\/IMG_9050-1536x1152.jpg 1536w, https:\/\/blog.utp.edu.co\/estrategia-de-resignificacion-del-campus\/files\/2022\/11\/IMG_9050.jpg 2016w\" sizes=\"auto, (max-width: 1024px) 100vw, 1024px\" \/><\/figure>\n\n\n\n<figure class=\"wp-block-image size-large\"><img loading=\"lazy\" decoding=\"async\" width=\"1024\" height=\"768\" data-id=\"1431\" src=\"https:\/\/blog.utp.edu.co\/estrategia-de-resignificacion-del-campus\/files\/2022\/11\/IMG_9048-1024x768.jpg\" alt=\"\" class=\"wp-image-1431\" srcset=\"https:\/\/blog.utp.edu.co\/estrategia-de-resignificacion-del-campus\/files\/2022\/11\/IMG_9048-1024x768.jpg 1024w, https:\/\/blog.utp.edu.co\/estrategia-de-resignificacion-del-campus\/files\/2022\/11\/IMG_9048-300x225.jpg 300w, https:\/\/blog.utp.edu.co\/estrategia-de-resignificacion-del-campus\/files\/2022\/11\/IMG_9048-768x576.jpg 768w, https:\/\/blog.utp.edu.co\/estrategia-de-resignificacion-del-campus\/files\/2022\/11\/IMG_9048-1536x1152.jpg 1536w, https:\/\/blog.utp.edu.co\/estrategia-de-resignificacion-del-campus\/files\/2022\/11\/IMG_9048.jpg 2016w\" sizes=\"auto, (max-width: 1024px) 100vw, 1024px\" \/><\/figure>\n\n\n\n<figure class=\"wp-block-image size-large\"><img loading=\"lazy\" decoding=\"async\" width=\"1024\" height=\"768\" data-id=\"1471\" src=\"https:\/\/blog.utp.edu.co\/estrategia-de-resignificacion-del-campus\/files\/2022\/11\/IMG_9046-1024x768.jpg\" alt=\"\" class=\"wp-image-1471\" srcset=\"https:\/\/blog.utp.edu.co\/estrategia-de-resignificacion-del-campus\/files\/2022\/11\/IMG_9046-1024x768.jpg 1024w, https:\/\/blog.utp.edu.co\/estrategia-de-resignificacion-del-campus\/files\/2022\/11\/IMG_9046-300x225.jpg 300w, https:\/\/blog.utp.edu.co\/estrategia-de-resignificacion-del-campus\/files\/2022\/11\/IMG_9046-768x576.jpg 768w, https:\/\/blog.utp.edu.co\/estrategia-de-resignificacion-del-campus\/files\/2022\/11\/IMG_9046-1536x1152.jpg 1536w, https:\/\/blog.utp.edu.co\/estrategia-de-resignificacion-del-campus\/files\/2022\/11\/IMG_9046.jpg 2016w\" sizes=\"auto, (max-width: 1024px) 100vw, 1024px\" \/><\/figure>\n\n\n\n<figure class=\"wp-block-image size-large\"><img loading=\"lazy\" decoding=\"async\" width=\"1024\" height=\"768\" data-id=\"1491\" src=\"https:\/\/blog.utp.edu.co\/estrategia-de-resignificacion-del-campus\/files\/2022\/11\/63c30b55-f3fc-4f58-8338-44a27f47ca5a-1024x768.jpg\" alt=\"\" class=\"wp-image-1491\" srcset=\"https:\/\/blog.utp.edu.co\/estrategia-de-resignificacion-del-campus\/files\/2022\/11\/63c30b55-f3fc-4f58-8338-44a27f47ca5a-1024x768.jpg 1024w, https:\/\/blog.utp.edu.co\/estrategia-de-resignificacion-del-campus\/files\/2022\/11\/63c30b55-f3fc-4f58-8338-44a27f47ca5a-300x225.jpg 300w, https:\/\/blog.utp.edu.co\/estrategia-de-resignificacion-del-campus\/files\/2022\/11\/63c30b55-f3fc-4f58-8338-44a27f47ca5a-768x576.jpg 768w, https:\/\/blog.utp.edu.co\/estrategia-de-resignificacion-del-campus\/files\/2022\/11\/63c30b55-f3fc-4f58-8338-44a27f47ca5a-1536x1152.jpg 1536w, https:\/\/blog.utp.edu.co\/estrategia-de-resignificacion-del-campus\/files\/2022\/11\/63c30b55-f3fc-4f58-8338-44a27f47ca5a.jpg 1600w\" sizes=\"auto, (max-width: 1024px) 100vw, 1024px\" \/><\/figure>\n\n\n\n<figure class=\"wp-block-image size-large\"><img loading=\"lazy\" decoding=\"async\" width=\"1024\" height=\"768\" data-id=\"1511\" src=\"https:\/\/blog.utp.edu.co\/estrategia-de-resignificacion-del-campus\/files\/2022\/11\/4f4f7127-f566-4fd2-836c-e40b7307959d-1024x768.jpg\" alt=\"\" class=\"wp-image-1511\" srcset=\"https:\/\/blog.utp.edu.co\/estrategia-de-resignificacion-del-campus\/files\/2022\/11\/4f4f7127-f566-4fd2-836c-e40b7307959d-1024x768.jpg 1024w, https:\/\/blog.utp.edu.co\/estrategia-de-resignificacion-del-campus\/files\/2022\/11\/4f4f7127-f566-4fd2-836c-e40b7307959d-300x225.jpg 300w, https:\/\/blog.utp.edu.co\/estrategia-de-resignificacion-del-campus\/files\/2022\/11\/4f4f7127-f566-4fd2-836c-e40b7307959d-768x576.jpg 768w, https:\/\/blog.utp.edu.co\/estrategia-de-resignificacion-del-campus\/files\/2022\/11\/4f4f7127-f566-4fd2-836c-e40b7307959d.jpg 1280w\" sizes=\"auto, (max-width: 1024px) 100vw, 1024px\" \/><\/figure>\n\n\n\n<figure class=\"wp-block-image size-large\"><img loading=\"lazy\" decoding=\"async\" width=\"1024\" height=\"768\" data-id=\"1501\" src=\"https:\/\/blog.utp.edu.co\/estrategia-de-resignificacion-del-campus\/files\/2022\/11\/3b0d870f-af4b-4b6e-9ab3-eecd1105b958-1024x768.jpg\" alt=\"\" class=\"wp-image-1501\" srcset=\"https:\/\/blog.utp.edu.co\/estrategia-de-resignificacion-del-campus\/files\/2022\/11\/3b0d870f-af4b-4b6e-9ab3-eecd1105b958-1024x768.jpg 1024w, https:\/\/blog.utp.edu.co\/estrategia-de-resignificacion-del-campus\/files\/2022\/11\/3b0d870f-af4b-4b6e-9ab3-eecd1105b958-300x225.jpg 300w, https:\/\/blog.utp.edu.co\/estrategia-de-resignificacion-del-campus\/files\/2022\/11\/3b0d870f-af4b-4b6e-9ab3-eecd1105b958-768x576.jpg 768w, https:\/\/blog.utp.edu.co\/estrategia-de-resignificacion-del-campus\/files\/2022\/11\/3b0d870f-af4b-4b6e-9ab3-eecd1105b958-1536x1152.jpg 1536w, https:\/\/blog.utp.edu.co\/estrategia-de-resignificacion-del-campus\/files\/2022\/11\/3b0d870f-af4b-4b6e-9ab3-eecd1105b958.jpg 1600w\" sizes=\"auto, (max-width: 1024px) 100vw, 1024px\" \/><\/figure>\n<\/figure>\n","protected":false},"excerpt":{"rendered":"<p>Tercer Circulo de Escucha: Planetario Hist\u00f3ricamente los mapas han sido representaciones ideol\u00f3gicas confeccionadas por quienes ostentan el poder; concebidos como instrumentos de dominaci\u00f3n para la apropiaci\u00f3n utilitaria de los territorios y el delineamiento de fronteras divisorias. La primera etapa de este proceso, propone el \u201cmapeo\u201d como una acci\u00f3n colectiva&nbsp;en manos de\u2026,&nbsp;a trav\u00e9s del caminar de &#8230; <a title=\"Tercer Circulo de Escucha: Planetario\" class=\"read-more\" href=\"https:\/\/blog.utp.edu.co\/estrategia-de-resignificacion-del-campus\/mapeo-colectivo__trashed\/tercer-circulo-escucha-planetario\/\" aria-label=\"Leer m\u00e1s sobre Tercer Circulo de Escucha: Planetario\">Leer m\u00e1s<\/a><\/p>\n","protected":false},"author":6461,"featured_media":4971,"parent":271,"menu_order":0,"comment_status":"closed","ping_status":"closed","template":"","meta":{"footnotes":""},"class_list":["post-2891","page","type-page","status-publish","has-post-thumbnail"],"_links":{"self":[{"href":"https:\/\/blog.utp.edu.co\/estrategia-de-resignificacion-del-campus\/wp-json\/wp\/v2\/pages\/2891","targetHints":{"allow":["GET"]}}],"collection":[{"href":"https:\/\/blog.utp.edu.co\/estrategia-de-resignificacion-del-campus\/wp-json\/wp\/v2\/pages"}],"about":[{"href":"https:\/\/blog.utp.edu.co\/estrategia-de-resignificacion-del-campus\/wp-json\/wp\/v2\/types\/page"}],"author":[{"embeddable":true,"href":"https:\/\/blog.utp.edu.co\/estrategia-de-resignificacion-del-campus\/wp-json\/wp\/v2\/users\/6461"}],"replies":[{"embeddable":true,"href":"https:\/\/blog.utp.edu.co\/estrategia-de-resignificacion-del-campus\/wp-json\/wp\/v2\/comments?post=2891"}],"version-history":[{"count":5,"href":"https:\/\/blog.utp.edu.co\/estrategia-de-resignificacion-del-campus\/wp-json\/wp\/v2\/pages\/2891\/revisions"}],"predecessor-version":[{"id":4421,"href":"https:\/\/blog.utp.edu.co\/estrategia-de-resignificacion-del-campus\/wp-json\/wp\/v2\/pages\/2891\/revisions\/4421"}],"up":[{"embeddable":true,"href":"https:\/\/blog.utp.edu.co\/estrategia-de-resignificacion-del-campus\/wp-json\/wp\/v2\/pages\/271"}],"wp:featuredmedia":[{"embeddable":true,"href":"https:\/\/blog.utp.edu.co\/estrategia-de-resignificacion-del-campus\/wp-json\/wp\/v2\/media\/4971"}],"wp:attachment":[{"href":"https:\/\/blog.utp.edu.co\/estrategia-de-resignificacion-del-campus\/wp-json\/wp\/v2\/media?parent=2891"}],"curies":[{"name":"wp","href":"https:\/\/api.w.org\/{rel}","templated":true}]}}