{"id":2591,"date":"2022-12-09T16:44:26","date_gmt":"2022-12-09T16:44:26","guid":{"rendered":"https:\/\/blog.utp.edu.co\/estrategia-de-resignificacion-del-campus\/?page_id=2591"},"modified":"2022-12-16T14:55:27","modified_gmt":"2022-12-16T14:55:27","slug":"equipo-de-trabajo-interdisciplinar-mec","status":"publish","type":"page","link":"https:\/\/blog.utp.edu.co\/estrategia-de-resignificacion-del-campus\/equipo-de-trabajo-interdisciplinar-mec\/","title":{"rendered":"Equipo de Trabajo Interdisciplinar MEC"},"content":{"rendered":"\n<p><strong>Equipo de trabajo interdisciplinar MEC<\/strong><\/p>\n\n\n\n<p>MARGARITA CALLE GUERRA (Directora del proyecto)&nbsp;<\/p>\n\n\n\n<p>Doctora en Humanidades por la Universidad del Valle. Es profesora titular del Departamento de Humanidades, Facultad de Bellas Artes y Humanidades de la Universidad Tecnol\u00f3gica de Pereira, donde dirige la Maestr\u00eda en Est\u00e9tica y Creaci\u00f3n, y el grupo de investigaci\u00f3n Arte y Cultura. Es coordinadora de la L\u00ednea de Investigaci\u00f3n en Arte Contempor\u00e1neo, desde donde ha liderado procesos de investigaci\u00f3n, creaci\u00f3n, gesti\u00f3n y proyecci\u00f3n cultural en alianza con instituciones p\u00fablicas y privadas de Pereira. Sus art\u00edculos han sido publicados en revistas especializadas y es autora de los libros: Met\u00e1foras urbanas. El artista y la ciudad, 2003; Perspectivas hist\u00f3ricas de las artes pl\u00e1sticas en Pereira, 2006; Mutaciones y registros. Desplazamientos y convergencias del arte contempor\u00e1neo en Colombia, 2011; Pereira: el \u00e1lbum de su historia, 2013; Mediaciones est\u00e9ticas y expresividades de la memoria, 2021, Magdalenas por el Cauca. Trayectos expresivos de la memoria, 2021.<\/p>\n\n\n\n<p>DIANA CAROLINA SU\u00c1REZ (Coordinadora del proyecto)<\/p>\n\n\n\n<p>Licenciada en Comunicaci\u00f3n e Inform\u00e1tica Educativa, Magister en Est\u00e9tica y Creaci\u00f3n. Estudiante Becaria del Doctorado en Dise\u00f1o y Creaci\u00f3n de la Universidad de Caldas. Desde hace 5 a\u00f1os es docente del Departamento de Humanidades y en la facultad de Educaci\u00f3n de la Universidad Tecnol\u00f3gica de Pereira. Integrante del grupo de Investigaci\u00f3n Categor\u00eda A \u201cArte y Cultura\u201d UTP&nbsp; como investigadora en&nbsp; proyectos de Innovaci\u00f3n social del Conocimiento,&nbsp; dise\u00f1o de experiencias est\u00e9ticas, transmedia y Laboratorios Vivos Comunitarios mediados por procesos pedag\u00f3gicos, trabajo colaborativo y creatividad social.<\/p>\n\n\n\n<p>DANIELA ARG\u00dcELLES G\u00d3MEZ <\/p>\n\n\n\n<p>Licenciada en Artes Visuales con Maestr\u00eda en Est\u00e9tica y Creaci\u00f3n de la Universidad Tecnol\u00f3gica de Pereira. Le interesan la labor curatorial, la colaboraci\u00f3n en procesos de producci\u00f3n de obra, la escritura y reflexi\u00f3n est\u00e9tica. Ha trabajado como curadora independiente y en diferentes instituciones p\u00fablicas y privadas en Colombia. Ha orientado procesos de formaci\u00f3n, nacionales y regionales, con el Ministerio de Cultura y el Banco de la Rep\u00fablica.<\/p>\n\n\n\n<p>ADRIAN HUESO&nbsp;<\/p>\n\n\n\n<p>Licenciado en Artes Visuales de la Universidad Pedag\u00f3gica Nacional y Mag\u00edster en Est\u00e9tica y Creaci\u00f3n de la Universidad Tecnol\u00f3gica de Pereira. Trabaja desde acciones perform\u00e1ticas que son tambi\u00e9n extensi\u00f3n de intereses pl\u00e1sticos, visuales y pol\u00edticos; al tiempo que cuenta con un amplio cuerpo de obra desde la fotograf\u00eda y sus t\u00e9cnicas antiguas de creaci\u00f3n; ha desarrollado intervenciones pedag\u00f3gicas y comunitarias desde la pr\u00e1ctica art\u00edstica, la ense\u00f1anza de las artes y el dise\u00f1o curricular, en escenarios de educaci\u00f3n formal, informal y no formal, colaborando con poblaciones diversas y en condici\u00f3n de vulnerabilidad.&nbsp;<\/p>\n\n\n\n<p>ANDREA MAR\u00cdN ARCILA&nbsp;<\/p>\n\n\n\n<p>Artista esc\u00e9nica y educadora en el campo de las artes vivas. Creadora y pedagoga con experiencia en la educaci\u00f3n teatral y literaria dirigida a p\u00fablico infantil-juvenil y a poblaci\u00f3n con discapacidad y enfermedad mental. Su pr\u00e1ctica teatral y docente la ha llevado a experimentar diversas formas del lenguaje esc\u00e9nico en la contemporaneidad a trav\u00e9s de las artes expandidas.<\/p>\n\n\n\n<p>GEORGINA&nbsp; MONTOYA&nbsp;<\/p>\n\n\n\n<p>Artista Pl\u00e1stica, Magister en Est\u00e9tica y Creaci\u00f3n y Magister&nbsp; en Dise\u00f1o y Creaci\u00f3n Interactiva. Sus intereses creativos se centran en las autobiograf\u00edas visuales y&nbsp; el reciclaje de im\u00e1genes, a trav\u00e9s de narrativas fragmentadas y de ficci\u00f3n,&nbsp; los cuales mezcla con su pr\u00e1ctica pedag\u00f3gica. Docente universitaria interesada en los procesos Arte Educaci\u00f3n para el desarrollo de pensamiento creativo.<\/p>\n","protected":false},"excerpt":{"rendered":"<p>Equipo de trabajo interdisciplinar MEC MARGARITA CALLE GUERRA (Directora del proyecto)&nbsp; Doctora en Humanidades por la Universidad del Valle. Es profesora titular del Departamento de Humanidades, Facultad de Bellas Artes y Humanidades de la Universidad Tecnol\u00f3gica de Pereira, donde dirige la Maestr\u00eda en Est\u00e9tica y Creaci\u00f3n, y el grupo de investigaci\u00f3n Arte y Cultura. Es &#8230; <a title=\"Equipo de Trabajo Interdisciplinar MEC\" class=\"read-more\" href=\"https:\/\/blog.utp.edu.co\/estrategia-de-resignificacion-del-campus\/equipo-de-trabajo-interdisciplinar-mec\/\" aria-label=\"Leer m\u00e1s sobre Equipo de Trabajo Interdisciplinar MEC\">Leer m\u00e1s<\/a><\/p>\n","protected":false},"author":6461,"featured_media":4891,"parent":0,"menu_order":0,"comment_status":"closed","ping_status":"closed","template":"","meta":{"footnotes":""},"class_list":["post-2591","page","type-page","status-publish","has-post-thumbnail"],"_links":{"self":[{"href":"https:\/\/blog.utp.edu.co\/estrategia-de-resignificacion-del-campus\/wp-json\/wp\/v2\/pages\/2591","targetHints":{"allow":["GET"]}}],"collection":[{"href":"https:\/\/blog.utp.edu.co\/estrategia-de-resignificacion-del-campus\/wp-json\/wp\/v2\/pages"}],"about":[{"href":"https:\/\/blog.utp.edu.co\/estrategia-de-resignificacion-del-campus\/wp-json\/wp\/v2\/types\/page"}],"author":[{"embeddable":true,"href":"https:\/\/blog.utp.edu.co\/estrategia-de-resignificacion-del-campus\/wp-json\/wp\/v2\/users\/6461"}],"replies":[{"embeddable":true,"href":"https:\/\/blog.utp.edu.co\/estrategia-de-resignificacion-del-campus\/wp-json\/wp\/v2\/comments?post=2591"}],"version-history":[{"count":4,"href":"https:\/\/blog.utp.edu.co\/estrategia-de-resignificacion-del-campus\/wp-json\/wp\/v2\/pages\/2591\/revisions"}],"predecessor-version":[{"id":4871,"href":"https:\/\/blog.utp.edu.co\/estrategia-de-resignificacion-del-campus\/wp-json\/wp\/v2\/pages\/2591\/revisions\/4871"}],"wp:featuredmedia":[{"embeddable":true,"href":"https:\/\/blog.utp.edu.co\/estrategia-de-resignificacion-del-campus\/wp-json\/wp\/v2\/media\/4891"}],"wp:attachment":[{"href":"https:\/\/blog.utp.edu.co\/estrategia-de-resignificacion-del-campus\/wp-json\/wp\/v2\/media?parent=2591"}],"curies":[{"name":"wp","href":"https:\/\/api.w.org\/{rel}","templated":true}]}}