{"id":8043,"date":"2014-08-26T14:53:03","date_gmt":"2014-08-26T14:53:03","guid":{"rendered":"http:\/\/blog.utp.edu.co\/cirugia\/?page_id=8043"},"modified":"2020-08-04T17:03:26","modified_gmt":"2020-08-04T17:03:26","slug":"anestesia-2","status":"publish","type":"page","link":"https:\/\/blog.utp.edu.co\/cirugia\/asignaturas\/especialidades-quirurgicas\/anestesia-2\/","title":{"rendered":"Anestesia"},"content":{"rendered":"\n\n<p style=\"text-align: justify\"><strong>\u00a0<\/strong><span style=\"color: #000000\">La Anestesiolog\u00eda, es una especializaci\u00f3n medico quir\u00fargica, cuyo ejercicio en Colombia, se encuentra regulado por la Ley 6 de 1991, por lo que el M\u00e9dico General, no la puede ejercer, salvo algunas excepciones contempladas en la misma Ley; sin embargo, durante su proceso de formaci\u00f3n, el estudiante de Medicina, debe adquirir destrezas y competencias, relacionadas con esta especialidad, en lo referente al manejo de la v\u00eda a\u00e9rea, a la correcta utilizaci\u00f3n de t\u00e9cnicas de sedaci\u00f3n y analgesia, al empleo de anest\u00e9sicos locales, a la reanimaci\u00f3n de pacientes aquejados por diferentes tipos de Shock y a la prevenci\u00f3n, diagn\u00f3stico y manejo de algunas complicaciones derivadas de los procedimientos anest\u00e9sicos, que ata\u00f1en tambi\u00e9n al M\u00e9dico General.<\/span><\/p>\n<p style=\"text-align: justify\"><span style=\"color: #000000\">Los temas de revisi\u00f3n con el doctor Sergio Mogoll\u00f3n P:<\/span><\/p>\n<ul>\n<li><strong>Martes<\/strong>:\u00a0 <span style=\"color: #000000\">Taller de Valoraci\u00f3n Preanest\u00e9sica. \u00a0 Hora:\u00a0 2:00pm<\/span><\/li>\n<li><strong>Deben traer:\u00a0<\/strong> <span style=\"color: #000000\">Fonendoscopio y Tensi\u00f3metro (todos)<\/span><\/li>\n<li><span style=\"color: #000000\">Asisten los 2 \u00f3 3 integrantes.\u00a0\u00a0\u00a0\u00a0\u00a0 <strong>Lugar<\/strong>:\u00a0 Ciencias Cl\u00ednicas<\/span><\/li>\n<\/ul>\n<h3>El doctor, les dir\u00e1 el resto de la programaci\u00f3n<\/h3>\n<p><a href=\"http:\/\/blog.utp.edu.co\/cirugia\/especialidades-quirurgicas\/anestesia-2\/hoja-evaluacion-ronda-anestesia\/\" rel=\"attachment wp-att-26081\"><strong>Hoja Evaluaci\u00f3n Ronda Anestesia<\/strong><\/a>\u00a0\u00a0\u00a0\u00a0\u00a0\u00a0\u00a0\u00a0\u00a0\u00a0\u00a0\u00a0<strong>\u00a0\u00a0\u00a0 \u00a0<\/strong><a href=\"http:\/\/blog.utp.edu.co\/cirugia\/especialidades-quirurgicas\/anestesia-2\/programa-de-anestesia-3\/\" rel=\"attachment wp-att-26091\"><strong>Programa de Anestesia<\/strong><\/a><\/p>\n<h3><span style=\"color: #000000\"><strong>\u00a0\u00a0\u00a0\u00a0\u00a0<\/strong><\/span><span style=\"color: #003366\"><span style=\"color: #000080\"><strong>\u00a0\u00a0\u00a0\u00a0<span style=\"color: #000000\">\u00a0\u00a0\u00a0<\/span><\/strong><\/span><\/span><span style=\"color: #000000\"><strong>\u00a0\u00a0\u00a0\u00a0<\/strong><\/span><\/h3>\n<h3><img loading=\"lazy\" decoding=\"async\" class=\" wp-image-49311 aligncenter\" src=\"http:\/\/blog.utp.edu.co\/cirugia\/files\/2020\/08\/BARRA01-1.jpg\" alt=\"\" width=\"649\" height=\"78\" srcset=\"https:\/\/blog.utp.edu.co\/cirugia\/files\/2020\/08\/BARRA01-1.jpg 582w, https:\/\/blog.utp.edu.co\/cirugia\/files\/2020\/08\/BARRA01-1-300x36.jpg 300w\" sizes=\"auto, (max-width: 649px) 100vw, 649px\" \/><\/h3>\n<p><img loading=\"lazy\" decoding=\"async\" class=\"alignright size-full wp-image-42371\" src=\"http:\/\/blog.utp.edu.co\/cirugia\/files\/2020\/05\/imagen-para-el-blog-3.jpg\" alt=\"\" width=\"1093\" height=\"146\" \/><\/p>\n<p><span style=\"font-size: medium\"><strong><span style=\"color: #000080\">\u00a0<\/span><\/strong><\/span><\/p>","protected":false},"excerpt":{"rendered":"<p>\u00a0La Anestesiolog\u00eda, es una especializaci\u00f3n medico quir\u00fargica, cuyo ejercicio en Colombia, se encuentra regulado por la Ley 6 de 1991, [&hellip;]<\/p>\n","protected":false},"author":113,"featured_media":44061,"parent":2837,"menu_order":4,"comment_status":"closed","ping_status":"open","template":"","meta":{"site-sidebar-layout":"default","site-content-layout":"","ast-site-content-layout":"default","site-content-style":"default","site-sidebar-style":"default","ast-global-header-display":"","ast-banner-title-visibility":"","ast-main-header-display":"","ast-hfb-above-header-display":"","ast-hfb-below-header-display":"","ast-hfb-mobile-header-display":"","site-post-title":"","ast-breadcrumbs-content":"","ast-featured-img":"","footer-sml-layout":"","ast-disable-related-posts":"","theme-transparent-header-meta":"","adv-header-id-meta":"","stick-header-meta":"","header-above-stick-meta":"","header-main-stick-meta":"","header-below-stick-meta":"","astra-migrate-meta-layouts":"default","ast-page-background-enabled":"default","ast-page-background-meta":{"desktop":{"background-color":"var(--ast-global-color-4)","background-image":"","background-repeat":"repeat","background-position":"center center","background-size":"auto","background-attachment":"scroll","background-type":"","background-media":"","overlay-type":"","overlay-color":"","overlay-opacity":"","overlay-gradient":""},"tablet":{"background-color":"","background-image":"","background-repeat":"repeat","background-position":"center center","background-size":"auto","background-attachment":"scroll","background-type":"","background-media":"","overlay-type":"","overlay-color":"","overlay-opacity":"","overlay-gradient":""},"mobile":{"background-color":"","background-image":"","background-repeat":"repeat","background-position":"center center","background-size":"auto","background-attachment":"scroll","background-type":"","background-media":"","overlay-type":"","overlay-color":"","overlay-opacity":"","overlay-gradient":""}},"ast-content-background-meta":{"desktop":{"background-color":"var(--ast-global-color-5)","background-image":"","background-repeat":"repeat","background-position":"center center","background-size":"auto","background-attachment":"scroll","background-type":"","background-media":"","overlay-type":"","overlay-color":"","overlay-opacity":"","overlay-gradient":""},"tablet":{"background-color":"var(--ast-global-color-5)","background-image":"","background-repeat":"repeat","background-position":"center center","background-size":"auto","background-attachment":"scroll","background-type":"","background-media":"","overlay-type":"","overlay-color":"","overlay-opacity":"","overlay-gradient":""},"mobile":{"background-color":"var(--ast-global-color-5)","background-image":"","background-repeat":"repeat","background-position":"center center","background-size":"auto","background-attachment":"scroll","background-type":"","background-media":"","overlay-type":"","overlay-color":"","overlay-opacity":"","overlay-gradient":""}},"footnotes":""},"class_list":["post-8043","page","type-page","status-publish","has-post-thumbnail","hentry"],"_links":{"self":[{"href":"https:\/\/blog.utp.edu.co\/cirugia\/wp-json\/wp\/v2\/pages\/8043","targetHints":{"allow":["GET"]}}],"collection":[{"href":"https:\/\/blog.utp.edu.co\/cirugia\/wp-json\/wp\/v2\/pages"}],"about":[{"href":"https:\/\/blog.utp.edu.co\/cirugia\/wp-json\/wp\/v2\/types\/page"}],"author":[{"embeddable":true,"href":"https:\/\/blog.utp.edu.co\/cirugia\/wp-json\/wp\/v2\/users\/113"}],"replies":[{"embeddable":true,"href":"https:\/\/blog.utp.edu.co\/cirugia\/wp-json\/wp\/v2\/comments?post=8043"}],"version-history":[{"count":22,"href":"https:\/\/blog.utp.edu.co\/cirugia\/wp-json\/wp\/v2\/pages\/8043\/revisions"}],"predecessor-version":[{"id":49321,"href":"https:\/\/blog.utp.edu.co\/cirugia\/wp-json\/wp\/v2\/pages\/8043\/revisions\/49321"}],"up":[{"embeddable":true,"href":"https:\/\/blog.utp.edu.co\/cirugia\/wp-json\/wp\/v2\/pages\/2837"}],"wp:featuredmedia":[{"embeddable":true,"href":"https:\/\/blog.utp.edu.co\/cirugia\/wp-json\/wp\/v2\/media\/44061"}],"wp:attachment":[{"href":"https:\/\/blog.utp.edu.co\/cirugia\/wp-json\/wp\/v2\/media?parent=8043"}],"curies":[{"name":"wp","href":"https:\/\/api.w.org\/{rel}","templated":true}]}}