{"id":7718,"date":"2014-05-21T12:54:50","date_gmt":"2014-05-21T12:54:50","guid":{"rendered":"http:\/\/blog.utp.edu.co\/cirugia\/?page_id=7718"},"modified":"2020-10-23T14:46:47","modified_gmt":"2020-10-23T14:46:47","slug":"internado","status":"publish","type":"page","link":"https:\/\/blog.utp.edu.co\/cirugia\/asignaturas\/internado\/","title":{"rendered":"Internado"},"content":{"rendered":"<p>El Internado es el \u00faltimo a\u00f1o de la carrera de Medicina, representa la etapa culminante de la formaci\u00f3n de pregrado, el alumno\u00a0 tiene la oportunidad de desarrollar habilidades y destrezas necesarias para el manejo del paciente quir\u00fargico y urgente.<\/p>\n<p>Los internos, sin excepci\u00f3n alguna deben realizar la totalidad de las rotaciones, a saber: \u00b7 Cirug\u00eda.\u00a0 Ginecolog\u00eda y Obstetricia. Pediatr\u00eda. Medicina Interna. Psiquiatr\u00eda. Electiva. Ruralito.<\/p>\n<p style=\"text-align: justify\"><strong><span style=\"background-color: #ffffff;color: #000000\">Jueves\u00a0 9:00am.: \u00a0\u00a0<\/span><\/strong><span style=\"background-color: #ffffff;color: #000000\">La\u00a0 revisi\u00f3n de tema con el Doctor Rodolfo Adri\u00e1n Cabrales Vega.\u00a0 Los internos que est\u00e1n en: Trauma Ayudant\u00edas y Salas.\u00a0\u00a0<\/span><\/p>\n<p style=\"text-align: justify\"><span style=\"background-color: #ffffff;color: #000000\">\u00a0<strong>Jueves\u00a0 2:00pm. \u00a0\u00a0 <\/strong><\/span><span style=\"background-color: #ffffff;color: #000000\">La revisi\u00f3n de Tema con el Doctor Borraez, en Ciencias Cl\u00ednicas, todos los internos que est\u00e1n en Especialidades y Cirug\u00eda<\/span><\/p>\n<p style=\"text-align: justify\"><span style=\"background-color: #ffffff;color: #000000\"><strong>Jueves\u00a0 4:30pm. \u00a0<\/strong><\/span><span style=\"background-color: #003366;color: #000000\"><span style=\"background-color: #ffffff\">La revisi\u00f3n\u00a0 de tema todo el grupo de cirug\u00eda y especialidades,\u00a0 con a las 4:30 en la sede de la universidad en el HSJ. Se revisara 1 tema, de los 15 se\u00f1alados en el blog. Debe ser diferente cada vez. <\/span><\/span><\/p>\n<p style=\"text-align: justify\"><span style=\"background-color: #003366;color: #000000\"><span style=\"background-color: #ffffff\">Los internos deben presentar Junta de Decisiones y Caso Interesante, con un estudiante.<\/span><\/span><\/p>\n<p>La Junta de decisiones se realiza los martes a las 7:00am.\u00a0 el\u00a0<span style=\"background-color: #ffffff;color: #000000\">Coordinador\u00a0 es el doctor Luis Javier Villota.\u00a0 celular 3162567680.<\/span><\/p>\n<p><a href=\"http:\/\/blog.utp.edu.co\/cirugia\/files\/2020\/06\/Pautas-para-Preparaci\u00f3n-y-Presentaci\u00f3n-de-Juntas-.pdf\"><strong><span style=\"color: #000000\">Pautas para Preparaci\u00f3n y Presentaci\u00f3n de Junta de Decisiones<\/span><\/strong><\/a><\/p>\n<p>El <span style=\"background-color: #ffffff;color: #000000\">Caso Interesante se realiza los mi\u00e9rcoles a las 7:00am.\u00a0 El Coordinador es el\u00a0 doctor Carlos Ram\u00edrez celular 3113677308<\/span><\/p>\n<p><strong><span style=\"color: #000000\"><a style=\"color: #000000\" href=\"http:\/\/blog.utp.edu.co\/cirugia\/files\/2020\/06\/Pautas-para-Preparaci\u00f3n-y-Presentaci\u00f3nde-Caso-Interesante-1.pdf\">Pautas para preparaci\u00f3n y presentaci\u00f3n de Caso Interesante<\/a><\/span><\/strong><\/p>\n<ul>\n<li><span style=\"color: #000000\"><a style=\"color: #000000\" href=\"http:\/\/blog.utp.edu.co\/cirugia\/files\/2020\/06\/Casos-y-Juntas-hasta-junio30.pdf\">Casos y Juntas hasta junio30<\/a><\/span><\/li>\n<li><span style=\"color: #000000\"><a style=\"color: #000000\" href=\"http:\/\/blog.utp.edu.co\/cirugia\/files\/2020\/06\/Procedimiento-a-seguir-en-caso-de-un-Accidente-de-Riesgo-Biol\u00f3gico.pdf\">Procedimiento a seguir en caso de un Accidente de Riesgo Biol\u00f3gico<\/a><\/span><\/li>\n<li><span style=\"color: #000000\"><a style=\"color: #000000\" href=\"http:\/\/blog.utp.edu.co\/cirugia\/files\/2020\/06\/Plantilla-1.ppt\">Plantilla 1<\/a><\/span><\/li>\n<li><span style=\"color: #000000\"><a style=\"color: #000000\" href=\"http:\/\/blog.utp.edu.co\/cirugia\/files\/2020\/06\/Plantilla-2.ppt\">Plantilla 2<\/a><\/span><\/li>\n<li><span style=\"color: #000000\"><a style=\"color: #000000\" href=\"http:\/\/blog.utp.edu.co\/cirugia\/files\/2020\/06\/Reglamento-Estudiantil-Internado.pdf\">Reglamento Estudiantil Internado<\/a><\/span><\/li>\n<li><span style=\"color: #000000\"><a style=\"color: #000000\" href=\"http:\/\/blog.utp.edu.co\/cirugia\/files\/2020\/06\/Formato-de-Evaluaci\u00f3n.pdf\">Formato de Evaluaci\u00f3n<\/a><\/span><\/li>\n<li><span style=\"color: #000000\"><a style=\"color: #000000\" href=\"http:\/\/blog.utp.edu.co\/cirugia\/files\/2020\/06\/Manual-de-Pr\u00e1cticas-HUSJ.pdf\">Manual de Pr\u00e1cticas HUSJ<\/a><\/span><\/li>\n<li><span style=\"color: #000000\"><a style=\"color: #000000\" href=\"http:\/\/blog.utp.edu.co\/cirugia\/files\/2020\/06\/Procedimiento-a-seguir-en-caso-de-un-Accidente-de-Riesgo-Biol\u00f3gico-1.pdf\">Procedimiento a seguir en caso de un Accidente de Riesgo Biol\u00f3gico<\/a><\/span><\/li>\n<li><span style=\"color: #000000\"><a style=\"color: #000000\" href=\"http:\/\/blog.utp.edu.co\/cirugia\/files\/2020\/06\/Formato-de-Solicitud-de-Permisos-Acad\u00e9micos-para-Estudiantes-.pdf\">Formato de Solicitud de Permisos Acad\u00e9micos para Estudiantes<\/a><\/span><\/li>\n<li><span style=\"color: #000000\"><a style=\"color: #000000\" href=\"http:\/\/blog.utp.edu.co\/cirugia\/files\/2020\/10\/1Protocolos-de-bioseguridad-instructivo-covid-19-comprimido.pdf\">Protocolos-de-bioseguridad-instructivo-covid-19-comprimido<\/a><\/span><\/li>\n<li><span style=\"color: #000000\"><a style=\"color: #000000\" href=\"http:\/\/blog.utp.edu.co\/cirugia\/files\/2020\/10\/Protocolo-de-BioseguridadLaboratorios-UTP.pdf\">Protocolo de Bioseguridad Laboratorios UTP<\/a><\/span><\/li>\n<\/ul>\n<p>\u00a0<\/p>\n<p><img loading=\"lazy\" decoding=\"async\" class=\"size-full wp-image-49311 aligncenter\" src=\"http:\/\/blog.utp.edu.co\/cirugia\/files\/2020\/08\/BARRA01-1.jpg\" alt=\"\" width=\"582\" height=\"70\" srcset=\"https:\/\/blog.utp.edu.co\/cirugia\/files\/2020\/08\/BARRA01-1.jpg 582w, https:\/\/blog.utp.edu.co\/cirugia\/files\/2020\/08\/BARRA01-1-300x36.jpg 300w\" sizes=\"auto, (max-width: 582px) 100vw, 582px\" \/><\/p>\n<p>\u00a0<\/p>\n\n\n\n\n\n","protected":false},"excerpt":{"rendered":"<p>El Internado es el \u00faltimo a\u00f1o de la carrera de Medicina, representa la etapa culminante de la formaci\u00f3n de pregrado, [&hellip;]<\/p>\n","protected":false},"author":113,"featured_media":44921,"parent":40721,"menu_order":3,"comment_status":"closed","ping_status":"open","template":"","meta":{"site-sidebar-layout":"default","site-content-layout":"","ast-site-content-layout":"default","site-content-style":"default","site-sidebar-style":"default","ast-global-header-display":"","ast-banner-title-visibility":"","ast-main-header-display":"","ast-hfb-above-header-display":"","ast-hfb-below-header-display":"","ast-hfb-mobile-header-display":"","site-post-title":"","ast-breadcrumbs-content":"","ast-featured-img":"","footer-sml-layout":"","ast-disable-related-posts":"","theme-transparent-header-meta":"","adv-header-id-meta":"","stick-header-meta":"","header-above-stick-meta":"","header-main-stick-meta":"","header-below-stick-meta":"","astra-migrate-meta-layouts":"default","ast-page-background-enabled":"default","ast-page-background-meta":{"desktop":{"background-color":"var(--ast-global-color-4)","background-image":"","background-repeat":"repeat","background-position":"center center","background-size":"auto","background-attachment":"scroll","background-type":"","background-media":"","overlay-type":"","overlay-color":"","overlay-opacity":"","overlay-gradient":""},"tablet":{"background-color":"","background-image":"","background-repeat":"repeat","background-position":"center center","background-size":"auto","background-attachment":"scroll","background-type":"","background-media":"","overlay-type":"","overlay-color":"","overlay-opacity":"","overlay-gradient":""},"mobile":{"background-color":"","background-image":"","background-repeat":"repeat","background-position":"center center","background-size":"auto","background-attachment":"scroll","background-type":"","background-media":"","overlay-type":"","overlay-color":"","overlay-opacity":"","overlay-gradient":""}},"ast-content-background-meta":{"desktop":{"background-color":"var(--ast-global-color-5)","background-image":"","background-repeat":"repeat","background-position":"center center","background-size":"auto","background-attachment":"scroll","background-type":"","background-media":"","overlay-type":"","overlay-color":"","overlay-opacity":"","overlay-gradient":""},"tablet":{"background-color":"var(--ast-global-color-5)","background-image":"","background-repeat":"repeat","background-position":"center center","background-size":"auto","background-attachment":"scroll","background-type":"","background-media":"","overlay-type":"","overlay-color":"","overlay-opacity":"","overlay-gradient":""},"mobile":{"background-color":"var(--ast-global-color-5)","background-image":"","background-repeat":"repeat","background-position":"center center","background-size":"auto","background-attachment":"scroll","background-type":"","background-media":"","overlay-type":"","overlay-color":"","overlay-opacity":"","overlay-gradient":""}},"footnotes":""},"class_list":["post-7718","page","type-page","status-publish","has-post-thumbnail","hentry"],"_links":{"self":[{"href":"https:\/\/blog.utp.edu.co\/cirugia\/wp-json\/wp\/v2\/pages\/7718","targetHints":{"allow":["GET"]}}],"collection":[{"href":"https:\/\/blog.utp.edu.co\/cirugia\/wp-json\/wp\/v2\/pages"}],"about":[{"href":"https:\/\/blog.utp.edu.co\/cirugia\/wp-json\/wp\/v2\/types\/page"}],"author":[{"embeddable":true,"href":"https:\/\/blog.utp.edu.co\/cirugia\/wp-json\/wp\/v2\/users\/113"}],"replies":[{"embeddable":true,"href":"https:\/\/blog.utp.edu.co\/cirugia\/wp-json\/wp\/v2\/comments?post=7718"}],"version-history":[{"count":259,"href":"https:\/\/blog.utp.edu.co\/cirugia\/wp-json\/wp\/v2\/pages\/7718\/revisions"}],"predecessor-version":[{"id":49941,"href":"https:\/\/blog.utp.edu.co\/cirugia\/wp-json\/wp\/v2\/pages\/7718\/revisions\/49941"}],"up":[{"embeddable":true,"href":"https:\/\/blog.utp.edu.co\/cirugia\/wp-json\/wp\/v2\/pages\/40721"}],"wp:featuredmedia":[{"embeddable":true,"href":"https:\/\/blog.utp.edu.co\/cirugia\/wp-json\/wp\/v2\/media\/44921"}],"wp:attachment":[{"href":"https:\/\/blog.utp.edu.co\/cirugia\/wp-json\/wp\/v2\/media?parent=7718"}],"curies":[{"name":"wp","href":"https:\/\/api.w.org\/{rel}","templated":true}]}}