{"id":40491,"date":"2020-05-18T16:20:18","date_gmt":"2020-05-18T16:20:18","guid":{"rendered":"http:\/\/blog.utp.edu.co\/cirugia\/?page_id=40491"},"modified":"2020-05-29T15:11:36","modified_gmt":"2020-05-29T15:11:36","slug":"ortopedia-3","status":"publish","type":"page","link":"https:\/\/blog.utp.edu.co\/cirugia\/asignaturas\/especialidades-quirurgicas\/ortopedia-3\/","title":{"rendered":"Ortopedia"},"content":{"rendered":"\n<p style=\"text-align: justify\">&nbsp;Es una especialidad encargada del diagn\u00f3stico y tratamiento de las enfermedades del sistema m\u00fasculo esquel\u00e9tico, incluyendo aquellas que son de origen neurol\u00f3gico, degenerativo y origen traum\u00e1tico. Adem\u00e1s, la ortopedia busca mejorar el funcionamiento muscular y esquel\u00e9tico por medio de la optimizaci\u00f3n de sus brazos de palanca y fuerzas musculares que los mueven a trav\u00e9s de procedimientos quir\u00fargicos.<\/p>\n<p><span style=\"color: #333399\"><strong><span style=\"color: #000000\"><a style=\"color: #000000\" href=\"http:\/\/blog.utp.edu.co\/cirugia\/files\/2013\/09\/Programa-de-OrtopediaVIIIactualizado1.pdf\">Programa de Ortopedia&nbsp;<\/a><\/span>&nbsp;<\/strong><\/span><strong> &nbsp; <\/strong><\/p>\n<p><strong>Docentes: &nbsp;<\/strong>Doctor V\u00edctor Manuel Casta\u00f1o C\u00e1rdenas. &nbsp;&nbsp; &nbsp; &nbsp; &nbsp; &nbsp; &nbsp; &nbsp; &nbsp; &nbsp; &nbsp; &nbsp; &nbsp; &nbsp; &nbsp; &nbsp; &nbsp; &nbsp; &nbsp; &nbsp; &nbsp; &nbsp; &nbsp; &nbsp; &nbsp; &nbsp; &nbsp; &nbsp; &nbsp; &nbsp; &nbsp; &nbsp; &nbsp; &nbsp; &nbsp; &nbsp; &nbsp; &nbsp; &nbsp; &nbsp; &nbsp; &nbsp; &nbsp; &nbsp; &nbsp; &nbsp;Doctor Yezid Chavarro Forero.<\/p>\n<p>La rotaci\u00f3n tiene una duracion de una (1) semana. inicia el lunes&nbsp; y finaliza el domingo.&nbsp; &nbsp;el horario es:&nbsp; de 7:00am a 12:00m., y de&nbsp; 2:00pm a 7:00pm.<\/p>\n<p>La revisi\u00f3n de tema no tiene un horario fijo, debido las diferentes actividades que hay,&nbsp; y se debe concertar con el docente la hora a realizarse. Esta puede ser hasta en el fin de semana. Se hara un quiz al final de la rotacion de 5 preguntas, sobre los temas revisados.<\/p>\n<p>Las rondas incian desde el martes. Si el lunes es festivo, deben venir a turno los integrantes del grupo.<\/p>\n<p><strong>Temas de revisi\u00f3n con el doctor<span style=\"color: #000000\"> Yezid Chavarro:<\/span><\/strong><\/p>\n<ol>\n<li><span style=\"color: #000000\">Fracturas en ni\u00f1os. Generalidades. Fracturas exclusivas de ni\u00f1os. Fracturas m\u00e1s frecuentes en ni\u00f1os.&nbsp; &nbsp; &nbsp;Maltrato infantil \u00e9nfasis a fracturas.<\/span><\/li>\n<li><span style=\"color: #000000\">Deformidad angular. Coxa vara y valga. Genu valgo y varo.<\/span><\/li>\n<li><span style=\"color: #000000\">Deformidades rotacionales. Anteversi\u00f3n y retro versi\u00f3n femoral. Torsi\u00f3n tibial interna y externa.<\/span><\/li>\n<li><span style=\"color: #000000\">Pie plano en ni\u00f1o.<\/span><\/li>\n<li><span style=\"color: #000000\">Porqu\u00e9 cojea un ni\u00f1o.<\/span><\/li>\n<li><span style=\"color: #000000\">Osteocondropatias de tracci\u00f3n o de necrosis, en ni\u00f1os.<\/span><\/li>\n<\/ol>\n<p><span style=\"color: #000000\"><strong><em>BIBLIOGRAF\u00cdA:&nbsp;<\/em><\/strong> &nbsp;Ortopedia de Campbell.&nbsp;&nbsp;Deben realizar diapositivas como ayuda.<\/span><\/p>\n<p><span style=\"color: #000000\"><strong><em><u>CLASES&nbsp; DE ORTOPEDIA:<\/u><\/em><\/strong><\/span><\/p>\n<ol>\n<li><span style=\"color: #000000\">Generalidades de fracturas<\/span><\/li>\n<li><span style=\"color: #000000\">Consolidaci\u00f3n de las fracturas<\/span><\/li>\n<li><span style=\"color: #000000\">Control de da\u00f1os<\/span><\/li>\n<li><span style=\"color: #000000\">Sindrome compartimental<\/span><\/li>\n<li>Fracturas de miembro superior<\/li>\n<li>Fracturas de miembro inferior<\/li>\n<li>Infecci\u00f3n osteoarticular<\/li>\n<li>Fracturas abiertas<\/li>\n<\/ol>\n<p><strong>TEMAS DE REVISI\u00d3N SIN ACOMPA\u00d1AMIENTO DOCENTE,PERO SE LES REALIZAR\u00c1 UN TALLER AL FINAL DE LA ROTACI\u00d3N.<\/strong><\/p>\n<ol>\n<li><span style=\"color: #000000\">Semiolog\u00eda de hombro<\/span><\/li>\n<li><span style=\"color: #000000\">Semiolog\u00eda de rodilla<\/span><\/li>\n<li><span style=\"color: #000000\">Semiologia de cadera<\/span><\/li>\n<li><span style=\"color: #000000\">Talalgia<\/span><\/li>\n<li><span style=\"color: #000000\">Esguince y luxaciones<\/span><\/li>\n<\/ol>\n<p><strong><em><u>Clases doctor Casta\u00f1o:<\/u><\/em><\/strong><\/p>\n<ul>\n<li><strong>Consolidaci\u00f3n de Fracturas: <\/strong><strong><span style=\"color: #333399\"><a style=\"color: #333399\" href=\"http:\/\/blog.utp.edu.co\/cirugia\/files\/2020\/04\/CLASE.pdf\">Clase<\/a><\/span>&nbsp; &nbsp; &nbsp;<\/strong><\/li>\n<li><strong>Fracturas Expuestas:<\/strong><strong><span style=\"color: #333399\"> <a style=\"color: #333399\" href=\"http:\/\/blog.utp.edu.co\/cirugia\/files\/2020\/04\/CLASE-2.pdf\">&nbsp; Clase<\/a><\/span>&nbsp; <\/strong><\/li>\n<li><span style=\"color: #000000\"><strong>C<\/strong><strong>ontrol de Da\u00f1os: <\/strong><strong>&nbsp;<a style=\"color: #000000\" href=\"http:\/\/blog.utp.edu.co\/cirugia\/files\/2020\/04\/CLASE-1.pdf\">Clase<\/a>&nbsp;<\/strong><\/span><\/li>\n<\/ul>\n<p><span style=\"color: #000000\"><strong><em><u>Clases doctor&nbsp; Chavarro<\/u><\/em><\/strong><\/span><\/p>\n<ul>\n<li><strong>Rodilla Dolorosa:&nbsp; <a href=\"http:\/\/blog.utp.edu.co\/cirugia\/files\/2020\/04\/Rodilla-Dolorosa.pdf\">&nbsp;<span style=\"color: #333399\">Clase<\/span><\/a><\/strong><strong>&nbsp; &nbsp; &nbsp; &nbsp;<\/strong><\/li>\n<li><strong>Cadera Dolorosa: <\/strong><strong><span style=\"color: #333399\"><a style=\"color: #333399\" href=\"http:\/\/blog.utp.edu.co\/cirugia\/files\/2020\/04\/CLASE-4.pdf\">Clase<\/a><\/span>&nbsp; <\/strong><\/li>\n<li><strong>Porque Cojea un Ni\u00f1o: <\/strong><span style=\"color: #333399\"><strong><a style=\"color: #333399\" href=\"http:\/\/blog.utp.edu.co\/cirugia\/files\/2020\/04\/Por-que-cojea-un-ni\u00f1o-1.pdf\">Clase<\/a>&nbsp;<\/strong><\/span><\/li>\n<li><span style=\"color: #000000\"><strong>Osteocondrosis: <span style=\"color: #333399\"><a style=\"color: #333399\" href=\"http:\/\/blog.utp.edu.co\/cirugia\/files\/2020\/05\/Clase-3.pdf\">Clase<\/a><\/span><\/strong><\/span><\/li>\n<li><strong>Conceptos B\u00e1sicos de Ortopedia Infantil:&nbsp; <\/strong><span style=\"color: #333399\"><strong><a style=\"color: #333399\" href=\"http:\/\/blog.utp.edu.co\/cirugia\/files\/2020\/04\/LIBRO.pdf\">Libro<\/a>&nbsp;<\/strong><\/span><\/li>\n<li><strong>Traumatolog\u00eda y Ortopedia:&nbsp; <span style=\"color: #333399\"><a style=\"color: #333399\" href=\"http:\/\/blog.utp.edu.co\/cirugia\/files\/2020\/04\/Traumatologia-y-Ortopedia-para-el-Grado-en-Medicina.pdf\">Libro&nbsp;<\/a>&nbsp;<\/span><\/strong><\/li>\n<\/ul>\n<p>&nbsp;<\/p>\n<p>&nbsp;<\/p>\n<p><img loading=\"lazy\" decoding=\"async\" width=\"1093\" height=\"146\" class=\"alignright size-full wp-image-42371\" alt=\"\" src=\"http:\/\/blog.utp.edu.co\/cirugia\/files\/2020\/05\/imagen-para-el-blog-3.jpg\"><\/p>\n\n\n","protected":false},"excerpt":{"rendered":"","protected":false},"author":113,"featured_media":44081,"parent":2837,"menu_order":5,"comment_status":"closed","ping_status":"closed","template":"","meta":{"site-sidebar-layout":"default","site-content-layout":"","ast-site-content-layout":"default","site-content-style":"default","site-sidebar-style":"default","ast-global-header-display":"","ast-banner-title-visibility":"","ast-main-header-display":"","ast-hfb-above-header-display":"","ast-hfb-below-header-display":"","ast-hfb-mobile-header-display":"","site-post-title":"","ast-breadcrumbs-content":"","ast-featured-img":"","footer-sml-layout":"","ast-disable-related-posts":"","theme-transparent-header-meta":"","adv-header-id-meta":"","stick-header-meta":"","header-above-stick-meta":"","header-main-stick-meta":"","header-below-stick-meta":"","astra-migrate-meta-layouts":"default","ast-page-background-enabled":"default","ast-page-background-meta":{"desktop":{"background-color":"var(--ast-global-color-4)","background-image":"","background-repeat":"repeat","background-position":"center center","background-size":"auto","background-attachment":"scroll","background-type":"","background-media":"","overlay-type":"","overlay-color":"","overlay-opacity":"","overlay-gradient":""},"tablet":{"background-color":"","background-image":"","background-repeat":"repeat","background-position":"center center","background-size":"auto","background-attachment":"scroll","background-type":"","background-media":"","overlay-type":"","overlay-color":"","overlay-opacity":"","overlay-gradient":""},"mobile":{"background-color":"","background-image":"","background-repeat":"repeat","background-position":"center center","background-size":"auto","background-attachment":"scroll","background-type":"","background-media":"","overlay-type":"","overlay-color":"","overlay-opacity":"","overlay-gradient":""}},"ast-content-background-meta":{"desktop":{"background-color":"var(--ast-global-color-5)","background-image":"","background-repeat":"repeat","background-position":"center center","background-size":"auto","background-attachment":"scroll","background-type":"","background-media":"","overlay-type":"","overlay-color":"","overlay-opacity":"","overlay-gradient":""},"tablet":{"background-color":"var(--ast-global-color-5)","background-image":"","background-repeat":"repeat","background-position":"center center","background-size":"auto","background-attachment":"scroll","background-type":"","background-media":"","overlay-type":"","overlay-color":"","overlay-opacity":"","overlay-gradient":""},"mobile":{"background-color":"var(--ast-global-color-5)","background-image":"","background-repeat":"repeat","background-position":"center center","background-size":"auto","background-attachment":"scroll","background-type":"","background-media":"","overlay-type":"","overlay-color":"","overlay-opacity":"","overlay-gradient":""}},"footnotes":""},"class_list":["post-40491","page","type-page","status-publish","has-post-thumbnail","hentry"],"_links":{"self":[{"href":"https:\/\/blog.utp.edu.co\/cirugia\/wp-json\/wp\/v2\/pages\/40491","targetHints":{"allow":["GET"]}}],"collection":[{"href":"https:\/\/blog.utp.edu.co\/cirugia\/wp-json\/wp\/v2\/pages"}],"about":[{"href":"https:\/\/blog.utp.edu.co\/cirugia\/wp-json\/wp\/v2\/types\/page"}],"author":[{"embeddable":true,"href":"https:\/\/blog.utp.edu.co\/cirugia\/wp-json\/wp\/v2\/users\/113"}],"replies":[{"embeddable":true,"href":"https:\/\/blog.utp.edu.co\/cirugia\/wp-json\/wp\/v2\/comments?post=40491"}],"version-history":[{"count":12,"href":"https:\/\/blog.utp.edu.co\/cirugia\/wp-json\/wp\/v2\/pages\/40491\/revisions"}],"predecessor-version":[{"id":44101,"href":"https:\/\/blog.utp.edu.co\/cirugia\/wp-json\/wp\/v2\/pages\/40491\/revisions\/44101"}],"up":[{"embeddable":true,"href":"https:\/\/blog.utp.edu.co\/cirugia\/wp-json\/wp\/v2\/pages\/2837"}],"wp:featuredmedia":[{"embeddable":true,"href":"https:\/\/blog.utp.edu.co\/cirugia\/wp-json\/wp\/v2\/media\/44081"}],"wp:attachment":[{"href":"https:\/\/blog.utp.edu.co\/cirugia\/wp-json\/wp\/v2\/media?parent=40491"}],"curies":[{"name":"wp","href":"https:\/\/api.w.org\/{rel}","templated":true}]}}