{"id":24521,"date":"2017-11-10T21:23:34","date_gmt":"2017-11-10T21:23:34","guid":{"rendered":"http:\/\/blog.utp.edu.co\/cirugia\/?page_id=24521"},"modified":"2020-06-02T16:24:58","modified_gmt":"2020-06-02T16:24:58","slug":"programa-de-ortopedia","status":"publish","type":"page","link":"https:\/\/blog.utp.edu.co\/cirugia\/asignaturas\/internado\/programa-de-ortopedia\/","title":{"rendered":"Programa de Ortopedia"},"content":{"rendered":"<p style=\"text-align: justify\">La situaci\u00f3n actual del trauma del sistema m\u00fasculo esquel\u00e9tico y el aparato locomotor en nuestro pa\u00eds, como en nuestra regi\u00f3n, es un problema de salud p\u00fablica que tiene consecuencias graves para las v\u00edctimas.<\/p>\n<p style=\"text-align: justify\">Revisiones de tema todo el grupo de cirugia y especialidades,\u00a0 con Dr Chavarro. Jueves a las 4:30 en la sede de la universidad en el HSJ. Se revisara 1 tema, de los 18 se\u00f1alados en el blog. Debe ser diferente cada vez.<\/p>\n<p style=\"text-align: justify\">Los que estan en Ortopedia, se quedan el segundo jueves\u00a0 revisando 1 caso clinico de los pacientes que vieron en la rotaci\u00f3n\u00a0 y haciendo 1 quiz de 5 preguntas.<\/p>\n<p><span style=\"color: #000000\"><b>\u00a0Temas de Revisi\u00f3n Doctor Chavarro\u00a0<\/b><\/span><\/p>\n<ol>\n<li>Histolog\u00eda del Hueso. Consolidaci\u00f3n de Fracturas. Clasificaci\u00f3n de las Fracturas.<\/li>\n<li>Fracturas en Miembro Superior<\/li>\n<li>Fracturas en Miembro Inferior<\/li>\n<li>Fracturas Expuestas S\u00edndrome de Compartimento<\/li>\n<li>Fracturas en Ni\u00f1os. Caracter\u00edsticas Generales de las Fracturas. Fracturas Especiales en Ni\u00f1os<\/li>\n<li>Esguince: Generalidades y Tratamiento. Luxaciones Generalidades, Espec\u00edficamente Esguinces de Rodilla y Tobillo y Luxaciones de Hombro, Codo, Cadera y Rodilla<\/li>\n<li>Infecciones: Osteomielitis y Artritis<\/li>\n<li>Dolor en Hombro. Semiolog\u00eda<\/li>\n<li>Dolor en Rodilla. Semiolog\u00eda<\/li>\n<li>Dolor en Pie. Semiolog\u00eda<\/li>\n<li>Dolor en Cadera. Semiolog\u00eda<\/li>\n<li>Lumbago Semiolog\u00eda<\/li>\n<li>Displasia Cong\u00e9nita de Cadera. Luxaci\u00f3n, Coxa Valga. Coxa Vara<\/li>\n<li>Trastornos del Eje de Miembros Inferiores. Genu Valgo. Genu Varo. Anteversi\u00f3n Femoral. Torsi\u00f3n Tibial Interna y Externa<\/li>\n<li>Pie Plano en Ni\u00f1os.<\/li>\n<li>Pie plano en adultos<\/li>\n<li>Tumores oseos. Benignos y Malignos<\/li>\n<li>Control de da\u00f1o.<\/li>\n<\/ol>\n","protected":false},"excerpt":{"rendered":"<p>La situaci\u00f3n actual del trauma del sistema m\u00fasculo esquel\u00e9tico y el aparato locomotor en nuestro pa\u00eds, como en nuestra regi\u00f3n, [&hellip;]<\/p>\n","protected":false},"author":113,"featured_media":46351,"parent":7718,"menu_order":2,"comment_status":"closed","ping_status":"closed","template":"","meta":{"site-sidebar-layout":"default","site-content-layout":"","ast-site-content-layout":"default","site-content-style":"default","site-sidebar-style":"default","ast-global-header-display":"","ast-banner-title-visibility":"","ast-main-header-display":"","ast-hfb-above-header-display":"","ast-hfb-below-header-display":"","ast-hfb-mobile-header-display":"","site-post-title":"","ast-breadcrumbs-content":"","ast-featured-img":"","footer-sml-layout":"","ast-disable-related-posts":"","theme-transparent-header-meta":"","adv-header-id-meta":"","stick-header-meta":"","header-above-stick-meta":"","header-main-stick-meta":"","header-below-stick-meta":"","astra-migrate-meta-layouts":"default","ast-page-background-enabled":"default","ast-page-background-meta":{"desktop":{"background-color":"var(--ast-global-color-4)","background-image":"","background-repeat":"repeat","background-position":"center center","background-size":"auto","background-attachment":"scroll","background-type":"","background-media":"","overlay-type":"","overlay-color":"","overlay-opacity":"","overlay-gradient":""},"tablet":{"background-color":"","background-image":"","background-repeat":"repeat","background-position":"center center","background-size":"auto","background-attachment":"scroll","background-type":"","background-media":"","overlay-type":"","overlay-color":"","overlay-opacity":"","overlay-gradient":""},"mobile":{"background-color":"","background-image":"","background-repeat":"repeat","background-position":"center center","background-size":"auto","background-attachment":"scroll","background-type":"","background-media":"","overlay-type":"","overlay-color":"","overlay-opacity":"","overlay-gradient":""}},"ast-content-background-meta":{"desktop":{"background-color":"var(--ast-global-color-5)","background-image":"","background-repeat":"repeat","background-position":"center center","background-size":"auto","background-attachment":"scroll","background-type":"","background-media":"","overlay-type":"","overlay-color":"","overlay-opacity":"","overlay-gradient":""},"tablet":{"background-color":"var(--ast-global-color-5)","background-image":"","background-repeat":"repeat","background-position":"center center","background-size":"auto","background-attachment":"scroll","background-type":"","background-media":"","overlay-type":"","overlay-color":"","overlay-opacity":"","overlay-gradient":""},"mobile":{"background-color":"var(--ast-global-color-5)","background-image":"","background-repeat":"repeat","background-position":"center center","background-size":"auto","background-attachment":"scroll","background-type":"","background-media":"","overlay-type":"","overlay-color":"","overlay-opacity":"","overlay-gradient":""}},"footnotes":""},"class_list":["post-24521","page","type-page","status-publish","has-post-thumbnail","hentry"],"_links":{"self":[{"href":"https:\/\/blog.utp.edu.co\/cirugia\/wp-json\/wp\/v2\/pages\/24521","targetHints":{"allow":["GET"]}}],"collection":[{"href":"https:\/\/blog.utp.edu.co\/cirugia\/wp-json\/wp\/v2\/pages"}],"about":[{"href":"https:\/\/blog.utp.edu.co\/cirugia\/wp-json\/wp\/v2\/types\/page"}],"author":[{"embeddable":true,"href":"https:\/\/blog.utp.edu.co\/cirugia\/wp-json\/wp\/v2\/users\/113"}],"replies":[{"embeddable":true,"href":"https:\/\/blog.utp.edu.co\/cirugia\/wp-json\/wp\/v2\/comments?post=24521"}],"version-history":[{"count":20,"href":"https:\/\/blog.utp.edu.co\/cirugia\/wp-json\/wp\/v2\/pages\/24521\/revisions"}],"predecessor-version":[{"id":46361,"href":"https:\/\/blog.utp.edu.co\/cirugia\/wp-json\/wp\/v2\/pages\/24521\/revisions\/46361"}],"up":[{"embeddable":true,"href":"https:\/\/blog.utp.edu.co\/cirugia\/wp-json\/wp\/v2\/pages\/7718"}],"wp:featuredmedia":[{"embeddable":true,"href":"https:\/\/blog.utp.edu.co\/cirugia\/wp-json\/wp\/v2\/media\/46351"}],"wp:attachment":[{"href":"https:\/\/blog.utp.edu.co\/cirugia\/wp-json\/wp\/v2\/media?parent=24521"}],"curies":[{"name":"wp","href":"https:\/\/api.w.org\/{rel}","templated":true}]}}