{"id":2,"date":"2014-08-10T00:54:49","date_gmt":"2014-08-10T00:54:49","guid":{"rendered":"http:\/\/blog.utp.edu.co\/circuitosii457\/?page_id=2"},"modified":"2017-08-03T03:12:20","modified_gmt":"2017-08-03T03:12:20","slug":"pagina-ejemplo","status":"publish","type":"page","link":"https:\/\/blog.utp.edu.co\/circuitosii457\/pagina-ejemplo\/","title":{"rendered":"Clases"},"content":{"rendered":"<p>Semana 01<\/p>\n<p style=\"text-align: justify\">En la primera clase vimos una introducci\u00f3n a las generalidades de un sistema de potencia.<\/p>\n<p>Este es un video institucional sobre la Electricidad:<\/p>\n<p><a href=\"https:\/\/www.youtube.com\/watch?v=_h5EQlI6Jfg\">La electricidad<\/a><\/p>\n<p><a href=\"http:\/\/www.slideshare.net\/jasandeepsingh\/diseo-de-instalaciones-electricas-residenciales\">Tipos de acometida<\/a><\/p>\n<p><a href=\"http:\/\/blog.utp.edu.co\/circuitosii457\/files\/2014\/08\/Semana-01-Clase-N\u00b0-1.1-Introducci\u00f3n-a-sistemas-el\u00e9ctricos.docx\">Semana 01 Clase N\u00b0 1.1 Introducci\u00f3n a sistemas el\u00e9ctricos<\/a><\/p>\n<p>N\u00fameros Complejos<\/p>\n<p><a href=\"https:\/\/www.slideshare.net\/SabrinaDechima\/numeros-complejos-12856035\">Historia de los n\u00fameros complejos<\/a><\/p>\n<p><a href=\"http:\/\/blog.utp.edu.co\/circuitosii457\/files\/2014\/08\/Semana-01-Clase-N\u00b0-2-Unidad-I-Numeros-Complejos.docx\">Semana 01 Clase N\u00b0 2 Unidad I- Numeros Complejos<\/a><\/p>\n<p>Semana 2<\/p>\n<p>Ejercicios propuestos<\/p>\n<p><a href=\"http:\/\/blog.utp.edu.co\/circuitosii457\/files\/2015\/08\/EjerciciosSemana2.docx\">EjerciciosSemana2<\/a><\/p>\n","protected":false},"excerpt":{"rendered":"<p>Semana 01 En la primera clase vimos una introducci\u00f3n a las generalidades de un sistema de potencia. Este es un video institucional sobre la Electricidad: La electricidad Tipos de acometida Semana 01 Clase N\u00b0 1.1 Introducci\u00f3n a sistemas el\u00e9ctricos N\u00fameros Complejos Historia de los n\u00fameros complejos Semana 01 Clase N\u00b0 2 Unidad I- Numeros Complejos [&hellip;]<\/p>\n","protected":false},"author":807,"featured_media":0,"parent":0,"menu_order":0,"comment_status":"open","ping_status":"open","template":"","meta":{"footnotes":""},"class_list":["post-2","page","type-page","status-publish","hentry"],"_links":{"self":[{"href":"https:\/\/blog.utp.edu.co\/circuitosii457\/wp-json\/wp\/v2\/pages\/2","targetHints":{"allow":["GET"]}}],"collection":[{"href":"https:\/\/blog.utp.edu.co\/circuitosii457\/wp-json\/wp\/v2\/pages"}],"about":[{"href":"https:\/\/blog.utp.edu.co\/circuitosii457\/wp-json\/wp\/v2\/types\/page"}],"author":[{"embeddable":true,"href":"https:\/\/blog.utp.edu.co\/circuitosii457\/wp-json\/wp\/v2\/users\/807"}],"replies":[{"embeddable":true,"href":"https:\/\/blog.utp.edu.co\/circuitosii457\/wp-json\/wp\/v2\/comments?post=2"}],"version-history":[{"count":6,"href":"https:\/\/blog.utp.edu.co\/circuitosii457\/wp-json\/wp\/v2\/pages\/2\/revisions"}],"predecessor-version":[{"id":2861,"href":"https:\/\/blog.utp.edu.co\/circuitosii457\/wp-json\/wp\/v2\/pages\/2\/revisions\/2861"}],"wp:attachment":[{"href":"https:\/\/blog.utp.edu.co\/circuitosii457\/wp-json\/wp\/v2\/media?parent=2"}],"curies":[{"name":"wp","href":"https:\/\/api.w.org\/{rel}","templated":true}]}}