{"id":795,"date":"2024-05-15T20:57:38","date_gmt":"2024-05-16T01:57:38","guid":{"rendered":"https:\/\/blog.utp.edu.co\/area-de-recreacion-cdr\/?page_id=795"},"modified":"2026-04-07T11:36:32","modified_gmt":"2026-04-07T16:36:32","slug":"rincon-del-mar","status":"publish","type":"page","link":"https:\/\/blog.utp.edu.co\/area-de-recreacion-cdr\/rincon-del-mar\/","title":{"rendered":"Rinc\u00f3n del Mar"},"content":{"rendered":"\n<p><strong>Reto Aventura \u00abRinc\u00f3n del Mar\u00bb<\/strong><\/p>\n\n\n\n<p><\/p>\n\n\n\n<p>Es una salida acad\u00e9mica de aprendizaje experiencial llevada a otro nivel por su\u00a0 ubicaci\u00f3n y lo que se desenvuelve minuto a minuto, desde el cronograma que se planea hasta los imprevistos que se convierten en aventuras.<\/p>\n\n\n\n<p><\/p>\n\n\n\n<figure class=\"wp-block-image size-large\"><img loading=\"lazy\" decoding=\"async\" width=\"1024\" height=\"768\" src=\"https:\/\/blog.utp.edu.co\/area-de-recreacion-cdr\/files\/2024\/10\/WhatsApp-Image-2024-05-10-at-1.24.44-PM-1-1024x768.jpeg\" alt=\"\" class=\"wp-image-1003\" srcset=\"https:\/\/blog.utp.edu.co\/area-de-recreacion-cdr\/files\/2024\/10\/WhatsApp-Image-2024-05-10-at-1.24.44-PM-1-1024x768.jpeg 1024w, https:\/\/blog.utp.edu.co\/area-de-recreacion-cdr\/files\/2024\/10\/WhatsApp-Image-2024-05-10-at-1.24.44-PM-1-300x225.jpeg 300w, https:\/\/blog.utp.edu.co\/area-de-recreacion-cdr\/files\/2024\/10\/WhatsApp-Image-2024-05-10-at-1.24.44-PM-1-768x576.jpeg 768w, https:\/\/blog.utp.edu.co\/area-de-recreacion-cdr\/files\/2024\/10\/WhatsApp-Image-2024-05-10-at-1.24.44-PM-1-285x214.jpeg 285w, https:\/\/blog.utp.edu.co\/area-de-recreacion-cdr\/files\/2024\/10\/WhatsApp-Image-2024-05-10-at-1.24.44-PM-1.jpeg 1280w\" sizes=\"auto, (max-width: 1024px) 100vw, 1024px\" \/><\/figure>\n\n\n\n<p><\/p>\n\n\n\n<p>Dicha aventura se realiza en sexto semestre desde la asignatura Modalidad Recreativa II, con una duraci\u00f3n de 5 d\u00edas y 4 noches; se lleva a cabo en diferentes partes, cada una con una m\u00edstica \u00fanica que brinda diferentes experiencias a los estudiantes.\u00a0<\/p>\n\n\n\n<p><\/p>\n\n\n\n<p><\/p>\n\n\n\n<div class=\"wp-block-columns is-layout-flex wp-container-core-columns-is-layout-9d6595d7 wp-block-columns-is-layout-flex\">\n<div class=\"wp-block-column is-layout-flow wp-block-column-is-layout-flow\">\n<figure class=\"wp-block-image size-large\"><img loading=\"lazy\" decoding=\"async\" width=\"1024\" height=\"768\" src=\"https:\/\/blog.utp.edu.co\/area-de-recreacion-cdr\/files\/2024\/10\/WhatsApp-Image-2024-05-10-at-1.24.01-PM-1024x768.jpeg\" alt=\"\" class=\"wp-image-1004\" srcset=\"https:\/\/blog.utp.edu.co\/area-de-recreacion-cdr\/files\/2024\/10\/WhatsApp-Image-2024-05-10-at-1.24.01-PM-1024x768.jpeg 1024w, https:\/\/blog.utp.edu.co\/area-de-recreacion-cdr\/files\/2024\/10\/WhatsApp-Image-2024-05-10-at-1.24.01-PM-300x225.jpeg 300w, https:\/\/blog.utp.edu.co\/area-de-recreacion-cdr\/files\/2024\/10\/WhatsApp-Image-2024-05-10-at-1.24.01-PM-768x576.jpeg 768w, https:\/\/blog.utp.edu.co\/area-de-recreacion-cdr\/files\/2024\/10\/WhatsApp-Image-2024-05-10-at-1.24.01-PM-285x214.jpeg 285w, https:\/\/blog.utp.edu.co\/area-de-recreacion-cdr\/files\/2024\/10\/WhatsApp-Image-2024-05-10-at-1.24.01-PM.jpeg 1280w\" sizes=\"auto, (max-width: 1024px) 100vw, 1024px\" \/><\/figure>\n<\/div>\n\n\n\n<div class=\"wp-block-column is-layout-flow wp-block-column-is-layout-flow\">\n<figure class=\"wp-block-image size-full\"><img loading=\"lazy\" decoding=\"async\" width=\"1024\" height=\"768\" src=\"https:\/\/blog.utp.edu.co\/area-de-recreacion-cdr\/files\/2024\/10\/WhatsApp-Image-2024-05-10-at-1.24.44-PM-4.jpeg\" alt=\"\" class=\"wp-image-1005\" srcset=\"https:\/\/blog.utp.edu.co\/area-de-recreacion-cdr\/files\/2024\/10\/WhatsApp-Image-2024-05-10-at-1.24.44-PM-4.jpeg 1024w, https:\/\/blog.utp.edu.co\/area-de-recreacion-cdr\/files\/2024\/10\/WhatsApp-Image-2024-05-10-at-1.24.44-PM-4-300x225.jpeg 300w, https:\/\/blog.utp.edu.co\/area-de-recreacion-cdr\/files\/2024\/10\/WhatsApp-Image-2024-05-10-at-1.24.44-PM-4-768x576.jpeg 768w, https:\/\/blog.utp.edu.co\/area-de-recreacion-cdr\/files\/2024\/10\/WhatsApp-Image-2024-05-10-at-1.24.44-PM-4-285x214.jpeg 285w\" sizes=\"auto, (max-width: 1024px) 100vw, 1024px\" \/><\/figure>\n<\/div>\n<\/div>\n\n\n\n<p><\/p>\n\n\n\n<p>Se da inicio propiamente en Rinc\u00f3n del Mar que es un corregimiento colombiano del municipio de San Onofre, localizado al noroeste del departamento de Sucre, all\u00ed visitan la Isla de Tintipan, viven actividades de cuevas, cavernas y manglares. Finalmente se visita la ciudad de\u00a0 Cartagena y Getseman\u00ed para desarrollar una carrera de observaci\u00f3n y noches m\u00e1gicas.<\/p>\n\n\n\n<p><\/p>\n\n\n\n<div class=\"wp-block-columns is-layout-flex wp-container-core-columns-is-layout-9d6595d7 wp-block-columns-is-layout-flex\">\n<div class=\"wp-block-column is-layout-flow wp-block-column-is-layout-flow\">\n<figure class=\"wp-block-image size-large is-resized\"><img loading=\"lazy\" decoding=\"async\" width=\"1024\" height=\"576\" src=\"https:\/\/blog.utp.edu.co\/area-de-recreacion-cdr\/files\/2024\/10\/WhatsApp-Image-2024-05-10-at-1.24.44-PM-2-1024x576.jpeg\" alt=\"\" class=\"wp-image-1006\" style=\"width:414px;height:auto\" srcset=\"https:\/\/blog.utp.edu.co\/area-de-recreacion-cdr\/files\/2024\/10\/WhatsApp-Image-2024-05-10-at-1.24.44-PM-2-1024x576.jpeg 1024w, https:\/\/blog.utp.edu.co\/area-de-recreacion-cdr\/files\/2024\/10\/WhatsApp-Image-2024-05-10-at-1.24.44-PM-2-300x169.jpeg 300w, https:\/\/blog.utp.edu.co\/area-de-recreacion-cdr\/files\/2024\/10\/WhatsApp-Image-2024-05-10-at-1.24.44-PM-2-768x432.jpeg 768w, https:\/\/blog.utp.edu.co\/area-de-recreacion-cdr\/files\/2024\/10\/WhatsApp-Image-2024-05-10-at-1.24.44-PM-2.jpeg 1280w\" sizes=\"auto, (max-width: 1024px) 100vw, 1024px\" \/><\/figure>\n<\/div>\n\n\n\n<div class=\"wp-block-column is-layout-flow wp-block-column-is-layout-flow\">\n<figure class=\"wp-block-image size-large is-resized\"><img loading=\"lazy\" decoding=\"async\" width=\"1024\" height=\"768\" src=\"https:\/\/blog.utp.edu.co\/area-de-recreacion-cdr\/files\/2024\/10\/WhatsApp-Image-2024-05-10-at-1.24.44-PM-1-1-1024x768.jpeg\" alt=\"\" class=\"wp-image-1007\" style=\"width:311px;height:auto\" srcset=\"https:\/\/blog.utp.edu.co\/area-de-recreacion-cdr\/files\/2024\/10\/WhatsApp-Image-2024-05-10-at-1.24.44-PM-1-1-1024x768.jpeg 1024w, https:\/\/blog.utp.edu.co\/area-de-recreacion-cdr\/files\/2024\/10\/WhatsApp-Image-2024-05-10-at-1.24.44-PM-1-1-300x225.jpeg 300w, https:\/\/blog.utp.edu.co\/area-de-recreacion-cdr\/files\/2024\/10\/WhatsApp-Image-2024-05-10-at-1.24.44-PM-1-1-768x576.jpeg 768w, https:\/\/blog.utp.edu.co\/area-de-recreacion-cdr\/files\/2024\/10\/WhatsApp-Image-2024-05-10-at-1.24.44-PM-1-1-285x214.jpeg 285w, https:\/\/blog.utp.edu.co\/area-de-recreacion-cdr\/files\/2024\/10\/WhatsApp-Image-2024-05-10-at-1.24.44-PM-1-1.jpeg 1280w\" sizes=\"auto, (max-width: 1024px) 100vw, 1024px\" \/><\/figure>\n<\/div>\n<\/div>\n","protected":false},"excerpt":{"rendered":"<p>Reto Aventura \u00abRinc\u00f3n del Mar\u00bb Es una salida acad\u00e9mica de aprendizaje experiencial llevada a otro nivel por su\u00a0 ubicaci\u00f3n y lo que se desenvuelve minuto a minuto, desde el cronograma que se planea hasta los imprevistos que se convierten en aventuras. Dicha aventura se realiza en sexto semestre desde la asignatura Modalidad Recreativa II, con <a href=\"https:\/\/blog.utp.edu.co\/area-de-recreacion-cdr\/rincon-del-mar\/\" rel=\"nofollow\"><span class=\"sr-only\">Leer m\u00e1sRinc\u00f3n del Mar<\/span>[&hellip;]<\/a><\/p>\n","protected":false},"author":247,"featured_media":0,"parent":0,"menu_order":0,"comment_status":"closed","ping_status":"closed","template":"","meta":{"footnotes":""},"class_list":["post-795","page","type-page","status-publish","hentry"],"_links":{"self":[{"href":"https:\/\/blog.utp.edu.co\/area-de-recreacion-cdr\/wp-json\/wp\/v2\/pages\/795","targetHints":{"allow":["GET"]}}],"collection":[{"href":"https:\/\/blog.utp.edu.co\/area-de-recreacion-cdr\/wp-json\/wp\/v2\/pages"}],"about":[{"href":"https:\/\/blog.utp.edu.co\/area-de-recreacion-cdr\/wp-json\/wp\/v2\/types\/page"}],"author":[{"embeddable":true,"href":"https:\/\/blog.utp.edu.co\/area-de-recreacion-cdr\/wp-json\/wp\/v2\/users\/247"}],"replies":[{"embeddable":true,"href":"https:\/\/blog.utp.edu.co\/area-de-recreacion-cdr\/wp-json\/wp\/v2\/comments?post=795"}],"version-history":[{"count":5,"href":"https:\/\/blog.utp.edu.co\/area-de-recreacion-cdr\/wp-json\/wp\/v2\/pages\/795\/revisions"}],"predecessor-version":[{"id":1388,"href":"https:\/\/blog.utp.edu.co\/area-de-recreacion-cdr\/wp-json\/wp\/v2\/pages\/795\/revisions\/1388"}],"wp:attachment":[{"href":"https:\/\/blog.utp.edu.co\/area-de-recreacion-cdr\/wp-json\/wp\/v2\/media?parent=795"}],"curies":[{"name":"wp","href":"https:\/\/api.w.org\/{rel}","templated":true}]}}