{"id":792,"date":"2024-05-15T20:57:37","date_gmt":"2024-05-16T01:57:37","guid":{"rendered":"https:\/\/blog.utp.edu.co\/area-de-recreacion-cdr\/?page_id=792"},"modified":"2026-04-06T09:40:53","modified_gmt":"2026-04-06T14:40:53","slug":"salidas-academicas","status":"publish","type":"page","link":"https:\/\/blog.utp.edu.co\/area-de-recreacion-cdr\/salidas-academicas\/","title":{"rendered":"Salidas Acad\u00e9micas"},"content":{"rendered":"\n<p><strong><mark style=\"background-color:#8ed1fc\" class=\"has-inline-color\">\u00bfQU\u00c9 SON Y PARA QU\u00c9 NOS SIRVEN?<\/mark><\/strong><\/p>\n\n\n\n<p>Las salidas acad\u00e9micas son espacios que brinda el Programa Ciencias del Deporte y la Recreaci\u00f3n para que los estudiantes adquieran herramientas y habilidades para su vida laboral y personal.&nbsp;<\/p>\n\n\n\n<p>Desde el \u00c1rea de Recreaci\u00f3n est\u00e1n dise\u00f1adas para brindar un aprendizaje experiencial desde la recreaci\u00f3n y el ocio; con el objetivo de proporcionar el liderazgo y trabajo en equipo.<\/p>\n\n\n\n<p>Adem\u00e1s de ser espacios propios del aprendizaje, generan en los estudiantes oportunidades de crear v\u00ednculos fortaleciendo ese componente social. Asimismo, cada salida permite la posibilidad de conocer nuevos lugares, reconociendo la parte tur\u00edstica que poseemos en nuestro pa\u00eds. <\/p>\n\n\n\n<p><\/p>\n\n\n\n<p><strong><mark style=\"background-color:#8ed1fc\" class=\"has-inline-color\">\u00bfCU\u00c1NTAS SALIDAS HAY DESDE EL \u00c1REA DE RECREACI\u00d3N?<\/mark><\/strong><\/p>\n\n\n\n<p>Durante toda la carrera el \u00c1rea de Recreaci\u00f3n cuenta con 3 salidas acad\u00e9micas.<\/p>\n\n\n\n<p><strong>YARUMO BLANCO: <\/strong>Primer semestre &#8211; Introducci\u00f3n al Deporte y la Recreaci\u00f3n<\/p>\n\n\n\n<p><strong>GUAYACANES:<\/strong> Quinto semestre &#8211; Modalidad Recreativa I<\/p>\n\n\n\n<p><strong>RINC\u00d3N DEL MAR:<\/strong> Sexto semestre &#8211; Modalidad Recreativa II<\/p>\n\n\n\n<p><\/p>\n\n\n\n<div class=\"wp-block-columns is-layout-flex wp-container-core-columns-is-layout-9d6595d7 wp-block-columns-is-layout-flex\">\n<div class=\"wp-block-column is-layout-flow wp-block-column-is-layout-flow\">\n<figure class=\"wp-block-image size-large is-resized\"><img loading=\"lazy\" decoding=\"async\" width=\"768\" height=\"1024\" src=\"https:\/\/blog.utp.edu.co\/area-de-recreacion-cdr\/files\/2024\/10\/WhatsApp-Image-2024-09-04-at-4.32.23-PM-1-768x1024.jpeg\" alt=\"\" class=\"wp-image-938\" style=\"width:260px;height:auto\" srcset=\"https:\/\/blog.utp.edu.co\/area-de-recreacion-cdr\/files\/2024\/10\/WhatsApp-Image-2024-09-04-at-4.32.23-PM-1-768x1024.jpeg 768w, https:\/\/blog.utp.edu.co\/area-de-recreacion-cdr\/files\/2024\/10\/WhatsApp-Image-2024-09-04-at-4.32.23-PM-1-225x300.jpeg 225w, https:\/\/blog.utp.edu.co\/area-de-recreacion-cdr\/files\/2024\/10\/WhatsApp-Image-2024-09-04-at-4.32.23-PM-1-1152x1536.jpeg 1152w, https:\/\/blog.utp.edu.co\/area-de-recreacion-cdr\/files\/2024\/10\/WhatsApp-Image-2024-09-04-at-4.32.23-PM-1.jpeg 1200w\" sizes=\"auto, (max-width: 768px) 100vw, 768px\" \/><\/figure>\n<\/div>\n\n\n\n<div class=\"wp-block-column is-layout-flow wp-block-column-is-layout-flow\">\n<figure class=\"wp-block-image size-large is-resized\"><img loading=\"lazy\" decoding=\"async\" width=\"808\" height=\"1024\" src=\"https:\/\/blog.utp.edu.co\/area-de-recreacion-cdr\/files\/2024\/10\/Imagen-de-WhatsApp-2024-05-05-a-las-11.43.54_cdde7cd5-808x1024.jpg\" alt=\"\" class=\"wp-image-939\" style=\"width:274px;height:auto\" srcset=\"https:\/\/blog.utp.edu.co\/area-de-recreacion-cdr\/files\/2024\/10\/Imagen-de-WhatsApp-2024-05-05-a-las-11.43.54_cdde7cd5-808x1024.jpg 808w, https:\/\/blog.utp.edu.co\/area-de-recreacion-cdr\/files\/2024\/10\/Imagen-de-WhatsApp-2024-05-05-a-las-11.43.54_cdde7cd5-237x300.jpg 237w, https:\/\/blog.utp.edu.co\/area-de-recreacion-cdr\/files\/2024\/10\/Imagen-de-WhatsApp-2024-05-05-a-las-11.43.54_cdde7cd5-768x973.jpg 768w, https:\/\/blog.utp.edu.co\/area-de-recreacion-cdr\/files\/2024\/10\/Imagen-de-WhatsApp-2024-05-05-a-las-11.43.54_cdde7cd5.jpg 1012w\" sizes=\"auto, (max-width: 808px) 100vw, 808px\" \/><\/figure>\n<\/div>\n\n\n\n<div class=\"wp-block-column is-layout-flow wp-block-column-is-layout-flow\">\n<figure class=\"wp-block-image size-large is-resized\"><img loading=\"lazy\" decoding=\"async\" width=\"1024\" height=\"768\" src=\"https:\/\/blog.utp.edu.co\/area-de-recreacion-cdr\/files\/2024\/10\/WhatsApp-Image-2024-05-10-at-1.24.44-PM-1024x768.jpeg\" alt=\"\" class=\"wp-image-940\" style=\"width:464px;height:auto\" srcset=\"https:\/\/blog.utp.edu.co\/area-de-recreacion-cdr\/files\/2024\/10\/WhatsApp-Image-2024-05-10-at-1.24.44-PM-1024x768.jpeg 1024w, https:\/\/blog.utp.edu.co\/area-de-recreacion-cdr\/files\/2024\/10\/WhatsApp-Image-2024-05-10-at-1.24.44-PM-300x225.jpeg 300w, https:\/\/blog.utp.edu.co\/area-de-recreacion-cdr\/files\/2024\/10\/WhatsApp-Image-2024-05-10-at-1.24.44-PM-768x576.jpeg 768w, https:\/\/blog.utp.edu.co\/area-de-recreacion-cdr\/files\/2024\/10\/WhatsApp-Image-2024-05-10-at-1.24.44-PM-285x214.jpeg 285w, https:\/\/blog.utp.edu.co\/area-de-recreacion-cdr\/files\/2024\/10\/WhatsApp-Image-2024-05-10-at-1.24.44-PM.jpeg 1280w\" sizes=\"auto, (max-width: 1024px) 100vw, 1024px\" \/><\/figure>\n<\/div>\n<\/div>\n\n\n\n\n\n<p><\/p>\n","protected":false},"excerpt":{"rendered":"<p>\u00bfQU\u00c9 SON Y PARA QU\u00c9 NOS SIRVEN? Las salidas acad\u00e9micas son espacios que brinda el Programa Ciencias del Deporte y la Recreaci\u00f3n para que los estudiantes adquieran herramientas y habilidades para su vida laboral y personal.&nbsp; Desde el \u00c1rea de Recreaci\u00f3n est\u00e1n dise\u00f1adas para brindar un aprendizaje experiencial desde la recreaci\u00f3n y el ocio; con <a href=\"https:\/\/blog.utp.edu.co\/area-de-recreacion-cdr\/salidas-academicas\/\" rel=\"nofollow\"><span class=\"sr-only\">Leer m\u00e1sSalidas Acad\u00e9micas<\/span>[&hellip;]<\/a><\/p>\n","protected":false},"author":247,"featured_media":0,"parent":0,"menu_order":0,"comment_status":"closed","ping_status":"closed","template":"","meta":{"footnotes":""},"class_list":["post-792","page","type-page","status-publish","hentry"],"_links":{"self":[{"href":"https:\/\/blog.utp.edu.co\/area-de-recreacion-cdr\/wp-json\/wp\/v2\/pages\/792","targetHints":{"allow":["GET"]}}],"collection":[{"href":"https:\/\/blog.utp.edu.co\/area-de-recreacion-cdr\/wp-json\/wp\/v2\/pages"}],"about":[{"href":"https:\/\/blog.utp.edu.co\/area-de-recreacion-cdr\/wp-json\/wp\/v2\/types\/page"}],"author":[{"embeddable":true,"href":"https:\/\/blog.utp.edu.co\/area-de-recreacion-cdr\/wp-json\/wp\/v2\/users\/247"}],"replies":[{"embeddable":true,"href":"https:\/\/blog.utp.edu.co\/area-de-recreacion-cdr\/wp-json\/wp\/v2\/comments?post=792"}],"version-history":[{"count":6,"href":"https:\/\/blog.utp.edu.co\/area-de-recreacion-cdr\/wp-json\/wp\/v2\/pages\/792\/revisions"}],"predecessor-version":[{"id":1356,"href":"https:\/\/blog.utp.edu.co\/area-de-recreacion-cdr\/wp-json\/wp\/v2\/pages\/792\/revisions\/1356"}],"wp:attachment":[{"href":"https:\/\/blog.utp.edu.co\/area-de-recreacion-cdr\/wp-json\/wp\/v2\/media?parent=792"}],"curies":[{"name":"wp","href":"https:\/\/api.w.org\/{rel}","templated":true}]}}