{"id":560,"date":"2023-09-04T19:31:13","date_gmt":"2023-09-05T00:31:13","guid":{"rendered":"https:\/\/blog.utp.edu.co\/area-de-recreacion-cdr\/?page_id=560"},"modified":"2026-04-07T11:30:09","modified_gmt":"2026-04-07T16:30:09","slug":"electiva-aprendizaje-experiencial","status":"publish","type":"page","link":"https:\/\/blog.utp.edu.co\/area-de-recreacion-cdr\/electiva-aprendizaje-experiencial\/","title":{"rendered":"Electiva Aprendizaje Experiencial"},"content":{"rendered":"\n<p>El proceso de entrenamiento implica la creaci\u00f3n de conocimiento a trav\u00e9s de la experiencia, el procesamiento de informaci\u00f3n y la adquisici\u00f3n de conocimientos te\u00f3ricos, seguidos de la transferencia y aplicaci\u00f3n de ese conocimiento.<\/p>\n\n\n\n<p>La facilitaci\u00f3n experiencial est\u00e1 emergiendo como una profesi\u00f3n social y educativa dedicada a mejorar los procesos mediante los cuales cualquier grupo puede descubrir sus propios recursos, cambiar sus actitudes y llevar a cabo sesiones de formaci\u00f3n, entrenamiento y desarrollo humano.<\/p>\n\n\n\n<p><\/p>\n\n\n\n<div class=\"wp-block-columns is-layout-flex wp-container-core-columns-is-layout-9d6595d7 wp-block-columns-is-layout-flex\">\n<div class=\"wp-block-column is-layout-flow wp-block-column-is-layout-flow\">\n<figure class=\"wp-block-image size-large\"><img loading=\"lazy\" decoding=\"async\" width=\"1024\" height=\"768\" src=\"https:\/\/blog.utp.edu.co\/area-de-recreacion-cdr\/files\/2023\/09\/WhatsApp-Image-2023-09-27-at-4.06.16-PM-1024x768.jpeg\" alt=\"\" class=\"wp-image-616\" srcset=\"https:\/\/blog.utp.edu.co\/area-de-recreacion-cdr\/files\/2023\/09\/WhatsApp-Image-2023-09-27-at-4.06.16-PM-1024x768.jpeg 1024w, https:\/\/blog.utp.edu.co\/area-de-recreacion-cdr\/files\/2023\/09\/WhatsApp-Image-2023-09-27-at-4.06.16-PM-300x225.jpeg 300w, https:\/\/blog.utp.edu.co\/area-de-recreacion-cdr\/files\/2023\/09\/WhatsApp-Image-2023-09-27-at-4.06.16-PM-768x576.jpeg 768w, https:\/\/blog.utp.edu.co\/area-de-recreacion-cdr\/files\/2023\/09\/WhatsApp-Image-2023-09-27-at-4.06.16-PM-1536x1152.jpeg 1536w, https:\/\/blog.utp.edu.co\/area-de-recreacion-cdr\/files\/2023\/09\/WhatsApp-Image-2023-09-27-at-4.06.16-PM-285x214.jpeg 285w, https:\/\/blog.utp.edu.co\/area-de-recreacion-cdr\/files\/2023\/09\/WhatsApp-Image-2023-09-27-at-4.06.16-PM.jpeg 1600w\" sizes=\"auto, (max-width: 1024px) 100vw, 1024px\" \/><\/figure>\n<\/div>\n<\/div>\n\n\n\n<p><\/p>\n\n\n\n<p>La facilitaci\u00f3n y el aprendizaje experiencial est\u00e1n tomando la delantera en las pedagog\u00edas contempor\u00e1neas y constructivistas, guiando hacia un enfoque de liderazgo transformador centrado en las habilidades y competencias individuales.<\/p>\n\n\n\n<p>Este taller de entrenamiento proporciona herramientas valiosas para aquellos que trabajan con grupos y equipos sist\u00e9micos, lo que les permite ser m\u00e1s efectivos en el desarrollo de programas de formaci\u00f3n y entrenamiento en los \u00e1mbitos educativo, social y empresarial.<\/p>\n\n\n\n<p><\/p>\n\n\n\n<h2 class=\"wp-block-heading\">Tipos de Experiencias<\/h2>\n\n\n\n<p>Existen cuatro tipos de experiencias en funci\u00f3n de los objetivos que se pretendan en relaci\u00f3n al aprendizaje:<\/p>\n\n\n\n<ol class=\"wp-block-list\">\n<li><strong>Recreacionales:<\/strong> Dise\u00f1adas para promover un cambio en la manera de sentir (Buscan entretener, reenergizar, relajar, re-crear, socializar, divertir, etc.).<\/li>\n\n\n\n<li><strong>Educativas: <\/strong>Dise\u00f1adas para promover un cambio en la manera de sentir y pensar (Pretender fomentar la expansi\u00f3n de la conciencia, el desarrollo de nuevos conocimientos y habilidades, y la integraci\u00f3n de nuevas formas de observar los viejos conceptos ya adquiridos).<\/li>\n\n\n\n<li><strong>Transformacionales: <\/strong>Dise\u00f1adas para promover un cambio en la manera de sentir, pensar y<br>comportarse (Pretender estimular la aparici\u00f3n de comportamientos funcionales positivos y mejorar las relaciones inter e intrapersonales).<\/li>\n\n\n\n<li><strong>Redirecci\u00f3nales: <\/strong>Dise\u00f1adas para promover un cambio en la manera de sentir, pensar, comportarse y<br>resistirse (A partir de intentar disminuir el comportamiento disfuncional, generar mayor conciencia<br>respecto de los mecanismos defensivos inconscientes, etc.).<\/li>\n<\/ol>\n\n\n\n<p><\/p>\n\n\n\n<p><\/p>\n\n\n\n<h2 class=\"wp-block-heading\">Objetivos<\/h2>\n\n\n\n<p><br><strong>Generales<br><\/strong>Lograr que el estudiante identifique al Aprendizaje Experiencial como una metodolog\u00eda novedosa posible<br>de aplicar en las acciones cotidianas de su desempe\u00f1o profesional, donde el nuevo conocimiento es la<br>resultante del an\u00e1lisis minucioso del desempe\u00f1o del participante en cada una de las vivencias objeto de<br>estudio.<br>El estudiante de sexto semestre estar\u00e1 en la capacidad de estructurar y desarrollar las competencias<br>espec\u00edficas como facilitador experiencial en el dise\u00f1o y gesti\u00f3n de experiencias memorables con diferentes<br>grupos de inter\u00e9s, teniendo como referente el enfoque y los objetivos del programa Ciencias del Deporte y<br>la Recreaci\u00f3n.<br><\/p>\n\n\n\n<p><strong>Espec\u00edficos<br><\/strong>El estudiante de sexto semestre estar\u00e1 en la capacidad de:<br>\u2714 Conocer qu\u00e9 es el aprendizaje experiencial y sus elementos constitutivos.<br>\u2714 Identificar las competencias profesionales de un facilitador experiencial.<br>\u2714 Aprender diferentes tipos de retos, desaf\u00edos y t\u00e9cnicas din\u00e1micas de grupo desde el aprendizaje<br>experiencial y su clasificaci\u00f3n.<br>\u2714 Desarrollar habilidades y dise\u00f1o de experiencias para la realizaci\u00f3n de programas, proyectos y<br>actividades experienciales, desde sus diferentes componentes.<\/p>\n","protected":false},"excerpt":{"rendered":"<p>El proceso de entrenamiento implica la creaci\u00f3n de conocimiento a trav\u00e9s de la experiencia, el procesamiento de informaci\u00f3n y la adquisici\u00f3n de conocimientos te\u00f3ricos, seguidos de la transferencia y aplicaci\u00f3n de ese conocimiento. La facilitaci\u00f3n experiencial est\u00e1 emergiendo como una profesi\u00f3n social y educativa dedicada a mejorar los procesos mediante los cuales cualquier grupo puede <a href=\"https:\/\/blog.utp.edu.co\/area-de-recreacion-cdr\/electiva-aprendizaje-experiencial\/\" rel=\"nofollow\"><span class=\"sr-only\">Leer m\u00e1sElectiva Aprendizaje Experiencial<\/span>[&hellip;]<\/a><\/p>\n","protected":false},"author":6472,"featured_media":0,"parent":0,"menu_order":0,"comment_status":"closed","ping_status":"closed","template":"","meta":{"footnotes":""},"class_list":["post-560","page","type-page","status-publish","hentry"],"_links":{"self":[{"href":"https:\/\/blog.utp.edu.co\/area-de-recreacion-cdr\/wp-json\/wp\/v2\/pages\/560","targetHints":{"allow":["GET"]}}],"collection":[{"href":"https:\/\/blog.utp.edu.co\/area-de-recreacion-cdr\/wp-json\/wp\/v2\/pages"}],"about":[{"href":"https:\/\/blog.utp.edu.co\/area-de-recreacion-cdr\/wp-json\/wp\/v2\/types\/page"}],"author":[{"embeddable":true,"href":"https:\/\/blog.utp.edu.co\/area-de-recreacion-cdr\/wp-json\/wp\/v2\/users\/6472"}],"replies":[{"embeddable":true,"href":"https:\/\/blog.utp.edu.co\/area-de-recreacion-cdr\/wp-json\/wp\/v2\/comments?post=560"}],"version-history":[{"count":6,"href":"https:\/\/blog.utp.edu.co\/area-de-recreacion-cdr\/wp-json\/wp\/v2\/pages\/560\/revisions"}],"predecessor-version":[{"id":1383,"href":"https:\/\/blog.utp.edu.co\/area-de-recreacion-cdr\/wp-json\/wp\/v2\/pages\/560\/revisions\/1383"}],"wp:attachment":[{"href":"https:\/\/blog.utp.edu.co\/area-de-recreacion-cdr\/wp-json\/wp\/v2\/media?parent=560"}],"curies":[{"name":"wp","href":"https:\/\/api.w.org\/{rel}","templated":true}]}}