{"id":238,"date":"2023-04-26T08:32:59","date_gmt":"2023-04-26T13:32:59","guid":{"rendered":"https:\/\/blog.utp.edu.co\/area-de-recreacion-cdr\/?page_id=238"},"modified":"2026-04-07T11:24:16","modified_gmt":"2026-04-07T16:24:16","slug":"taller-const-para-deporte-y-recreacion","status":"publish","type":"page","link":"https:\/\/blog.utp.edu.co\/area-de-recreacion-cdr\/taller-const-para-deporte-y-recreacion\/","title":{"rendered":"Taller de Construcci\u00f3n de Ayudas para el Deporte y la Recreaci\u00f3n"},"content":{"rendered":"\n<h2 class=\"wp-block-heading has-text-align-center\"><mark class=\"has-inline-color has-vivid-red-color\">Justificaci\u00f3n<\/mark><\/h2>\n\n\n\n<p class=\"has-text-align-center has-background\" style=\"background-color:#9b51e04a\">El programa Ciencias del Deporte y la Recreaci\u00f3n forma profesionales con visi\u00f3n integral del ser humano desde sus componentes biol\u00f3gico, psicol\u00f3gico y social, con conocimientos adecuados y suficientes en las diversas \u00e1reas de formaci\u00f3n, que les permitan adelantar programas y proyectos en deporte, recreaci\u00f3n y actividad f\u00edsica para el bienestar y el desarrollo humano a nivel individual, grupal y comunitario, con una actitud \u00e9tica e investigativa. Para lograr este objetivo e integralidad, no basta contar con conocimientos profundos en el Deporte y la Recreaci\u00f3n, se hace necesario que los profesionales en el \u00e1rea, fortalezcan las posibilidades de transferir, desde las pr\u00e1cticas, esos aprendizajes a la comunidad en la que intervienen. La asignatura Taller de elaboraci\u00f3n de ayudas para el deporte y la recreaci\u00f3n, surge como la posibilidad de explorar la comunicaci\u00f3n, la creatividad y la facilitaci\u00f3n de vivencias al interior del grupo y en la intervenci\u00f3n directa con diferentes grupos poblacionales.<\/p>\n\n\n\n<p><\/p>\n\n\n\n<h2 class=\"wp-block-heading has-text-align-center\"><mark class=\"has-inline-color has-vivid-red-color\">Objetivos General<\/mark><\/h2>\n\n\n\n<div class=\"wp-block-columns is-layout-flex wp-container-core-columns-is-layout-9d6595d7 wp-block-columns-is-layout-flex\">\n<div class=\"wp-block-column is-layout-flow wp-block-column-is-layout-flow\">\n<figure class=\"wp-block-image size-large is-resized\"><img loading=\"lazy\" decoding=\"async\" width=\"1024\" height=\"683\" src=\"https:\/\/blog.utp.edu.co\/area-de-recreacion-cdr\/files\/2023\/05\/DSC_0177-2-2-1024x683.jpg\" alt=\"\" class=\"wp-image-447\" style=\"width:394px;height:262px\" srcset=\"https:\/\/blog.utp.edu.co\/area-de-recreacion-cdr\/files\/2023\/05\/DSC_0177-2-2-1024x683.jpg 1024w, https:\/\/blog.utp.edu.co\/area-de-recreacion-cdr\/files\/2023\/05\/DSC_0177-2-2-300x200.jpg 300w, https:\/\/blog.utp.edu.co\/area-de-recreacion-cdr\/files\/2023\/05\/DSC_0177-2-2-768x512.jpg 768w, https:\/\/blog.utp.edu.co\/area-de-recreacion-cdr\/files\/2023\/05\/DSC_0177-2-2-1536x1024.jpg 1536w, https:\/\/blog.utp.edu.co\/area-de-recreacion-cdr\/files\/2023\/05\/DSC_0177-2-2-2048x1365.jpg 2048w, https:\/\/blog.utp.edu.co\/area-de-recreacion-cdr\/files\/2023\/05\/DSC_0177-2-2-750x500.jpg 750w\" sizes=\"auto, (max-width: 1024px) 100vw, 1024px\" \/><\/figure>\n<\/div>\n\n\n\n<div class=\"wp-block-column is-vertically-aligned-center is-layout-flow wp-block-column-is-layout-flow\">\n<p class=\"has-text-align-center\">Al finalizar la asignatura el estudiante estar\u00e1 en capacidad de reconocer y utilizar diversas ayudas t\u00e9cnicas y algunas tecnol\u00f3gicas que sirvan al mejoramiento de las competencias del quehacer profesional en los campos del deporte y la recreaci\u00f3n, en un espacio que permita la creatividad, la innovaci\u00f3n y la reflexi\u00f3n.<\/p>\n<\/div>\n<\/div>\n\n\n\n<p><\/p>\n\n\n\n<h2 class=\"wp-block-heading has-text-align-center\"><mark class=\"has-inline-color has-vivid-red-color\">Objetivos Espec\u00edficos<\/mark><\/h2>\n\n\n\n<p><strong>Al finalizar la asignatura el estudiante estar\u00e1 en capacidad de:<\/strong><\/p>\n\n\n\n<p><br>\uf0b7 Reconocer las competencias interpretativas, argumentativas y propositivas que ayuden a su formaci\u00f3n integral y a transferir su conocimiento a la pr\u00e1ctica.<br>\uf0b7 Identificar las posibilidades que ofrecen las diversas herramientas en el deporte y la recreaci\u00f3n.<br>\uf0b7 Practicar diferentes t\u00e9cnicas de intervenci\u00f3n en el deporte y la recreaci\u00f3n, vivenciando posibilidades y utilidades en cuanto a su aplicaci\u00f3n.<br>\uf0b7 Reconocer herramientas para el trabajo con personas con necesidades educativas especiales<br>\uf0b7 Utilizar de forma creativa, las ayudas did\u00e1cticas que sirvan para promover el deporte y la recreaci\u00f3n para la salud.<\/p>\n\n\n\n<p><\/p>\n\n\n\n<h2 class=\"wp-block-heading has-text-align-center\"><mark class=\"has-inline-color has-vivid-red-color\">Unidades Tem\u00e1ticas <\/mark><\/h2>\n\n\n\n<figure class=\"wp-block-image size-large\"><img loading=\"lazy\" decoding=\"async\" width=\"1024\" height=\"576\" src=\"https:\/\/blog.utp.edu.co\/area-de-recreacion-cdr\/files\/2023\/05\/COMPONENTES-MODALIDAD-2-5-1024x576.png\" alt=\"\" class=\"wp-image-530\" srcset=\"https:\/\/blog.utp.edu.co\/area-de-recreacion-cdr\/files\/2023\/05\/COMPONENTES-MODALIDAD-2-5-1024x576.png 1024w, https:\/\/blog.utp.edu.co\/area-de-recreacion-cdr\/files\/2023\/05\/COMPONENTES-MODALIDAD-2-5-300x169.png 300w, https:\/\/blog.utp.edu.co\/area-de-recreacion-cdr\/files\/2023\/05\/COMPONENTES-MODALIDAD-2-5-768x432.png 768w, https:\/\/blog.utp.edu.co\/area-de-recreacion-cdr\/files\/2023\/05\/COMPONENTES-MODALIDAD-2-5-1536x864.png 1536w, https:\/\/blog.utp.edu.co\/area-de-recreacion-cdr\/files\/2023\/05\/COMPONENTES-MODALIDAD-2-5.png 1920w\" sizes=\"auto, (max-width: 1024px) 100vw, 1024px\" \/><\/figure>\n\n\n\n<p><\/p>\n\n\n\n<h2 class=\"wp-block-heading\">\u00bfTe gustar\u00eda saber algunas de las actividades que los estudiantes aprenden en esta asignatura?<\/h2>\n\n\n\n<p>Este fichero es una herramienta muy importante y \u00fatil para que los estudiantes se desenvuelvan de la mejor manera en sus pr\u00e1cticas recreativas o deportivas en las diferentes comunidades.<\/p>\n\n\n\n<p><\/p>\n","protected":false},"excerpt":{"rendered":"<p>Justificaci\u00f3n El programa Ciencias del Deporte y la Recreaci\u00f3n forma profesionales con visi\u00f3n integral del ser humano desde sus componentes biol\u00f3gico, psicol\u00f3gico y social, con conocimientos adecuados y suficientes en las diversas \u00e1reas de formaci\u00f3n, que les permitan adelantar programas y proyectos en deporte, recreaci\u00f3n y actividad f\u00edsica para el bienestar y el desarrollo humano <a href=\"https:\/\/blog.utp.edu.co\/area-de-recreacion-cdr\/taller-const-para-deporte-y-recreacion\/\" rel=\"nofollow\"><span class=\"sr-only\">Leer m\u00e1sTaller de Construcci\u00f3n de Ayudas para el Deporte y la Recreaci\u00f3n<\/span>[&hellip;]<\/a><\/p>\n","protected":false},"author":6472,"featured_media":530,"parent":0,"menu_order":0,"comment_status":"closed","ping_status":"closed","template":"","meta":{"footnotes":""},"class_list":["post-238","page","type-page","status-publish","has-post-thumbnail","hentry"],"_links":{"self":[{"href":"https:\/\/blog.utp.edu.co\/area-de-recreacion-cdr\/wp-json\/wp\/v2\/pages\/238","targetHints":{"allow":["GET"]}}],"collection":[{"href":"https:\/\/blog.utp.edu.co\/area-de-recreacion-cdr\/wp-json\/wp\/v2\/pages"}],"about":[{"href":"https:\/\/blog.utp.edu.co\/area-de-recreacion-cdr\/wp-json\/wp\/v2\/types\/page"}],"author":[{"embeddable":true,"href":"https:\/\/blog.utp.edu.co\/area-de-recreacion-cdr\/wp-json\/wp\/v2\/users\/6472"}],"replies":[{"embeddable":true,"href":"https:\/\/blog.utp.edu.co\/area-de-recreacion-cdr\/wp-json\/wp\/v2\/comments?post=238"}],"version-history":[{"count":8,"href":"https:\/\/blog.utp.edu.co\/area-de-recreacion-cdr\/wp-json\/wp\/v2\/pages\/238\/revisions"}],"predecessor-version":[{"id":1378,"href":"https:\/\/blog.utp.edu.co\/area-de-recreacion-cdr\/wp-json\/wp\/v2\/pages\/238\/revisions\/1378"}],"wp:featuredmedia":[{"embeddable":true,"href":"https:\/\/blog.utp.edu.co\/area-de-recreacion-cdr\/wp-json\/wp\/v2\/media\/530"}],"wp:attachment":[{"href":"https:\/\/blog.utp.edu.co\/area-de-recreacion-cdr\/wp-json\/wp\/v2\/media?parent=238"}],"curies":[{"name":"wp","href":"https:\/\/api.w.org\/{rel}","templated":true}]}}