{"id":234,"date":"2023-04-26T08:30:36","date_gmt":"2023-04-26T13:30:36","guid":{"rendered":"https:\/\/blog.utp.edu.co\/area-de-recreacion-cdr\/?page_id=234"},"modified":"2026-04-07T11:22:22","modified_gmt":"2026-04-07T16:22:22","slug":"tecnicas-comunicacion-desarrollo-comunitario","status":"publish","type":"page","link":"https:\/\/blog.utp.edu.co\/area-de-recreacion-cdr\/tecnicas-comunicacion-desarrollo-comunitario\/","title":{"rendered":"T\u00e9cnicas de la Comunicaci\u00f3n y Desarrollo Comunitario"},"content":{"rendered":"\n<h2 class=\"wp-block-heading\">Justificaci\u00f3n<\/h2>\n\n\n\n<p>La justificaci\u00f3n se centra en el perfil del profesional en Ciencias del Deporte y la Recreaci\u00f3n, que busca formar individuos con una comprensi\u00f3n completa del ser humano en sus aspectos biol\u00f3gicos, psicol\u00f3gicos y sociales. Estos profesionales deben tener conocimientos en diversas \u00e1reas para llevar a cabo programas y proyectos en deporte, recreaci\u00f3n y actividad f\u00edsica, promoviendo el bienestar y el desarrollo humano a nivel personal, grupal y comunitario. Adem\u00e1s, se enfatiza en la importancia de una actitud \u00e9tica e investigativa.<\/p>\n\n\n\n<p>La comunicaci\u00f3n desempe\u00f1a un papel crucial en este perfil, ya que es un proceso activo e interactivo que involucra m\u00faltiples elementos y lenguajes. Por otro lado, se argumenta que el uso correcto del idioma es una obligaci\u00f3n para cualquier estudiante universitario, ya que la comunicaci\u00f3n es relevante en todas las disciplinas, no solo en las \u00e1reas de lenguas. Se destaca la importancia de dominar las t\u00e9cnicas que permiten un uso adecuado del lenguaje.<\/p>\n\n\n\n<p><\/p>\n\n\n\n<figure class=\"wp-block-image size-full is-resized\"><img loading=\"lazy\" decoding=\"async\" width=\"803\" height=\"594\" src=\"https:\/\/blog.utp.edu.co\/area-de-recreacion-cdr\/files\/2023\/09\/image.png\" alt=\"\" class=\"wp-image-544\" style=\"width:444px;height:329px\" srcset=\"https:\/\/blog.utp.edu.co\/area-de-recreacion-cdr\/files\/2023\/09\/image.png 803w, https:\/\/blog.utp.edu.co\/area-de-recreacion-cdr\/files\/2023\/09\/image-300x222.png 300w, https:\/\/blog.utp.edu.co\/area-de-recreacion-cdr\/files\/2023\/09\/image-768x568.png 768w\" sizes=\"auto, (max-width: 803px) 100vw, 803px\" \/><\/figure>\n\n\n\n<p><\/p>\n\n\n\n<div class=\"wp-block-columns is-layout-flex wp-container-core-columns-is-layout-9d6595d7 wp-block-columns-is-layout-flex\">\n<div class=\"wp-block-column is-layout-flow wp-block-column-is-layout-flow\" style=\"flex-basis:66.66%\">\n<p class=\"has-text-align-center has-light-green-cyan-background-color has-background\">Desarrollar en el estudiante de Ciencias del Deporte y Recreaci\u00f3n competencias comunicativas orales, escritas y audiovisuales, adem\u00e1s de reflexionar sobre el acto comunicativo para la construcci\u00f3n de escenarios creativos de di\u00e1logo que favorezcan el desarrollo del individuo en, con y para su entorno.&nbsp;&nbsp;&nbsp;&nbsp;&nbsp;&nbsp;&nbsp;&nbsp;&nbsp;&nbsp;&nbsp;<\/p>\n<\/div>\n\n\n\n<div class=\"wp-block-column is-vertically-aligned-center is-layout-flow wp-block-column-is-layout-flow\" style=\"flex-basis:33.33%\">\n<h2 class=\"wp-block-heading has-text-align-center\">Objetivo General<\/h2>\n<\/div>\n<\/div>\n\n\n\n<p><\/p>\n\n\n\n<div class=\"wp-block-columns has-cyan-bluish-gray-background-color has-background is-layout-flex wp-container-core-columns-is-layout-9d6595d7 wp-block-columns-is-layout-flex\">\n<div class=\"wp-block-column is-vertically-aligned-center is-layout-flow wp-block-column-is-layout-flow\" style=\"flex-basis:33.33%\">\n<h2 class=\"wp-block-heading has-text-align-center\">Objetivos Espec\u00edficos<\/h2>\n<\/div>\n\n\n\n<div class=\"wp-block-column is-layout-flow wp-block-column-is-layout-flow\" style=\"flex-basis:66.66%\">\n<p><\/p>\n\n\n\n<ul class=\"wp-block-list\">\n<li>Interpretar y argumentar los fundamentos te\u00f3ricos que sustentan los actos comunicativos orales y escritos, para la construcci\u00f3n del conocimiento y la interacci\u00f3n social.<\/li>\n\n\n\n<li>Comprender y aplicar estrategias discursivas para la producci\u00f3n y comprensi\u00f3n oral y escrita.<\/li>\n\n\n\n<li>Conseguir&nbsp; actuaciones cr\u00edticas, reflexivas y de transformaci\u00f3n de la pr\u00e1ctica del discurso oral y escrito, a partir de las situaciones explicitadas en los contenidos tem\u00e1ticos<\/li>\n\n\n\n<li>Construir con argumentos y buen uso de normas, discursos orales y escritos para los diversos grupos objetivos a los cuales deba dirigirse.<\/li>\n\n\n\n<li>Construir material audiovisual como fotos y videos mostrando el manejo de las t\u00e9cnicas aprendidas.<\/li>\n\n\n\n<li>Dominar las herramientas digitales actuales facilitando su vinculaci\u00f3n en los procesos acad\u00e9micos.<\/li>\n<\/ul>\n<\/div>\n<\/div>\n","protected":false},"excerpt":{"rendered":"<p>Justificaci\u00f3n La justificaci\u00f3n se centra en el perfil del profesional en Ciencias del Deporte y la Recreaci\u00f3n, que busca formar individuos con una comprensi\u00f3n completa del ser humano en sus aspectos biol\u00f3gicos, psicol\u00f3gicos y sociales. Estos profesionales deben tener conocimientos en diversas \u00e1reas para llevar a cabo programas y proyectos en deporte, recreaci\u00f3n y actividad <a href=\"https:\/\/blog.utp.edu.co\/area-de-recreacion-cdr\/tecnicas-comunicacion-desarrollo-comunitario\/\" rel=\"nofollow\"><span class=\"sr-only\">Leer m\u00e1sT\u00e9cnicas de la Comunicaci\u00f3n y Desarrollo Comunitario<\/span>[&hellip;]<\/a><\/p>\n","protected":false},"author":6472,"featured_media":391,"parent":0,"menu_order":0,"comment_status":"closed","ping_status":"closed","template":"","meta":{"footnotes":""},"class_list":["post-234","page","type-page","status-publish","has-post-thumbnail","hentry"],"_links":{"self":[{"href":"https:\/\/blog.utp.edu.co\/area-de-recreacion-cdr\/wp-json\/wp\/v2\/pages\/234","targetHints":{"allow":["GET"]}}],"collection":[{"href":"https:\/\/blog.utp.edu.co\/area-de-recreacion-cdr\/wp-json\/wp\/v2\/pages"}],"about":[{"href":"https:\/\/blog.utp.edu.co\/area-de-recreacion-cdr\/wp-json\/wp\/v2\/types\/page"}],"author":[{"embeddable":true,"href":"https:\/\/blog.utp.edu.co\/area-de-recreacion-cdr\/wp-json\/wp\/v2\/users\/6472"}],"replies":[{"embeddable":true,"href":"https:\/\/blog.utp.edu.co\/area-de-recreacion-cdr\/wp-json\/wp\/v2\/comments?post=234"}],"version-history":[{"count":10,"href":"https:\/\/blog.utp.edu.co\/area-de-recreacion-cdr\/wp-json\/wp\/v2\/pages\/234\/revisions"}],"predecessor-version":[{"id":1376,"href":"https:\/\/blog.utp.edu.co\/area-de-recreacion-cdr\/wp-json\/wp\/v2\/pages\/234\/revisions\/1376"}],"wp:featuredmedia":[{"embeddable":true,"href":"https:\/\/blog.utp.edu.co\/area-de-recreacion-cdr\/wp-json\/wp\/v2\/media\/391"}],"wp:attachment":[{"href":"https:\/\/blog.utp.edu.co\/area-de-recreacion-cdr\/wp-json\/wp\/v2\/media?parent=234"}],"curies":[{"name":"wp","href":"https:\/\/api.w.org\/{rel}","templated":true}]}}