{"id":232,"date":"2023-04-26T08:26:20","date_gmt":"2023-04-26T13:26:20","guid":{"rendered":"https:\/\/blog.utp.edu.co\/area-de-recreacion-cdr\/?page_id=232"},"modified":"2026-04-07T11:21:10","modified_gmt":"2026-04-07T16:21:10","slug":"participacion-comunitaria","status":"publish","type":"page","link":"https:\/\/blog.utp.edu.co\/area-de-recreacion-cdr\/participacion-comunitaria\/","title":{"rendered":"Participaci\u00f3n Comunitaria"},"content":{"rendered":"\n<h2 class=\"wp-block-heading\"><mark class=\"has-inline-color has-black-color\">Justificaci\u00f3n<\/mark><\/h2>\n\n\n\n<p>La asignatura <strong>Participaci\u00f3n Comunitaria<\/strong> la cual se inscribe en los principios fundamentales de la Constituci\u00f3n Pol\u00edtica de Colombia, constituyendo un hecho significativo para la construcci\u00f3n del estado social de derecho. A trav\u00e9s de la democracia participativa, expresada en los mecanismos de participaci\u00f3n ciudadana dispuestos, se propicia el reconocimiento de la diversidad \u00e9tnica, cultural y la soberan\u00eda popular del pa\u00eds.<\/p>\n\n\n\n<p><\/p>\n\n\n\n<p><\/p>\n\n\n\n<h2 class=\"wp-block-heading has-text-align-center\"><mark class=\"has-inline-color has-black-color\">Objetivo General<\/mark><\/h2>\n\n\n\n<div class=\"wp-block-columns is-layout-flex wp-container-core-columns-is-layout-9d6595d7 wp-block-columns-is-layout-flex\">\n<div class=\"wp-block-column is-vertically-aligned-center has-background is-layout-flow wp-block-column-is-layout-flow\" style=\"background-color:#7bdbb542\">\n<p class=\"has-text-align-center\">Desarrollar en el estudiante una visi\u00f3n profesional desde el deporte y la recreaci\u00f3n que implica, la participaci\u00f3n activa y reflexiva, frente a la esfera pol\u00edtica y social, que se traduzca en su compromiso de participar en el desarrollo de las comunidades apoyado\/a en los valores democr\u00e1ticos contenidos en la Constituci\u00f3n Pol\u00edtica y a trav\u00e9s de procesos de: diagn\u00f3stico social situacional, intervenciones comunitarias, promoci\u00f3n de la salud y prevenci\u00f3n de la enfermedad.<\/p>\n<\/div>\n\n\n\n<div class=\"wp-block-column is-vertically-aligned-center has-background is-layout-flow wp-block-column-is-layout-flow\" style=\"background-color:#7bdbb542\"><div class=\"wp-block-image\">\n<figure class=\"aligncenter size-full\"><img loading=\"lazy\" decoding=\"async\" width=\"650\" height=\"487\" src=\"https:\/\/blog.utp.edu.co\/area-de-recreacion-cdr\/files\/2023\/05\/image-4.png\" alt=\"\" class=\"wp-image-435\" srcset=\"https:\/\/blog.utp.edu.co\/area-de-recreacion-cdr\/files\/2023\/05\/image-4.png 650w, https:\/\/blog.utp.edu.co\/area-de-recreacion-cdr\/files\/2023\/05\/image-4-300x225.png 300w, https:\/\/blog.utp.edu.co\/area-de-recreacion-cdr\/files\/2023\/05\/image-4-285x214.png 285w\" sizes=\"auto, (max-width: 650px) 100vw, 650px\" \/><\/figure>\n<\/div><\/div>\n<\/div>\n\n\n\n<p><\/p>\n\n\n\n<h2 class=\"wp-block-heading has-text-align-center\"><mark class=\"has-inline-color has-black-color\">Objetivos Espec\u00edficos<\/mark><\/h2>\n\n\n\n<p><\/p>\n\n\n\n<ul class=\"wp-block-list\">\n<li>Identificar, analizar y aplicar, los conceptos, estrategias, metodolog\u00edas y t\u00e9cnicas de la participaci\u00f3n comunitaria que le permita utilizarlas en el ejercicio profesional.<\/li>\n<\/ul>\n\n\n\n<ul class=\"wp-block-list\">\n<li>Identificar, analizar y aplicar los mecanismos de participaci\u00f3n ciudadana que est\u00e1n estipulados en la Constituci\u00f3n Pol\u00edtica de Colombia y en la legislaci\u00f3n correspondiente.<\/li>\n<\/ul>\n\n\n\n<ul class=\"wp-block-list\">\n<li>Elaborar diagn\u00f3sticos sociales, para identificar y priorizar las necesidades de una comunidad.<\/li>\n<\/ul>\n\n\n\n<ul class=\"wp-block-list\">\n<li>Participar desde la observaci\u00f3n de experiencias de intervenci\u00f3n comunitaria que le permitan confrontar conocimientos y adquirir una experiencia b\u00e1sica en la dinamizaci\u00f3n de procesos de desarrollo comunitario, articulando estrategias propias del deporte, la recreaci\u00f3n y la actividad f\u00edsica.<\/li>\n<\/ul>\n\n\n\n<ul class=\"wp-block-list\">\n<li>Interactuar con las organizaciones de la comunidad (JAC, organizaciones y colectivos sociales, entes privados, l\u00edderes, etc) para establecer estrategias de desarrollo desde el Deporte, la Recreaci\u00f3n y la Actividad f\u00edsica.<\/li>\n<\/ul>\n\n\n\n<ul class=\"wp-block-list\">\n<li>Socializar los resultados del diagn\u00f3stico social, de interacci\u00f3n con la comunidad y de la experiencia vivenciada con los actores de la comunidad.<\/li>\n<\/ul>\n\n\n\n<ul class=\"wp-block-list\">\n<li>Identificar los valores y principios que orientan el estado colombiano, la estructura de los derechos constitucionales en Colombia, conocer las herramientas legales para lograr la efectividad de los derechos constitucionales.<\/li>\n<\/ul>\n\n\n\n<ul class=\"wp-block-list\">\n<li>Comprender la estructura de la democracia participativa en Colombia, los mecanismos de defensa de los derechos y de participaci\u00f3n ciudadana.<\/li>\n<\/ul>\n\n\n\n<ul class=\"wp-block-list\">\n<li>Conocer la normatividad vigente sobre el sistema de acci\u00f3n comunal en Colombia y veedur\u00edas ciudadanas.<\/li>\n<\/ul>\n\n\n\n<p><\/p>\n\n\n\n<h2 class=\"wp-block-heading\"><mark class=\"has-inline-color has-black-color\">Pr\u00e1ctica Comunitaria<\/mark><\/h2>\n\n\n\n<p><\/p>\n\n\n\n<ul class=\"wp-block-list\">\n<li>Interacci\u00f3n en la comunidad con el acompa\u00f1amiento del practicante profesionales y los l\u00edderes identificados en la comunidad.&nbsp;<\/li>\n\n\n\n<li>Dise\u00f1ar una idea de interacci\u00f3n y llevarla a cabo durante el semestre. Esta idea surgir\u00e1 luego de la realizaci\u00f3n del diagn\u00f3stico.<\/li>\n\n\n\n<li>Al final del semestre se deber\u00e1n&nbsp; presentar los resultados de la interacci\u00f3n en la comunidad elegida.<\/li>\n\n\n\n<li>La idea de interacci\u00f3n estar\u00e1 mediada por ambientes virtuales y por estrategias digitales que permitan cumplir el objetivo propuesto.<\/li>\n<\/ul>\n\n\n\n<hr class=\"wp-block-separator has-alpha-channel-opacity\" \/>\n\n\n\n<p><\/p>\n","protected":false},"excerpt":{"rendered":"<p>Justificaci\u00f3n La asignatura Participaci\u00f3n Comunitaria la cual se inscribe en los principios fundamentales de la Constituci\u00f3n Pol\u00edtica de Colombia, constituyendo un hecho significativo para la construcci\u00f3n del estado social de derecho. A trav\u00e9s de la democracia participativa, expresada en los mecanismos de participaci\u00f3n ciudadana dispuestos, se propicia el reconocimiento de la diversidad \u00e9tnica, cultural y <a href=\"https:\/\/blog.utp.edu.co\/area-de-recreacion-cdr\/participacion-comunitaria\/\" rel=\"nofollow\"><span class=\"sr-only\">Leer m\u00e1sParticipaci\u00f3n Comunitaria<\/span>[&hellip;]<\/a><\/p>\n","protected":false},"author":6472,"featured_media":388,"parent":0,"menu_order":0,"comment_status":"closed","ping_status":"closed","template":"template-fullwidth.php","meta":{"footnotes":""},"class_list":["post-232","page","type-page","status-publish","has-post-thumbnail","hentry"],"_links":{"self":[{"href":"https:\/\/blog.utp.edu.co\/area-de-recreacion-cdr\/wp-json\/wp\/v2\/pages\/232","targetHints":{"allow":["GET"]}}],"collection":[{"href":"https:\/\/blog.utp.edu.co\/area-de-recreacion-cdr\/wp-json\/wp\/v2\/pages"}],"about":[{"href":"https:\/\/blog.utp.edu.co\/area-de-recreacion-cdr\/wp-json\/wp\/v2\/types\/page"}],"author":[{"embeddable":true,"href":"https:\/\/blog.utp.edu.co\/area-de-recreacion-cdr\/wp-json\/wp\/v2\/users\/6472"}],"replies":[{"embeddable":true,"href":"https:\/\/blog.utp.edu.co\/area-de-recreacion-cdr\/wp-json\/wp\/v2\/comments?post=232"}],"version-history":[{"count":10,"href":"https:\/\/blog.utp.edu.co\/area-de-recreacion-cdr\/wp-json\/wp\/v2\/pages\/232\/revisions"}],"predecessor-version":[{"id":1375,"href":"https:\/\/blog.utp.edu.co\/area-de-recreacion-cdr\/wp-json\/wp\/v2\/pages\/232\/revisions\/1375"}],"wp:featuredmedia":[{"embeddable":true,"href":"https:\/\/blog.utp.edu.co\/area-de-recreacion-cdr\/wp-json\/wp\/v2\/media\/388"}],"wp:attachment":[{"href":"https:\/\/blog.utp.edu.co\/area-de-recreacion-cdr\/wp-json\/wp\/v2\/media?parent=232"}],"curies":[{"name":"wp","href":"https:\/\/api.w.org\/{rel}","templated":true}]}}