{"id":114,"date":"2023-04-24T09:17:38","date_gmt":"2023-04-24T14:17:38","guid":{"rendered":"https:\/\/blog.utp.edu.co\/area-de-recreacion-cdr\/?page_id=114"},"modified":"2026-03-24T15:08:23","modified_gmt":"2026-03-24T20:08:23","slug":"quienes-somos","status":"publish","type":"page","link":"https:\/\/blog.utp.edu.co\/area-de-recreacion-cdr\/quienes-somos\/","title":{"rendered":"\u00bfQui\u00e9nes Somos?"},"content":{"rendered":"\n<p><\/p>\n\n\n\n<div class=\"wp-block-columns is-layout-flex wp-container-core-columns-is-layout-9d6595d7 wp-block-columns-is-layout-flex\">\n<div class=\"wp-block-column is-layout-flow wp-block-column-is-layout-flow\">\n<figure class=\"wp-block-image size-large\"><img loading=\"lazy\" decoding=\"async\" width=\"724\" height=\"1024\" src=\"https:\/\/blog.utp.edu.co\/area-de-recreacion-cdr\/files\/2024\/05\/QUIENES-SOMOS-AREA-724x1024.png\" alt=\"\" class=\"wp-image-832\" srcset=\"https:\/\/blog.utp.edu.co\/area-de-recreacion-cdr\/files\/2024\/05\/QUIENES-SOMOS-AREA-724x1024.png 724w, https:\/\/blog.utp.edu.co\/area-de-recreacion-cdr\/files\/2024\/05\/QUIENES-SOMOS-AREA-212x300.png 212w, https:\/\/blog.utp.edu.co\/area-de-recreacion-cdr\/files\/2024\/05\/QUIENES-SOMOS-AREA-768x1086.png 768w, https:\/\/blog.utp.edu.co\/area-de-recreacion-cdr\/files\/2024\/05\/QUIENES-SOMOS-AREA-1086x1536.png 1086w, https:\/\/blog.utp.edu.co\/area-de-recreacion-cdr\/files\/2024\/05\/QUIENES-SOMOS-AREA-1448x2048.png 1448w, https:\/\/blog.utp.edu.co\/area-de-recreacion-cdr\/files\/2024\/05\/QUIENES-SOMOS-AREA.png 1587w\" sizes=\"auto, (max-width: 724px) 100vw, 724px\" \/><\/figure>\n<\/div>\n\n\n\n<div class=\"wp-block-column is-layout-flow wp-block-column-is-layout-flow\">\n<figure class=\"wp-block-image size-large\"><img loading=\"lazy\" decoding=\"async\" width=\"724\" height=\"1024\" src=\"https:\/\/blog.utp.edu.co\/area-de-recreacion-cdr\/files\/2024\/05\/QUIENES-SOMOS-AREA-1-724x1024.png\" alt=\"\" class=\"wp-image-833\" srcset=\"https:\/\/blog.utp.edu.co\/area-de-recreacion-cdr\/files\/2024\/05\/QUIENES-SOMOS-AREA-1-724x1024.png 724w, https:\/\/blog.utp.edu.co\/area-de-recreacion-cdr\/files\/2024\/05\/QUIENES-SOMOS-AREA-1-212x300.png 212w, https:\/\/blog.utp.edu.co\/area-de-recreacion-cdr\/files\/2024\/05\/QUIENES-SOMOS-AREA-1-768x1086.png 768w, https:\/\/blog.utp.edu.co\/area-de-recreacion-cdr\/files\/2024\/05\/QUIENES-SOMOS-AREA-1-1086x1536.png 1086w, https:\/\/blog.utp.edu.co\/area-de-recreacion-cdr\/files\/2024\/05\/QUIENES-SOMOS-AREA-1-1448x2048.png 1448w, https:\/\/blog.utp.edu.co\/area-de-recreacion-cdr\/files\/2024\/05\/QUIENES-SOMOS-AREA-1.png 1587w\" sizes=\"auto, (max-width: 724px) 100vw, 724px\" \/><\/figure>\n<\/div>\n<\/div>\n\n\n\n<p><\/p>\n\n\n\n<figure class=\"wp-block-gallery has-nested-images columns-default is-cropped wp-block-gallery-1 is-layout-flex wp-block-gallery-is-layout-flex\">\n<figure class=\"wp-block-image size-large\"><img loading=\"lazy\" decoding=\"async\" width=\"1024\" height=\"819\" data-id=\"149\" src=\"https:\/\/blog.utp.edu.co\/area-de-recreacion-cdr\/files\/2023\/04\/Diseno-sin-titulo-7-2-1024x819.png\" alt=\"\" class=\"wp-image-149\" srcset=\"https:\/\/blog.utp.edu.co\/area-de-recreacion-cdr\/files\/2023\/04\/Diseno-sin-titulo-7-2-1024x819.png 1024w, https:\/\/blog.utp.edu.co\/area-de-recreacion-cdr\/files\/2023\/04\/Diseno-sin-titulo-7-2-300x240.png 300w, https:\/\/blog.utp.edu.co\/area-de-recreacion-cdr\/files\/2023\/04\/Diseno-sin-titulo-7-2-768x614.png 768w, https:\/\/blog.utp.edu.co\/area-de-recreacion-cdr\/files\/2023\/04\/Diseno-sin-titulo-7-2-1536x1229.png 1536w, https:\/\/blog.utp.edu.co\/area-de-recreacion-cdr\/files\/2023\/04\/Diseno-sin-titulo-7-2.png 2000w\" sizes=\"auto, (max-width: 1024px) 100vw, 1024px\" \/><figcaption class=\"wp-element-caption\"><strong>SALIDA GUAYACANES 2023-1<\/strong><\/figcaption><\/figure>\n<\/figure>\n\n\n\n<p><\/p>\n\n\n\n<h2 class=\"wp-block-heading has-text-align-center\"><mark class=\"has-inline-color has-vivid-red-color\">El Impacto de la Recreaci\u00f3n<\/mark><\/h2>\n\n\n\n<div class=\"wp-block-columns is-layout-flex wp-container-core-columns-is-layout-9d6595d7 wp-block-columns-is-layout-flex\">\n<div class=\"wp-block-column is-vertically-aligned-center is-layout-flow wp-block-column-is-layout-flow\" style=\"flex-basis:25%\"><div class=\"wp-block-image\">\n<figure class=\"alignright size-large is-resized\"><img loading=\"lazy\" decoding=\"async\" width=\"1024\" height=\"1024\" src=\"https:\/\/blog.utp.edu.co\/area-de-recreacion-cdr\/files\/2023\/04\/Area-de-Recreacion-4-1024x1024.png\" alt=\"\" class=\"wp-image-157\" style=\"width:145px;height:auto\" srcset=\"https:\/\/blog.utp.edu.co\/area-de-recreacion-cdr\/files\/2023\/04\/Area-de-Recreacion-4-1024x1024.png 1024w, https:\/\/blog.utp.edu.co\/area-de-recreacion-cdr\/files\/2023\/04\/Area-de-Recreacion-4-300x300.png 300w, https:\/\/blog.utp.edu.co\/area-de-recreacion-cdr\/files\/2023\/04\/Area-de-Recreacion-4-150x150.png 150w, https:\/\/blog.utp.edu.co\/area-de-recreacion-cdr\/files\/2023\/04\/Area-de-Recreacion-4-768x768.png 768w, https:\/\/blog.utp.edu.co\/area-de-recreacion-cdr\/files\/2023\/04\/Area-de-Recreacion-4-250x250.png 250w, https:\/\/blog.utp.edu.co\/area-de-recreacion-cdr\/files\/2023\/04\/Area-de-Recreacion-4-174x174.png 174w, https:\/\/blog.utp.edu.co\/area-de-recreacion-cdr\/files\/2023\/04\/Area-de-Recreacion-4.png 1080w\" sizes=\"auto, (max-width: 1024px) 100vw, 1024px\" \/><\/figure>\n<\/div><\/div>\n\n\n\n<div class=\"wp-block-column is-layout-flow wp-block-column-is-layout-flow\" style=\"flex-basis:50%\">\n<p><\/p>\n\n\n\n<p class=\"has-text-align-center\">Entendemos la Recreaci\u00f3n como una actitud permanente de la vida, en busca de la felicidad del ser humano, basada en concepciones humanistas, de salud, educaci\u00f3n y procesos orientados a la transformaci\u00f3n del ambiente en lo natural, sociocultural y econ\u00f3mico, fomentando la participaci\u00f3n y la organizaci\u00f3n de una cultura ciudadana.<\/p>\n<\/div>\n\n\n\n<div class=\"wp-block-column is-vertically-aligned-center is-layout-flow wp-block-column-is-layout-flow\" style=\"flex-basis:25%\"><div class=\"wp-block-image\">\n<figure class=\"alignleft size-large is-resized\"><img loading=\"lazy\" decoding=\"async\" width=\"1024\" height=\"1024\" src=\"https:\/\/blog.utp.edu.co\/area-de-recreacion-cdr\/files\/2023\/04\/Area-de-Recreacion-4-1024x1024.png\" alt=\"\" class=\"wp-image-157\" style=\"width:145px;height:auto\" srcset=\"https:\/\/blog.utp.edu.co\/area-de-recreacion-cdr\/files\/2023\/04\/Area-de-Recreacion-4-1024x1024.png 1024w, https:\/\/blog.utp.edu.co\/area-de-recreacion-cdr\/files\/2023\/04\/Area-de-Recreacion-4-300x300.png 300w, https:\/\/blog.utp.edu.co\/area-de-recreacion-cdr\/files\/2023\/04\/Area-de-Recreacion-4-150x150.png 150w, https:\/\/blog.utp.edu.co\/area-de-recreacion-cdr\/files\/2023\/04\/Area-de-Recreacion-4-768x768.png 768w, https:\/\/blog.utp.edu.co\/area-de-recreacion-cdr\/files\/2023\/04\/Area-de-Recreacion-4-250x250.png 250w, https:\/\/blog.utp.edu.co\/area-de-recreacion-cdr\/files\/2023\/04\/Area-de-Recreacion-4-174x174.png 174w, https:\/\/blog.utp.edu.co\/area-de-recreacion-cdr\/files\/2023\/04\/Area-de-Recreacion-4.png 1080w\" sizes=\"auto, (max-width: 1024px) 100vw, 1024px\" \/><\/figure>\n<\/div><\/div>\n<\/div>\n\n\n\n<p><\/p>\n\n\n\n<p><strong>En la actualidad nos desempe\u00f1amos en 4 l\u00edneas de trabajo<\/strong>:<\/p>\n\n\n\n<figure class=\"wp-block-gallery aligncenter has-nested-images columns-default is-cropped wp-block-gallery-2 is-layout-flex wp-block-gallery-is-layout-flex\"><div class=\"wp-block-image\">\n<figure class=\"aligncenter size-large\"><img loading=\"lazy\" decoding=\"async\" width=\"879\" height=\"1024\" data-id=\"1218\" src=\"https:\/\/blog.utp.edu.co\/area-de-recreacion-cdr\/files\/2025\/03\/4-Lineas-879x1024.png\" alt=\"\" class=\"wp-image-1218\" srcset=\"https:\/\/blog.utp.edu.co\/area-de-recreacion-cdr\/files\/2025\/03\/4-Lineas-879x1024.png 879w, https:\/\/blog.utp.edu.co\/area-de-recreacion-cdr\/files\/2025\/03\/4-Lineas-258x300.png 258w, https:\/\/blog.utp.edu.co\/area-de-recreacion-cdr\/files\/2025\/03\/4-Lineas-768x895.png 768w, https:\/\/blog.utp.edu.co\/area-de-recreacion-cdr\/files\/2025\/03\/4-Lineas-1318x1536.png 1318w, https:\/\/blog.utp.edu.co\/area-de-recreacion-cdr\/files\/2025\/03\/4-Lineas.png 1600w\" sizes=\"auto, (max-width: 879px) 100vw, 879px\" \/><\/figure>\n<\/div><\/figure>\n\n\n\n<p><\/p>\n\n\n\n<p><strong>El \u00e1rea de recreaci\u00f3n en busca de los objetivos institucionales ofrece servicios propios de su desempe\u00f1o:<\/strong><\/p>\n\n\n<div class=\"wp-block-image\">\n<figure class=\"aligncenter size-full is-resized\"><img loading=\"lazy\" decoding=\"async\" width=\"894\" height=\"230\" src=\"https:\/\/blog.utp.edu.co\/area-de-recreacion-cdr\/files\/2025\/03\/Servicio-1.png\" alt=\"\" class=\"wp-image-1229\" style=\"aspect-ratio:4.352331606217617;width:840px;height:auto\" srcset=\"https:\/\/blog.utp.edu.co\/area-de-recreacion-cdr\/files\/2025\/03\/Servicio-1.png 894w, https:\/\/blog.utp.edu.co\/area-de-recreacion-cdr\/files\/2025\/03\/Servicio-1-300x77.png 300w, https:\/\/blog.utp.edu.co\/area-de-recreacion-cdr\/files\/2025\/03\/Servicio-1-768x198.png 768w\" sizes=\"auto, (max-width: 894px) 100vw, 894px\" \/><\/figure>\n<\/div>\n\n\n<p><\/p>\n\n\n\n<p><strong>A trav\u00e9s del tiempo, el \u00e1rea de recreaci\u00f3n ha participado en diversos proyectos, tales como:<\/strong><\/p>\n\n\n\n<ul class=\"wp-block-list\">\n<li>Campamento <\/li>\n\n\n\n<li>Ludotecas<\/li>\n\n\n\n<li>Laboratorios de Recreaci\u00f3n para los sectores del poblado<\/li>\n\n\n\n<li>Extensi\u00f3n Social y Solidaria<\/li>\n\n\n\n<li>Semillero de Investigaci\u00f3n en Recreaci\u00f3n y Desarrollo Humano<\/li>\n\n\n\n<li>Formaci\u00f3n y Capacitaci\u00f3n<\/li>\n\n\n\n<li>Recreaci\u00f3n y Animaci\u00f3n Sociocultural<\/li>\n\n\n\n<li>Escuela de Liderazgo<\/li>\n\n\n\n<li>Pol\u00edtica P\u00fablica<\/li>\n\n\n\n<li>Inclusi\u00f3n, Diversidad y Discapacidad<\/li>\n\n\n\n<li>Extensi\u00f3n<\/li>\n\n\n\n<li>Proyecto de Apoyo a Mega Evento del D\u00eda del Ni\u00f1o<\/li>\n\n\n\n<li>Intercambios Acad\u00e9micos Institucionales<\/li>\n\n\n\n<li>Pr\u00e1cticas de Recreaci\u00f3n Espec\u00edfica<\/li>\n\n\n\n<li>Bienestar Docente<\/li>\n\n\n\n<li>Exporecreaci\u00f3n<\/li>\n<\/ul>\n\n\n\n<figure class=\"wp-block-gallery has-nested-images columns-default is-cropped wp-block-gallery-3 is-layout-flex wp-block-gallery-is-layout-flex\">\n<figure class=\"wp-block-image size-large is-style-rounded\"><img loading=\"lazy\" decoding=\"async\" width=\"1024\" height=\"819\" data-id=\"168\" src=\"https:\/\/blog.utp.edu.co\/area-de-recreacion-cdr\/files\/2023\/04\/Diseno-sin-titulo-13-1024x819.png\" alt=\"\" class=\"wp-image-168\" srcset=\"https:\/\/blog.utp.edu.co\/area-de-recreacion-cdr\/files\/2023\/04\/Diseno-sin-titulo-13-1024x819.png 1024w, https:\/\/blog.utp.edu.co\/area-de-recreacion-cdr\/files\/2023\/04\/Diseno-sin-titulo-13-300x240.png 300w, https:\/\/blog.utp.edu.co\/area-de-recreacion-cdr\/files\/2023\/04\/Diseno-sin-titulo-13-768x614.png 768w, https:\/\/blog.utp.edu.co\/area-de-recreacion-cdr\/files\/2023\/04\/Diseno-sin-titulo-13-1536x1229.png 1536w, https:\/\/blog.utp.edu.co\/area-de-recreacion-cdr\/files\/2023\/04\/Diseno-sin-titulo-13.png 2000w\" sizes=\"auto, (max-width: 1024px) 100vw, 1024px\" \/><\/figure>\n\n\n\n<figure class=\"wp-block-image size-large is-style-rounded\"><img loading=\"lazy\" decoding=\"async\" width=\"1024\" height=\"819\" data-id=\"169\" src=\"https:\/\/blog.utp.edu.co\/area-de-recreacion-cdr\/files\/2023\/04\/Diseno-sin-titulo-12-1024x819.png\" alt=\"\" class=\"wp-image-169\" srcset=\"https:\/\/blog.utp.edu.co\/area-de-recreacion-cdr\/files\/2023\/04\/Diseno-sin-titulo-12-1024x819.png 1024w, https:\/\/blog.utp.edu.co\/area-de-recreacion-cdr\/files\/2023\/04\/Diseno-sin-titulo-12-300x240.png 300w, https:\/\/blog.utp.edu.co\/area-de-recreacion-cdr\/files\/2023\/04\/Diseno-sin-titulo-12-768x614.png 768w, https:\/\/blog.utp.edu.co\/area-de-recreacion-cdr\/files\/2023\/04\/Diseno-sin-titulo-12-1536x1229.png 1536w, https:\/\/blog.utp.edu.co\/area-de-recreacion-cdr\/files\/2023\/04\/Diseno-sin-titulo-12.png 2000w\" sizes=\"auto, (max-width: 1024px) 100vw, 1024px\" \/><\/figure>\n\n\n\n<figure class=\"wp-block-image size-large is-style-rounded\"><img loading=\"lazy\" decoding=\"async\" width=\"1024\" height=\"819\" data-id=\"170\" src=\"https:\/\/blog.utp.edu.co\/area-de-recreacion-cdr\/files\/2023\/04\/Diseno-sin-titulo-11-1024x819.png\" alt=\"\" class=\"wp-image-170\" srcset=\"https:\/\/blog.utp.edu.co\/area-de-recreacion-cdr\/files\/2023\/04\/Diseno-sin-titulo-11-1024x819.png 1024w, https:\/\/blog.utp.edu.co\/area-de-recreacion-cdr\/files\/2023\/04\/Diseno-sin-titulo-11-300x240.png 300w, https:\/\/blog.utp.edu.co\/area-de-recreacion-cdr\/files\/2023\/04\/Diseno-sin-titulo-11-768x614.png 768w, https:\/\/blog.utp.edu.co\/area-de-recreacion-cdr\/files\/2023\/04\/Diseno-sin-titulo-11-1536x1229.png 1536w, https:\/\/blog.utp.edu.co\/area-de-recreacion-cdr\/files\/2023\/04\/Diseno-sin-titulo-11.png 2000w\" sizes=\"auto, (max-width: 1024px) 100vw, 1024px\" \/><\/figure>\n<\/figure>\n\n\n\n<p><\/p>\n\n\n\n<h2 class=\"wp-block-heading\">\u00bfCONOCES LOS PROYECTOS DE EXTENSI\u00d3N E INVESTIGACI\u00d3N?<\/h2>\n\n\n\n<div class=\"wp-block-columns is-layout-flex wp-container-core-columns-is-layout-9d6595d7 wp-block-columns-is-layout-flex\">\n<div class=\"wp-block-column is-layout-flow wp-block-column-is-layout-flow\">\n<figure class=\"wp-block-image size-large\"><img loading=\"lazy\" decoding=\"async\" width=\"724\" height=\"1024\" src=\"https:\/\/blog.utp.edu.co\/area-de-recreacion-cdr\/files\/2024\/05\/QUIENES-SOMOS-AREA-1-1-724x1024.png\" alt=\"\" class=\"wp-image-840\" srcset=\"https:\/\/blog.utp.edu.co\/area-de-recreacion-cdr\/files\/2024\/05\/QUIENES-SOMOS-AREA-1-1-724x1024.png 724w, https:\/\/blog.utp.edu.co\/area-de-recreacion-cdr\/files\/2024\/05\/QUIENES-SOMOS-AREA-1-1-212x300.png 212w, https:\/\/blog.utp.edu.co\/area-de-recreacion-cdr\/files\/2024\/05\/QUIENES-SOMOS-AREA-1-1-768x1086.png 768w, https:\/\/blog.utp.edu.co\/area-de-recreacion-cdr\/files\/2024\/05\/QUIENES-SOMOS-AREA-1-1-1086x1536.png 1086w, https:\/\/blog.utp.edu.co\/area-de-recreacion-cdr\/files\/2024\/05\/QUIENES-SOMOS-AREA-1-1-1448x2048.png 1448w, https:\/\/blog.utp.edu.co\/area-de-recreacion-cdr\/files\/2024\/05\/QUIENES-SOMOS-AREA-1-1.png 1587w\" sizes=\"auto, (max-width: 724px) 100vw, 724px\" \/><\/figure>\n<\/div>\n\n\n\n<div class=\"wp-block-column is-layout-flow wp-block-column-is-layout-flow\">\n<figure class=\"wp-block-image size-large\"><img loading=\"lazy\" decoding=\"async\" width=\"724\" height=\"1024\" src=\"https:\/\/blog.utp.edu.co\/area-de-recreacion-cdr\/files\/2024\/05\/QUIENES-SOMOS-AREA-4-724x1024.png\" alt=\"\" class=\"wp-image-841\" srcset=\"https:\/\/blog.utp.edu.co\/area-de-recreacion-cdr\/files\/2024\/05\/QUIENES-SOMOS-AREA-4-724x1024.png 724w, https:\/\/blog.utp.edu.co\/area-de-recreacion-cdr\/files\/2024\/05\/QUIENES-SOMOS-AREA-4-212x300.png 212w, https:\/\/blog.utp.edu.co\/area-de-recreacion-cdr\/files\/2024\/05\/QUIENES-SOMOS-AREA-4-768x1086.png 768w, https:\/\/blog.utp.edu.co\/area-de-recreacion-cdr\/files\/2024\/05\/QUIENES-SOMOS-AREA-4-1086x1536.png 1086w, https:\/\/blog.utp.edu.co\/area-de-recreacion-cdr\/files\/2024\/05\/QUIENES-SOMOS-AREA-4-1448x2048.png 1448w, https:\/\/blog.utp.edu.co\/area-de-recreacion-cdr\/files\/2024\/05\/QUIENES-SOMOS-AREA-4.png 1587w\" sizes=\"auto, (max-width: 724px) 100vw, 724px\" \/><\/figure>\n<\/div>\n<\/div>\n\n\n\n<p><\/p>\n\n\n\n<h2 class=\"wp-block-heading has-text-align-center\">CON\u00d3CENOS UN POCO M\u00c1S<\/h2>\n\n\n<div class=\"wp-block-image\">\n<figure class=\"aligncenter size-large\"><img loading=\"lazy\" decoding=\"async\" width=\"724\" height=\"1024\" src=\"https:\/\/blog.utp.edu.co\/area-de-recreacion-cdr\/files\/2024\/05\/QUIENES-SOMOS-AREA-2-724x1024.png\" alt=\"\" class=\"wp-image-839\" srcset=\"https:\/\/blog.utp.edu.co\/area-de-recreacion-cdr\/files\/2024\/05\/QUIENES-SOMOS-AREA-2-724x1024.png 724w, https:\/\/blog.utp.edu.co\/area-de-recreacion-cdr\/files\/2024\/05\/QUIENES-SOMOS-AREA-2-212x300.png 212w, https:\/\/blog.utp.edu.co\/area-de-recreacion-cdr\/files\/2024\/05\/QUIENES-SOMOS-AREA-2-768x1086.png 768w, https:\/\/blog.utp.edu.co\/area-de-recreacion-cdr\/files\/2024\/05\/QUIENES-SOMOS-AREA-2-1086x1536.png 1086w, https:\/\/blog.utp.edu.co\/area-de-recreacion-cdr\/files\/2024\/05\/QUIENES-SOMOS-AREA-2-1448x2048.png 1448w, https:\/\/blog.utp.edu.co\/area-de-recreacion-cdr\/files\/2024\/05\/QUIENES-SOMOS-AREA-2.png 1587w\" sizes=\"auto, (max-width: 724px) 100vw, 724px\" \/><\/figure>\n<\/div>","protected":false},"excerpt":{"rendered":"<p>El Impacto de la Recreaci\u00f3n Entendemos la Recreaci\u00f3n como una actitud permanente de la vida, en busca de la felicidad del ser humano, basada en concepciones humanistas, de salud, educaci\u00f3n y procesos orientados a la transformaci\u00f3n del ambiente en lo natural, sociocultural y econ\u00f3mico, fomentando la participaci\u00f3n y la organizaci\u00f3n de una cultura ciudadana. En <a href=\"https:\/\/blog.utp.edu.co\/area-de-recreacion-cdr\/quienes-somos\/\" rel=\"nofollow\"><span class=\"sr-only\">Leer m\u00e1s\u00bfQui\u00e9nes Somos?<\/span>[&hellip;]<\/a><\/p>\n","protected":false},"author":6472,"featured_media":147,"parent":0,"menu_order":0,"comment_status":"closed","ping_status":"closed","template":"","meta":{"footnotes":""},"class_list":["post-114","page","type-page","status-publish","has-post-thumbnail","hentry"],"_links":{"self":[{"href":"https:\/\/blog.utp.edu.co\/area-de-recreacion-cdr\/wp-json\/wp\/v2\/pages\/114","targetHints":{"allow":["GET"]}}],"collection":[{"href":"https:\/\/blog.utp.edu.co\/area-de-recreacion-cdr\/wp-json\/wp\/v2\/pages"}],"about":[{"href":"https:\/\/blog.utp.edu.co\/area-de-recreacion-cdr\/wp-json\/wp\/v2\/types\/page"}],"author":[{"embeddable":true,"href":"https:\/\/blog.utp.edu.co\/area-de-recreacion-cdr\/wp-json\/wp\/v2\/users\/6472"}],"replies":[{"embeddable":true,"href":"https:\/\/blog.utp.edu.co\/area-de-recreacion-cdr\/wp-json\/wp\/v2\/comments?post=114"}],"version-history":[{"count":29,"href":"https:\/\/blog.utp.edu.co\/area-de-recreacion-cdr\/wp-json\/wp\/v2\/pages\/114\/revisions"}],"predecessor-version":[{"id":1334,"href":"https:\/\/blog.utp.edu.co\/area-de-recreacion-cdr\/wp-json\/wp\/v2\/pages\/114\/revisions\/1334"}],"wp:featuredmedia":[{"embeddable":true,"href":"https:\/\/blog.utp.edu.co\/area-de-recreacion-cdr\/wp-json\/wp\/v2\/media\/147"}],"wp:attachment":[{"href":"https:\/\/blog.utp.edu.co\/area-de-recreacion-cdr\/wp-json\/wp\/v2\/media?parent=114"}],"curies":[{"name":"wp","href":"https:\/\/api.w.org\/{rel}","templated":true}]}}